{"id":5382,"date":"2017-04-27T18:57:22","date_gmt":"2017-04-27T17:57:22","guid":{"rendered":"http:\/\/lesmarret.marret.co\/?page_id=5382"},"modified":"2018-01-29T19:23:50","modified_gmt":"2018-01-29T18:23:50","slug":"des-lieux-de-famille","status":"publish","type":"page","link":"https:\/\/lesmarret.marret.co\/index.php\/des-lieux-de-famille\/","title":{"rendered":"Des lieux de famille&#8230;"},"content":{"rendered":"<p><span style=\"color: #4f6228;\"><a href=\"https:\/\/lesmarret.marret.co\/wp-content\/uploads\/2017\/04\/Fourqueux-Maison-Marret-portail_wp.jpg\"><img loading=\"lazy\" decoding=\"async\" width=\"148\" height=\"139\" class=\"wp-image-5347 alignright\" alt=\"\" src=\"https:\/\/lesmarret.marret.co\/wp-content\/uploads\/2017\/04\/Fourqueux-Maison-Marret-portail_wp.jpg\" data-wp-pid=\"5347\" srcset=\"https:\/\/lesmarret.marret.co\/wp-content\/uploads\/2017\/04\/Fourqueux-Maison-Marret-portail_wp.jpg 886w, https:\/\/lesmarret.marret.co\/wp-content\/uploads\/2017\/04\/Fourqueux-Maison-Marret-portail_wp-300x282.jpg 300w, https:\/\/lesmarret.marret.co\/wp-content\/uploads\/2017\/04\/Fourqueux-Maison-Marret-portail_wp-768x722.jpg 768w, https:\/\/lesmarret.marret.co\/wp-content\/uploads\/2017\/04\/Fourqueux-Maison-Marret-portail_wp-800x752.jpg 800w, https:\/\/lesmarret.marret.co\/wp-content\/uploads\/2017\/04\/Fourqueux-Maison-Marret-portail_wp-600x564.jpg 600w\" sizes=\"auto, (max-width: 148px) 100vw, 148px\" \/><\/a>Apr\u00e8s avoir quitt\u00e9 son Auvergne natal, Pierre Marret, \u00ab&nbsp;l\u2019anc\u00eatre de Tourzel&nbsp;\u00bb, s\u2019est install\u00e9 \u00e0 Paris. En 1807, il a fait l\u2019acquisition d\u2019une \u00ab&nbsp;maison de notable&nbsp;\u00bb \u00e0 Fourqueux devenant, semble-t-il, le premier propri\u00e9taire de la famille.<\/span><\/p>\n<p><span style=\"color: #4f6228;\">Nombre de ses descendants ont d\u00e9tenu des domaines ou des ch\u00e2teaux dans diverses r\u00e9gions de France et, dans plusieurs cas,<\/span><span style=\"color: #4f6228;\">&nbsp; <\/span><span style=\"color: #4f6228;\">l\u2019on en retrouve trace sur Internet. <\/span><\/p>\n<p><span style=\"color: #4f6228;\">La liste pr\u00e9sent\u00e9e ci-apr\u00e8s a \u00e9t\u00e9 \u00e9tablie \u00e0 partir des donn\u00e9es fournies par plusieurs membres de la famille Marret; elle est certainement incompl\u00e8te et nous invitons le lecteur \u00e0 <a href=\"https:\/\/lesmarret.marret.co\/index.php\/contact-edimestre\/\" target=\"_blank\" rel=\"noopener\">communiquer ave<span style=\"font-size: 12pt;\">c <span style=\"text-align: left; color: #444444; text-transform: none; line-height: 18px; text-indent: 0px; letter-spacing: normal; font-family: Georgia,'Bitstream Charter',serif; font-style: normal; font-variant: normal; font-weight: 400; text-decoration: none; word-spacing: 0px; display: inline !important; white-space: normal; cursor: text; orphans: 2; float: none; -webkit-text-stroke-width: 0px; background-color: transparent;\">l&rsquo;\u00e9d<\/span>im<\/span>estre<\/a> responsable de ce site pour lui fournir les informations, les documents ou les photos permettant d\u2019enrichir cet inventaire.<\/span><\/p>\n<table width=\"753\">\n<tbody>\n<tr>\n<td width=\"352\"><em>Municipalit\u00e9, lieu et p\u00e9riode d\u2019occupation<\/em><\/td>\n<td width=\"402\"><em>Propri\u00e9taire ou occupant<\/em><\/td>\n<td width=\"0\">&nbsp;<\/td>\n<\/tr>\n<tr>\n<td width=\"352\">Anet (28)<br \/>\n<em>Le Logis du Bourg-Chevreul<\/em><\/td>\n<td width=\"402\">Marcelle Marret (1900-1983),<br \/>\n\u00e9p. L\u00e9on A. Touchard (1895-1959)<\/td>\n<td width=\"0\">&nbsp;<\/td>\n<\/tr>\n<tr>\n<td width=\"352\">Beaulieu-sur-Loire (45)<br \/>\n<a href=\"https:\/\/lesmarret.marret.co\/index.php\/des-lieux-de-famille\/beaulieu-sur-loire-maison-marret\/\"><em>Maison Marret<\/em><\/a><\/td>\n<td width=\"402\">Maurice Marret (1902-1959)<br \/>\n&nbsp;et Anne-Marie Vermot (1902-1994)<\/td>\n<td width=\"0\">&nbsp;<\/td>\n<\/tr>\n<tr>\n<td width=\"352\">Dugny (93)<\/td>\n<td width=\"402\">Charles Marret (1807-1846)<\/td>\n<td width=\"0\">&nbsp;<\/td>\n<\/tr>\n<tr>\n<td width=\"352\" rowspan=\"2\">Eaubonne (95)<br \/>\n<a href=\"https:\/\/lesmarret.marret.co\/index.php\/des-lieux-de-famille\/eaubonne-val-joli\/\"><em>Ch\u00e2teau du Val-Joli <\/em><\/a>(18xx-1932)<\/td>\n<td width=\"402\">Charles Marret (1864-1932)<br \/>\net Marguerite Mautin (1872-1948)<\/td>\n<td width=\"0\">&nbsp;<\/td>\n<\/tr>\n<tr>\n<td width=\"402\">Pierre Marret (1895-1965)<br \/>\net Germaine P\u00e9reire (1898-1984)<\/td>\n<td width=\"0\">&nbsp;<\/td>\n<\/tr>\n<tr>\n<td width=\"352\">Eaubonne (95)<br \/>\n<a href=\"https:\/\/lesmarret.marret.co\/index.php\/des-lieux-de-famille\/eaubonne-hotel-de-mezieres\/\"><em>H\u00f4tel de M\u00e9zi\u00e8res<\/em><\/a> (1913-1913)<\/td>\n<td width=\"402\">Charles Marret (1864-1932)<\/td>\n<td width=\"0\">&nbsp;<\/td>\n<\/tr>\n<tr>\n<td width=\"352\" rowspan=\"2\">Eaubonne (95)<br \/>\n<em>La Vall\u00e9e<\/em><\/td>\n<td width=\"402\" rowspan=\"2\">L\u00e9on A. Touchard (1895-1959)<br \/>\net Marcelle Marret (1900-1983)<\/td>\n<td width=\"0\">&nbsp;<\/td>\n<\/tr>\n<tr>\n<td width=\"0\">&nbsp;<\/td>\n<\/tr>\n<tr>\n<td width=\"352\">Esvres (37)<br \/>\n<a href=\"https:\/\/lesmarret.marret.co\/index.php\/des-lieux-de-famille\/esvres-la-villaine\/\"><em>La Villaine<\/em><\/a> (1969-2004)<\/td>\n<td width=\"402\">Jean Marret (1904-1992)<br \/>\net Suzanne Gravereaux (1909-2005)<\/td>\n<td width=\"0\">&nbsp;<\/td>\n<\/tr>\n<tr>\n<td width=\"352\" rowspan=\"3\">Faverelles (45)<br \/>\n<a href=\"https:\/\/lesmarret.marret.co\/index.php\/des-lieux-de-famille\/__trashed\/\"><em>Ch\u00e2teau du Puits<\/em><\/a> (1910-1983)<\/td>\n<td width=\"402\">Henri Marret (1887-1946)<br \/>\net Marie d\u2019Astorg (1880-1968)<\/td>\n<td width=\"0\">&nbsp;<\/td>\n<\/tr>\n<tr>\n<td width=\"402\">Xavier Marret (1906-1980)<br \/>\net Denise Cartier-Bresson (1910-1994)<\/td>\n<td width=\"0\">&nbsp;<\/td>\n<\/tr>\n<tr>\n<td width=\"402\">Bernard Marret (1911-1992)<br \/>\net Jeanne Pagani (1912-2010)<\/td>\n<td width=\"0\">&nbsp;<\/td>\n<\/tr>\n<tr>\n<td width=\"352\">Faverelles (45)<br \/>\n<a href=\"https:\/\/lesmarret.marret.co\/index.php\/des-lieux-de-famille\/faverelles-la-coudre\/\"><em>La Coudre<\/em><\/a> (1993-&nbsp;)<\/td>\n<td width=\"402\">Dominique Marret (1945-&nbsp;)<br \/>\net B\u00e9n\u00e9dicte Chenille (1951-)<\/td>\n<td width=\"0\">&nbsp;<\/td>\n<\/tr>\n<tr>\n<td width=\"352\" rowspan=\"2\">Fourches (21)<br \/>\n<em>Ch\u00e2teau de Saint-L\u00e9ger<\/em><em>&nbsp;<\/em><\/td>\n<td width=\"402\">Joseph Marret (1874-1942)<br \/>\net H\u00e9l\u00e8ne Saglio (1878-1949)<\/td>\n<td width=\"0\">&nbsp;<\/td>\n<\/tr>\n<tr>\n<td width=\"402\">Germaine P\u00e9reire (1898-1984),<br \/>\n\u00e9p. Pierre Marret (1895-1965)<\/td>\n<td width=\"0\">&nbsp;<\/td>\n<\/tr>\n<tr>\n<td width=\"352\" rowspan=\"3\">Fourqueux (78)<br \/>\n<a href=\"https:\/\/lesmarret.marret.co\/index.php\/des-lieux-de-famille\/fourqueux\/fourqueux-la-maison-de-notable\/\"><em>Maison de notable<\/em><\/a>&nbsp;(1807-19xx)<\/td>\n<td width=\"402\">Pierre Marret (1765-1857)<\/td>\n<td width=\"0\">&nbsp;<\/td>\n<\/tr>\n<tr>\n<td width=\"402\">Justin Marret (1803-1844)<\/td>\n<td width=\"0\">&nbsp;<\/td>\n<\/tr>\n<tr>\n<td width=\"402\">Henri Marret (1878-1964)<br \/>\net Madeleine Larcher (1882-1974)<\/td>\n<td width=\"0\">&nbsp;<\/td>\n<\/tr>\n<tr>\n<td width=\"352\">Fourqueux (78)<br \/>\n<a href=\"https:\/\/lesmarret.marret.co\/index.php\/des-lieux-de-famille\/fourqueux\/fourqueux-la-villa-collin\/\"><em>Villa Collin<\/em><\/a> (1891)<\/td>\n<td width=\"402\">Charles Marret (1861-1958)<\/td>\n<td width=\"0\">&nbsp;<\/td>\n<\/tr>\n<tr>\n<td width=\"352\" rowspan=\"2\">Le Chalard ou Ladignac (87)<br \/>\n<a href=\"https:\/\/lesmarret.marret.co\/index.php\/__trashed-4\/\">Bessous et <em>Masvieux<\/em><\/a><\/td>\n<td width=\"402\">Hippolyte Marret (1804-1883)<\/td>\n<td width=\"0\">&nbsp;<\/td>\n<\/tr>\n<tr>\n<td width=\"402\">Ernest Marret (1835-1911)<br \/>\net Ang\u00e9lique Broquet (1840-1904)<\/td>\n<td width=\"0\">&nbsp;<\/td>\n<\/tr>\n<tr>\n<td width=\"352\">Le Broc (ou Issoire) (63)<br \/>\n<em>Domaine de Parpasset<\/em><\/td>\n<td width=\"402\">Joseph Homberg (1882-1952)<br \/>\net Madeleine Marret (1994-1958)<\/td>\n<td width=\"0\">&nbsp;<\/td>\n<\/tr>\n<tr>\n<td width=\"352\">No\u00e9, par Theil-sur-Vanne (89)<br \/>\n<em>Le Manoir, Clos de No\u00e9<\/em><\/td>\n<td width=\"402\">Jean Marret (1897-1975)<br \/>\net Marie-Madeleine Le Gouz de Saint-Seine (1901-1966)<\/td>\n<td width=\"0\">&nbsp;<\/td>\n<\/tr>\n<tr>\n<td width=\"352\">Palaiseau \/ Villebon (91)<br \/>\n<em><a href=\"https:\/\/lesmarret.marret.co\/index.php\/des-lieux-de-famille\/villebon-les-casseaux\/\">Les Casseaux<\/a> (1920-)<\/em><\/td>\n<td width=\"402\">Maurice Marret (1873-1944)<\/td>\n<td width=\"0\">&nbsp;<\/td>\n<\/tr>\n<tr>\n<td width=\"352\" rowspan=\"2\">Saint-Gen\u00e8s-Champanelle (63)<br \/>\n<a href=\"https:\/\/lesmarret.marret.co\/index.php\/des-lieux-de-famille\/saint-genes-champanelle-theix\/\"><em>Ch\u00e2teau de Theix<\/em><\/a><\/td>\n<td width=\"402\">Charles Marret (1864-1932)<br \/>\net Marguerite Mautin (1872-1948)<\/td>\n<td width=\"0\">&nbsp;<\/td>\n<\/tr>\n<tr>\n<td width=\"402\">Pierre Marret (1895-1965)<br \/>\net Germaine P\u00e9reire (1898-1984)<\/td>\n<td width=\"0\">&nbsp;<\/td>\n<\/tr>\n<tr>\n<td width=\"352\">Saint-Gen\u00e8s-Champanelle (63)<br \/>\n<em>Ch\u00e2teau de Theix &#8211; Les Assis<\/em><\/td>\n<td width=\"402\">Alice Marret (1901-1983)<\/td>\n<td width=\"0\">&nbsp;<\/td>\n<\/tr>\n<tr>\n<td width=\"352\" rowspan=\"7\">Saint-Germain-Lembron (63)<br \/>\n<a href=\"https:\/\/lesmarret.marret.co\/index.php\/des-lieux-de-famille\/saint-germain-lembron-buffevent\/\"><em>Buffevent<\/em><\/a> (av. 1897 -)<\/td>\n<td width=\"402\">Alfred Marret (1836-1876)<\/td>\n<td width=\"0\">&nbsp;<\/td>\n<\/tr>\n<tr>\n<td width=\"402\">Charles Marret (1864-1932)<br \/>\net Marguerite Mautin (1872-1948)<\/td>\n<td width=\"0\">&nbsp;<\/td>\n<\/tr>\n<tr>\n<td width=\"402\">Henri Marret (1887-1946)<br \/>\net Alice Mautin (1873-1900)<\/td>\n<td width=\"0\">&nbsp;<\/td>\n<\/tr>\n<tr>\n<td width=\"402\">Henri Marret (1887-1946)<br \/>\net Marie d\u2019Astorg (1880-1968)<\/td>\n<td width=\"0\">&nbsp;<\/td>\n<\/tr>\n<tr>\n<td width=\"402\">Joseph Marret (1874-1942)<\/td>\n<td width=\"0\">&nbsp;<\/td>\n<\/tr>\n<tr>\n<td width=\"402\">Xavier Lauras (1864-1947)<br \/>\net Marie Marret (1872-1939)<\/td>\n<td width=\"0\">&nbsp;<\/td>\n<\/tr>\n<tr>\n<td width=\"402\">Pierre Marret (1895-1965)<\/td>\n<td width=\"0\">&nbsp;<\/td>\n<\/tr>\n<tr>\n<td width=\"352\">S\u00e9venans (90)<br \/>\n<a href=\"https:\/\/lesmarret.marret.co\/index.php\/sevenans-chateau-saglio\/\"><em>Ch\u00e2teau<\/em><\/a><\/td>\n<td width=\"402\">Joseph Marret (1874-1942)<br \/>\net H\u00e9l\u00e8ne Saglio (1878-1949)<\/td>\n<td width=\"0\">&nbsp;<\/td>\n<\/tr>\n<tr>\n<td width=\"352\" rowspan=\"2\">Toussaint (76)<br \/>\n<a href=\"https:\/\/lesmarret.marret.co\/index.php\/des-lieux-de-famille\/la-cote-toussaint-manoir-de-la-marniere\/\"><em>La C\u00f4te<\/em> ou <em>Manoir de la Marni\u00e8re<\/em><\/a> (1890-19xx)<\/td>\n<td width=\"402\">Paul Marret (1863-1935)<br \/>\net Marie Aubinet (1869-1937)<\/td>\n<td width=\"0\">&nbsp;<\/td>\n<\/tr>\n<tr>\n<td width=\"402\">Michel Marret (1913-1939)<br \/>\net Louise N\u00e9el (1914-2007)<\/td>\n<td width=\"0\">&nbsp;<\/td>\n<\/tr>\n<\/tbody>\n<\/table>\n<p>&nbsp;<\/p>\n","protected":false},"excerpt":{"rendered":"<p>Apr\u00e8s avoir quitt\u00e9 son Auvergne natal, Pierre Marret, \u00ab&nbsp;l\u2019anc\u00eatre de Tourzel&nbsp;\u00bb, s\u2019est install\u00e9 \u00e0 Paris. En 1807, il a fait l\u2019acquisition d\u2019une \u00ab&nbsp;maison de notable&nbsp;\u00bb \u00e0 Fourqueux devenant, semble-t-il, le premier propri\u00e9taire de la famille. Nombre de ses descendants ont &hellip; <a href=\"https:\/\/lesmarret.marret.co\/index.php\/des-lieux-de-famille\/\">Continuer la lecture <span class=\"meta-nav\">&rarr;<\/span><\/a><\/p>\n","protected":false},"author":1,"featured_media":0,"parent":0,"menu_order":0,"comment_status":"closed","ping_status":"closed","template":"","meta":{"_monsterinsights_skip_tracking":false,"_monsterinsights_sitenote_active":false,"_monsterinsights_sitenote_note":"","_monsterinsights_sitenote_category":0,"ngg_post_thumbnail":0,"footnotes":""},"class_list":["post-5382","page","type-page","status-publish","hentry"],"aioseo_notices":[],"_links":{"self":[{"href":"https:\/\/lesmarret.marret.co\/index.php\/wp-json\/wp\/v2\/pages\/5382","targetHints":{"allow":["GET"]}}],"collection":[{"href":"https:\/\/lesmarret.marret.co\/index.php\/wp-json\/wp\/v2\/pages"}],"about":[{"href":"https:\/\/lesmarret.marret.co\/index.php\/wp-json\/wp\/v2\/types\/page"}],"author":[{"embeddable":true,"href":"https:\/\/lesmarret.marret.co\/index.php\/wp-json\/wp\/v2\/users\/1"}],"replies":[{"embeddable":true,"href":"https:\/\/lesmarret.marret.co\/index.php\/wp-json\/wp\/v2\/comments?post=5382"}],"version-history":[{"count":1,"href":"https:\/\/lesmarret.marret.co\/index.php\/wp-json\/wp\/v2\/pages\/5382\/revisions"}],"predecessor-version":[{"id":7512,"href":"https:\/\/lesmarret.marret.co\/index.php\/wp-json\/wp\/v2\/pages\/5382\/revisions\/7512"}],"wp:attachment":[{"href":"https:\/\/lesmarret.marret.co\/index.php\/wp-json\/wp\/v2\/media?parent=5382"}],"curies":[{"name":"wp","href":"https:\/\/api.w.org\/{rel}","templated":true}]}}