{"id":5402,"date":"2017-04-28T17:01:54","date_gmt":"2017-04-28T16:01:54","guid":{"rendered":"http:\/\/lesmarret.marret.co\/?page_id=5402"},"modified":"2017-05-15T03:51:56","modified_gmt":"2017-05-15T02:51:56","slug":"pierre-marret-lancetre","status":"publish","type":"page","link":"https:\/\/lesmarret.marret.co\/index.php\/pierre-marret-lancetre\/","title":{"rendered":"Pierre Marret, \u00ab l\u2019anc\u00eatre \u00bb"},"content":{"rendered":"<p>Fils de Pierre Marret et Jeanne Passion, Pierre Marret voit le jour le 17 novembre 1765, \u00e0 Tourzel-Ronzi\u00e8res, dans le Puy-de-D\u00f4me.<\/p>\n<p>Selon les registres paroissiaux, il aurait eu dix fr\u00e8res et s\u0153urs&nbsp;: <span style=\"margin: 0px; color: windowtext; font-family: 'Georgia','serif';\">Pierre (1756), Jean (1759), Fran\u00e7ois (1761), Marie (1763), Jean (1768), Marie (1770), Antoine (1772), Pierre (1774), Antoinette (1776) et Ostremoine (1778).<\/span><\/p>\n<p>Adulte, il quitte son village natal et part s&rsquo;installer \u00e0 Paris \u00e0 l&rsquo;\u00e9poque de la R\u00e9volution;&nbsp; peut-\u00eatre&nbsp;pour retrouver son fr\u00e8re Jean qui exerce la profession d\u2019imprimeur, comme l\u2019indique une carte de s\u00fbret\u00e9 \u00e9tablie en 1793 au nom de ce dernier.<\/p>\n<p style=\"padding-left: 90px;\"><span style=\"font-family: verdana,geneva,sans-serif; font-size: 10pt;\"><em><span style=\"font-family: tahoma,arial,helvetica,sans-serif;\"> Les cartes de s\u00fbret\u00e9, instaur\u00e9es sous la Terreur, \u00e9taient avant l&rsquo;heure des cartes d&rsquo;identit\u00e9 permettant aux habitants de Paris (homme de plus de 15 ans) de c<a href=\"https:\/\/lesmarret.marret.co\/wp-content\/uploads\/2017\/04\/Carte-de-suret\u00e9-Reproduction-2_wp.jpg\"><img loading=\"lazy\" decoding=\"async\" width=\"200\" height=\"190\" class=\"wp-image-5400 alignleft\" alt=\"\" src=\"https:\/\/lesmarret.marret.co\/wp-content\/uploads\/2017\/04\/Carte-de-suret\u00e9-Reproduction-2_wp.jpg\" data-wp-pid=\"5400\" srcset=\"https:\/\/lesmarret.marret.co\/wp-content\/uploads\/2017\/04\/Carte-de-suret\u00e9-Reproduction-2_wp.jpg 591w, https:\/\/lesmarret.marret.co\/wp-content\/uploads\/2017\/04\/Carte-de-suret\u00e9-Reproduction-2_wp-300x285.jpg 300w\" sizes=\"auto, (max-width: 200px) 100vw, 200px\" \/><\/a>irculer librement. Chaque citoyen devait se pr\u00e9senter accompagn\u00e9 de deux t\u00e9moins \u00e0 son Comit\u00e9 de surveillance (ou d&rsquo;arrondissement apr\u00e8s 1794).<\/span> <\/em><\/span><\/p>\n<p style=\"padding-left: 90px;\"><span style=\"font-family: tahoma,arial,helvetica,sans-serif; font-size: 10pt;\"><em>C<a href=\"https:\/\/lesmarret.marret.co\/wp-content\/uploads\/2017\/04\/Carte-de-suret\u00e9-Reproduction-1_wp.jpg\"><img loading=\"lazy\" decoding=\"async\" width=\"200\" height=\"189\" class=\"wp-image-5399 alignright\" alt=\"\" src=\"https:\/\/lesmarret.marret.co\/wp-content\/uploads\/2017\/04\/Carte-de-suret\u00e9-Reproduction-1_wp.jpg\" data-wp-pid=\"5399\" srcset=\"https:\/\/lesmarret.marret.co\/wp-content\/uploads\/2017\/04\/Carte-de-suret\u00e9-Reproduction-1_wp.jpg 591w, https:\/\/lesmarret.marret.co\/wp-content\/uploads\/2017\/04\/Carte-de-suret\u00e9-Reproduction-1_wp-300x284.jpg 300w\" sizes=\"auto, (max-width: 200px) 100vw, 200px\" \/><\/a>elui-ci, apr\u00e8s enqu\u00eate, \u00e9tablissait le document en y mentionnant l&rsquo;\u00e2ge, la profession, l&rsquo;adresse et le lieu dont est originaire le citoyen.<\/em><\/span><\/p>\n<p style=\"text-align: right;\"><span style=\"font-family: tahoma,arial,helvetica,sans-serif; font-size: 8pt;\"><em>Exemple de carte de s\u00fbret\u00e9<br \/>\nSource : Biblioth\u00e8que G\u00e9n\u00e9alogique et d&rsquo;Histoire Sociale de France<\/em><\/span><\/p>\n<p>Sans que l\u2019on sache exactement comment il s\u2019y est introduit, Pierre Marret fait carri\u00e8re dans le milieu de la bijouterie, de la joaillerie et de l\u2019orf\u00e8vrerie&nbsp;; ses quatre fils ont \u0153uvr\u00e9 apr\u00e8s lui dans le m\u00eame domaine et ils s\u2019y sont fait une r\u00e9putation enviable.<\/p>\n<p><a href=\"https:\/\/lesmarret.marret.co\/wp-content\/uploads\/2017\/04\/Paris-Mont-de-Pi\u00e9t\u00e9-1_wp.jpg\"><img loading=\"lazy\" decoding=\"async\" width=\"200\" height=\"283\" class=\"wp-image-5401 alignright\" alt=\"\" src=\"https:\/\/lesmarret.marret.co\/wp-content\/uploads\/2017\/04\/Paris-Mont-de-Pi\u00e9t\u00e9-1_wp.jpg\" data-wp-pid=\"5401\" srcset=\"https:\/\/lesmarret.marret.co\/wp-content\/uploads\/2017\/04\/Paris-Mont-de-Pi\u00e9t\u00e9-1_wp.jpg 627w, https:\/\/lesmarret.marret.co\/wp-content\/uploads\/2017\/04\/Paris-Mont-de-Pi\u00e9t\u00e9-1_wp-212x300.jpg 212w, https:\/\/lesmarret.marret.co\/wp-content\/uploads\/2017\/04\/Paris-Mont-de-Pi\u00e9t\u00e9-1_wp-425x600.jpg 425w\" sizes=\"auto, (max-width: 200px) 100vw, 200px\" \/><\/a>En 1822, Pierre Marret est nomm\u00e9 par le gouvernement fran\u00e7ais <em>Commissionnaire au Mont-de-Pi\u00e9t\u00e9<\/em> et il y si\u00e8ge jusqu\u2019en 1842.<\/p>\n<p>Demeurant avant son mariage avec Marie-Jeanne Cottard sur la Butte-des-Moulins, il continue ensuite \u00e0 r\u00e9sider dans le m\u00eame quartier et les annuaires de l\u2019\u00e9poque mentionnent sa pr\u00e9sence au Palais-Royal (Galerie Vivienne n\u00b0&nbsp;231) de 1822 \u00e0 1831, puis rue de Richelieu (passage Hulot), de 1832 \u00e0 1842.<\/p>\n<p><a href=\"https:\/\/lesmarret.marret.co\/wp-content\/uploads\/2017\/04\/Fourqueux-M\u00e9rim\u00e9e-Maison-de-notable-p12a_wp.jpg\"><img loading=\"lazy\" decoding=\"async\" width=\"251\" height=\"201\" class=\"wp-image-5317 alignleft\" alt=\"\" src=\"https:\/\/lesmarret.marret.co\/wp-content\/uploads\/2017\/04\/Fourqueux-M\u00e9rim\u00e9e-Maison-de-notable-p12a_wp-1024x817.jpg\" data-wp-pid=\"5317\" srcset=\"https:\/\/lesmarret.marret.co\/wp-content\/uploads\/2017\/04\/Fourqueux-M\u00e9rim\u00e9e-Maison-de-notable-p12a_wp-1024x817.jpg 1024w, https:\/\/lesmarret.marret.co\/wp-content\/uploads\/2017\/04\/Fourqueux-M\u00e9rim\u00e9e-Maison-de-notable-p12a_wp-300x239.jpg 300w, https:\/\/lesmarret.marret.co\/wp-content\/uploads\/2017\/04\/Fourqueux-M\u00e9rim\u00e9e-Maison-de-notable-p12a_wp-768x613.jpg 768w, https:\/\/lesmarret.marret.co\/wp-content\/uploads\/2017\/04\/Fourqueux-M\u00e9rim\u00e9e-Maison-de-notable-p12a_wp-800x638.jpg 800w, https:\/\/lesmarret.marret.co\/wp-content\/uploads\/2017\/04\/Fourqueux-M\u00e9rim\u00e9e-Maison-de-notable-p12a_wp-600x479.jpg 600w, https:\/\/lesmarret.marret.co\/wp-content\/uploads\/2017\/04\/Fourqueux-M\u00e9rim\u00e9e-Maison-de-notable-p12a_wp.jpg 1181w\" sizes=\"auto, (max-width: 251px) 100vw, 251px\" \/><\/a><\/p>\n<p>&nbsp;<\/p>\n<p>En 1801, il acquiert une propri\u00e9t\u00e9 \u00e0 Fourqueux (Seine-et-Oise) o\u00f9 il passe d\u2019ailleurs la fin de sa vie. D\u00e9c\u00e9d\u00e9 le 20 d\u00e9cembre 1857, il est enterr\u00e9 \u00e0 Paris, au cimeti\u00e8re du P\u00e8re-Lachaise, deux jours plus tard.<\/p>\n","protected":false},"excerpt":{"rendered":"<p>Fils de Pierre Marret et Jeanne Passion, Pierre Marret voit le jour le 17 novembre 1765, \u00e0 Tourzel-Ronzi\u00e8res, dans le Puy-de-D\u00f4me. Selon les registres paroissiaux, il aurait eu dix fr\u00e8res et s\u0153urs&nbsp;: Pierre (1756), Jean (1759), Fran\u00e7ois (1761), Marie (1763), &hellip; <a href=\"https:\/\/lesmarret.marret.co\/index.php\/pierre-marret-lancetre\/\">Continuer la lecture <span class=\"meta-nav\">&rarr;<\/span><\/a><\/p>\n","protected":false},"author":1,"featured_media":0,"parent":0,"menu_order":0,"comment_status":"closed","ping_status":"closed","template":"","meta":{"_monsterinsights_skip_tracking":false,"_monsterinsights_sitenote_active":false,"_monsterinsights_sitenote_note":"","_monsterinsights_sitenote_category":0,"ngg_post_thumbnail":0,"footnotes":""},"class_list":["post-5402","page","type-page","status-publish","hentry"],"aioseo_notices":[],"_links":{"self":[{"href":"https:\/\/lesmarret.marret.co\/index.php\/wp-json\/wp\/v2\/pages\/5402","targetHints":{"allow":["GET"]}}],"collection":[{"href":"https:\/\/lesmarret.marret.co\/index.php\/wp-json\/wp\/v2\/pages"}],"about":[{"href":"https:\/\/lesmarret.marret.co\/index.php\/wp-json\/wp\/v2\/types\/page"}],"author":[{"embeddable":true,"href":"https:\/\/lesmarret.marret.co\/index.php\/wp-json\/wp\/v2\/users\/1"}],"replies":[{"embeddable":true,"href":"https:\/\/lesmarret.marret.co\/index.php\/wp-json\/wp\/v2\/comments?post=5402"}],"version-history":[{"count":0,"href":"https:\/\/lesmarret.marret.co\/index.php\/wp-json\/wp\/v2\/pages\/5402\/revisions"}],"wp:attachment":[{"href":"https:\/\/lesmarret.marret.co\/index.php\/wp-json\/wp\/v2\/media?parent=5402"}],"curies":[{"name":"wp","href":"https:\/\/api.w.org\/{rel}","templated":true}]}}

Pierre Marret, « l’ancêtre »

<p>Fils de Pierre Marret et Jeanne Passion, Pierre Marret voit le jour le 17 novembre 1765, à Tourzel-Ronzières, dans le Puy-de-Dôme.</p>
<p>Selon les registres paroissiaux, il aurait eu dix frères et sœurs&nbsp;: <span style="margin: 0px; color: windowtext; font-family: 'Georgia','serif';">Pierre (1756), Jean (1759), François (1761), Marie (1763), Jean (1768), Marie (1770), Antoine (1772), Pierre (1774), Antoinette (1776) et Ostremoine (1778).</span></p>
<p>Adulte, il quitte son village natal et part s&rsquo;installer à Paris à l&rsquo;époque de la Révolution;&nbsp; peut-être&nbsp;pour retrouver son frère Jean qui exerce la profession d’imprimeur, comme l’indique une carte de sûreté établie en 1793 au nom de ce dernier.</p>
<p style="padding-left: 90px;"><span style="font-family: verdana,geneva,sans-serif; font-size: 10pt;"><em><span style="font-family: tahoma,arial,helvetica,sans-serif;"> Les cartes de sûreté, instaurées sous la Terreur, étaient avant l&rsquo;heure des cartes d&rsquo;identité permettant aux habitants de Paris (homme de plus de 15 ans) de c<a href="https://lesmarret.marret.co/wp-content/uploads/2017/04/Carte-de-sureté-Reproduction-2_wp.jpg"><img loading="lazy" decoding="async" width="200" height="190" class="wp-image-5400 alignleft" alt="" src="https://lesmarret.marret.co/wp-content/uploads/2017/04/Carte-de-sureté-Reproduction-2_wp.jpg" data-wp-pid="5400" srcset="https://lesmarret.marret.co/wp-content/uploads/2017/04/Carte-de-sureté-Reproduction-2_wp.jpg 591w, https://lesmarret.marret.co/wp-content/uploads/2017/04/Carte-de-sureté-Reproduction-2_wp-300x285.jpg 300w" sizes="auto, (max-width: 200px) 100vw, 200px" /></a>irculer librement. Chaque citoyen devait se présenter accompagné de deux témoins à son Comité de surveillance (ou d&rsquo;arrondissement après 1794).</span> </em></span></p>
<p style="padding-left: 90px;"><span style="font-family: tahoma,arial,helvetica,sans-serif; font-size: 10pt;"><em>C<a href="https://lesmarret.marret.co/wp-content/uploads/2017/04/Carte-de-sureté-Reproduction-1_wp.jpg"><img loading="lazy" decoding="async" width="200" height="189" class="wp-image-5399 alignright" alt="" src="https://lesmarret.marret.co/wp-content/uploads/2017/04/Carte-de-sureté-Reproduction-1_wp.jpg" data-wp-pid="5399" srcset="https://lesmarret.marret.co/wp-content/uploads/2017/04/Carte-de-sureté-Reproduction-1_wp.jpg 591w, https://lesmarret.marret.co/wp-content/uploads/2017/04/Carte-de-sureté-Reproduction-1_wp-300x284.jpg 300w" sizes="auto, (max-width: 200px) 100vw, 200px" /></a>elui-ci, après enquête, établissait le document en y mentionnant l&rsquo;âge, la profession, l&rsquo;adresse et le lieu dont est originaire le citoyen.</em></span></p>
<p style="text-align: right;"><span style="font-family: tahoma,arial,helvetica,sans-serif; font-size: 8pt;"><em>Exemple de carte de sûreté<br />
Source : Bibliothèque Généalogique et d&rsquo;Histoire Sociale de France</em></span></p>
<p>Sans que l’on sache exactement comment il s’y est introduit, Pierre Marret fait carrière dans le milieu de la bijouterie, de la joaillerie et de l’orfèvrerie&nbsp;; ses quatre fils ont œuvré après lui dans le même domaine et ils s’y sont fait une réputation enviable.</p>
<p><a href="https://lesmarret.marret.co/wp-content/uploads/2017/04/Paris-Mont-de-Piété-1_wp.jpg"><img loading="lazy" decoding="async" width="200" height="283" class="wp-image-5401 alignright" alt="" src="https://lesmarret.marret.co/wp-content/uploads/2017/04/Paris-Mont-de-Piété-1_wp.jpg" data-wp-pid="5401" srcset="https://lesmarret.marret.co/wp-content/uploads/2017/04/Paris-Mont-de-Piété-1_wp.jpg 627w, https://lesmarret.marret.co/wp-content/uploads/2017/04/Paris-Mont-de-Piété-1_wp-212x300.jpg 212w, https://lesmarret.marret.co/wp-content/uploads/2017/04/Paris-Mont-de-Piété-1_wp-425x600.jpg 425w" sizes="auto, (max-width: 200px) 100vw, 200px" /></a>En 1822, Pierre Marret est nommé par le gouvernement français <em>Commissionnaire au Mont-de-Piété</em> et il y siège jusqu’en 1842.</p>
<p>Demeurant avant son mariage avec Marie-Jeanne Cottard sur la Butte-des-Moulins, il continue ensuite à résider dans le même quartier et les annuaires de l’époque mentionnent sa présence au Palais-Royal (Galerie Vivienne n°&nbsp;231) de 1822 à 1831, puis rue de Richelieu (passage Hulot), de 1832 à 1842.</p>
<p><a href="https://lesmarret.marret.co/wp-content/uploads/2017/04/Fourqueux-Mérimée-Maison-de-notable-p12a_wp.jpg"><img loading="lazy" decoding="async" width="251" height="201" class="wp-image-5317 alignleft" alt="" src="https://lesmarret.marret.co/wp-content/uploads/2017/04/Fourqueux-Mérimée-Maison-de-notable-p12a_wp-1024x817.jpg" data-wp-pid="5317" srcset="https://lesmarret.marret.co/wp-content/uploads/2017/04/Fourqueux-Mérimée-Maison-de-notable-p12a_wp-1024x817.jpg 1024w, https://lesmarret.marret.co/wp-content/uploads/2017/04/Fourqueux-Mérimée-Maison-de-notable-p12a_wp-300x239.jpg 300w, https://lesmarret.marret.co/wp-content/uploads/2017/04/Fourqueux-Mérimée-Maison-de-notable-p12a_wp-768x613.jpg 768w, https://lesmarret.marret.co/wp-content/uploads/2017/04/Fourqueux-Mérimée-Maison-de-notable-p12a_wp-800x638.jpg 800w, https://lesmarret.marret.co/wp-content/uploads/2017/04/Fourqueux-Mérimée-Maison-de-notable-p12a_wp-600x479.jpg 600w, https://lesmarret.marret.co/wp-content/uploads/2017/04/Fourqueux-Mérimée-Maison-de-notable-p12a_wp.jpg 1181w" sizes="auto, (max-width: 251px) 100vw, 251px" /></a></p>
<p>&nbsp;</p>
<p>En 1801, il acquiert une propriété à Fourqueux (Seine-et-Oise) où il passe d’ailleurs la fin de sa vie. Décédé le 20 décembre 1857, il est enterré à Paris, au cimetière du Père-Lachaise, deux jours plus tard.</p>

<p>Fils de Pierre Marret et Jeanne Passion, Pierre Marret voit le jour le 17 novembre 1765, à Tourzel-Ronzières, dans le Puy-de-Dôme. Selon les registres paroissiaux, il aurait eu dix frères et sœurs&nbsp;: Pierre (1756), Jean (1759), François (1761), Marie (1763), &hellip; <a href="https://lesmarret.marret.co/index.php/pierre-marret-lancetre/">Continuer la lecture <span class="meta-nav">&rarr;</span></a></p>
