{"id":5420,"date":"2017-04-28T17:43:08","date_gmt":"2017-04-28T16:43:08","guid":{"rendered":"http:\/\/lesmarret.marret.co\/?page_id=5420"},"modified":"2017-05-27T23:08:18","modified_gmt":"2017-05-27T22:08:18","slug":"pierre-marret-sa-famille","status":"publish","type":"page","link":"https:\/\/lesmarret.marret.co\/index.php\/pierre-marret-lancetre\/pierre-marret-sa-famille\/","title":{"rendered":"Pierre Marret, sa famille"},"content":{"rendered":"<p><a href=\"https:\/\/lesmarret.marret.co\/wp-content\/uploads\/2017\/04\/Pierre-Marret-1763-1857-DM-015b_wp.jpg\"><img loading=\"lazy\" decoding=\"async\" width=\"200\" height=\"230\" class=\"wp-image-5307 alignleft\" alt=\"\" src=\"https:\/\/lesmarret.marret.co\/wp-content\/uploads\/2017\/04\/Pierre-Marret-1763-1857-DM-015b_wp.jpg\" data-wp-pid=\"5307\" srcset=\"https:\/\/lesmarret.marret.co\/wp-content\/uploads\/2017\/04\/Pierre-Marret-1763-1857-DM-015b_wp.jpg 771w, https:\/\/lesmarret.marret.co\/wp-content\/uploads\/2017\/04\/Pierre-Marret-1763-1857-DM-015b_wp-261x300.jpg 261w, https:\/\/lesmarret.marret.co\/wp-content\/uploads\/2017\/04\/Pierre-Marret-1763-1857-DM-015b_wp-768x883.jpg 768w, https:\/\/lesmarret.marret.co\/wp-content\/uploads\/2017\/04\/Pierre-Marret-1763-1857-DM-015b_wp-522x600.jpg 522w\" sizes=\"auto, (max-width: 200px) 100vw, 200px\" \/><\/a> <a href=\"https:\/\/lesmarret.marret.co\/wp-content\/uploads\/2017\/04\/Cottard-Marie-Jeanne-DM005a_wp.jpg\"><img loading=\"lazy\" decoding=\"async\" width=\"200\" height=\"250\" class=\"wp-image-5305 alignright\" alt=\"\" src=\"https:\/\/lesmarret.marret.co\/wp-content\/uploads\/2017\/04\/Cottard-Marie-Jeanne-DM005a_wp.jpg\" data-wp-pid=\"5305\" srcset=\"https:\/\/lesmarret.marret.co\/wp-content\/uploads\/2017\/04\/Cottard-Marie-Jeanne-DM005a_wp.jpg 472w, https:\/\/lesmarret.marret.co\/wp-content\/uploads\/2017\/04\/Cottard-Marie-Jeanne-DM005a_wp-240x300.jpg 240w\" sizes=\"auto, (max-width: 200px) 100vw, 200px\" \/><\/a><\/p>\n<p style=\"text-align: center;\">Pierre Marret&nbsp; <a href=\"https:\/\/lesmarret.marret.co\/wp-content\/uploads\/2017\/04\/1801-10-19-Marret-Cottard-Contrat-de-mariage-p4-Signature-PM_wp.jpg\"><img loading=\"lazy\" decoding=\"async\" width=\"191\" height=\"77\" class=\"alignnone wp-image-5396\" alt=\"\" src=\"https:\/\/lesmarret.marret.co\/wp-content\/uploads\/2017\/04\/1801-10-19-Marret-Cottard-Contrat-de-mariage-p4-Signature-PM_wp.jpg\" data-wp-pid=\"5396\"><\/a>et Marie-Jeanne Cottard <a href=\"https:\/\/lesmarret.marret.co\/wp-content\/uploads\/2017\/04\/1801-10-19-Marret-Cottard-Contrat-de-mariage-p4-Signature-MJC_wp.jpg\"><img loading=\"lazy\" decoding=\"async\" width=\"190\" height=\"54\" class=\"alignnone wp-image-5395\" alt=\"\" src=\"https:\/\/lesmarret.marret.co\/wp-content\/uploads\/2017\/04\/1801-10-19-Marret-Cottard-Contrat-de-mariage-p4-Signature-MJC_wp.jpg\" data-wp-pid=\"5395\"><\/a>ont eu cinq enfants.<\/p>\n<p>&nbsp;<\/p>\n<ul>\n<li><span lang=\"FR\"><span lang=\"FR\"><span style=\"font-size: medium;\">Jean Charles<span class=\"Apple-converted-space\">&nbsp;<\/span><a href=\"https:\/\/lesmarret.marret.co\/index.php\/pierre-marret-lancetre\/pierre-marret-sa-famille\/auguste-marret-1790-1851\/\"><b>Auguste<\/b><\/a>, qui est n\u00e9&nbsp;le 12 juillet 1790. Fils naturel de Pierre Marret et Marie-Anne Maug\u00e9, il a \u00e9t\u00e9 adopt\u00e9 par Marie-Jeanne Cottard<br \/>\nle 15&nbsp;thermidor an IX (3 ao\u00fbt 1801), peu avant le mariage de celle-ci avec Pierre Marret. Mari\u00e9 \u00e0 Louise Fleury, il est d\u00e9c\u00e9d\u00e9 le 31 janvier 1851.<\/span><\/span><\/span>&nbsp;<\/li>\n<li><span lang=\"FR\"><span lang=\"FR\"><span style=\"font-size: medium;\">Genevi\u00e8ve<span class=\"Apple-converted-space\">&nbsp;<\/span><a href=\"https:\/\/lesmarret.marret.co\/index.php\/pierre-marret-lancetre\/pierre-marret-sa-famille\/pauline-marret-1802-1864\/\"><b>Pauline<\/b><\/a>, n\u00e9e vers 1802. Elle a \u00e9pous\u00e9 Antoine Pichon et est d\u00e9c\u00e9d\u00e9e le 6&nbsp;ao\u00fbt 1834.<\/span><\/span><\/span>&nbsp;<\/li>\n<li><span lang=\"FR\"><span style=\"font-size: medium;\"><span style=\"color: #000000;\">Ab\u00e9lard Joseph<\/span><span class=\"Apple-converted-space\"><span style=\"color: #000000;\">&nbsp;<\/span><\/span><a href=\"https:\/\/lesmarret.marret.co\/index.php\/pierre-marret-lancetre\/pierre-marret-sa-famille\/justin-marret-1803-1844\/\"><b>Justin<\/b><\/a><span style=\"color: #000000;\">, n\u00e9 le 2 f\u00e9vrier 1803. Il a \u00e9pous\u00e9 sa cousine germaine, Ang\u00e9lique Besse et&nbsp;est d\u00e9c\u00e9d\u00e9 le 6 f\u00e9vrier 1844.<br \/>\n<\/span><br \/>\n<\/span><\/span><\/li>\n<li><span lang=\"FR\"><span style=\"font-size: medium;\"><span style=\"color: #000000;\">Charles<\/span><span class=\"Apple-converted-space\"><span style=\"color: #000000;\">&nbsp;<\/span><\/span><a href=\"https:\/\/lesmarret.marret.co\/index.php\/pierre-marret-lancetre\/pierre-marret-sa-famille\/hippolyte-marret-1804-1853\/\"><b>Hippolyte<\/b><\/a><span style=\"color: #000000;\">, n\u00e9 le 15 septembre 1804. Mari\u00e9 en premi\u00e8re noces \u00e0 Am\u00e9lie Jarry, il a&nbsp;\u00e9pous\u00e9, apr\u00e8s le d\u00e9c\u00e8s de celle-ci, Pauline Lelievre. Il est d\u00e9c\u00e9d\u00e9 le 3 avril 1883.<br \/>\n<\/span><br \/>\n<\/span><\/span><\/li>\n<li><span lang=\"FR\"><span style=\"font-size: medium;\"><span style=\"color: #000000;\">&nbsp;<\/span><span style=\"color: #000000;\">Augustin Constant<\/span><span class=\"Apple-converted-space\"><span style=\"color: #000000;\">&nbsp;<\/span><\/span><a href=\"https:\/\/lesmarret.marret.co\/index.php\/pierre-marret-lancetre\/pierre-marret-sa-famille\/charles-marret-1807-1846\/\"><b>Charles<\/b><\/a><span style=\"color: #000000;\">, n\u00e9 le 12 janvier 1807. Il s&rsquo;est mari\u00e9 avec Louise Hy et&nbsp;est d\u00e9c\u00e9d\u00e9 le 25 ao\u00fbt 1846.<\/span><\/span><\/span><\/li>\n<\/ul>\n","protected":false},"excerpt":{"rendered":"<p>Pierre Marret&nbsp; et Marie-Jeanne Cottard ont eu cinq enfants. &nbsp; Jean Charles&nbsp;Auguste, qui est n\u00e9&nbsp;le 12 juillet 1790. Fils naturel de Pierre Marret et Marie-Anne Maug\u00e9, il a \u00e9t\u00e9 adopt\u00e9 par Marie-Jeanne Cottard le 15&nbsp;thermidor an IX (3 ao\u00fbt 1801), &hellip; <a href=\"https:\/\/lesmarret.marret.co\/index.php\/pierre-marret-lancetre\/pierre-marret-sa-famille\/\">Continuer la lecture <span class=\"meta-nav\">&rarr;<\/span><\/a><\/p>\n","protected":false},"author":1,"featured_media":0,"parent":5402,"menu_order":0,"comment_status":"closed","ping_status":"closed","template":"","meta":{"_monsterinsights_skip_tracking":false,"_monsterinsights_sitenote_active":false,"_monsterinsights_sitenote_note":"","_monsterinsights_sitenote_category":0,"ngg_post_thumbnail":0,"footnotes":""},"class_list":["post-5420","page","type-page","status-publish","hentry"],"aioseo_notices":[],"_links":{"self":[{"href":"https:\/\/lesmarret.marret.co\/index.php\/wp-json\/wp\/v2\/pages\/5420","targetHints":{"allow":["GET"]}}],"collection":[{"href":"https:\/\/lesmarret.marret.co\/index.php\/wp-json\/wp\/v2\/pages"}],"about":[{"href":"https:\/\/lesmarret.marret.co\/index.php\/wp-json\/wp\/v2\/types\/page"}],"author":[{"embeddable":true,"href":"https:\/\/lesmarret.marret.co\/index.php\/wp-json\/wp\/v2\/users\/1"}],"replies":[{"embeddable":true,"href":"https:\/\/lesmarret.marret.co\/index.php\/wp-json\/wp\/v2\/comments?post=5420"}],"version-history":[{"count":0,"href":"https:\/\/lesmarret.marret.co\/index.php\/wp-json\/wp\/v2\/pages\/5420\/revisions"}],"up":[{"embeddable":true,"href":"https:\/\/lesmarret.marret.co\/index.php\/wp-json\/wp\/v2\/pages\/5402"}],"wp:attachment":[{"href":"https:\/\/lesmarret.marret.co\/index.php\/wp-json\/wp\/v2\/media?parent=5420"}],"curies":[{"name":"wp","href":"https:\/\/api.w.org\/{rel}","templated":true}]}}