{"id":5423,"date":"2017-04-28T17:58:04","date_gmt":"2017-04-28T16:58:04","guid":{"rendered":"http:\/\/lesmarret.marret.co\/?page_id=5423"},"modified":"2017-04-28T17:58:17","modified_gmt":"2017-04-28T16:58:17","slug":"pierre-marret-son-deces","status":"publish","type":"page","link":"https:\/\/lesmarret.marret.co\/index.php\/pierre-marret-lancetre\/pierre-marret-son-deces\/","title":{"rendered":"Pierre Marret, son d\u00e9c\u00e8s"},"content":{"rendered":"<p>Pierre Marret est d\u00e9c\u00e9d\u00e9 \u00e0 Fourqueux le 20 d\u00e9cembre 1857. Deux jours plus tard, il a \u00e9t\u00e9 enterr\u00e9 au cimeti\u00e8re du P\u00e8re-Lachaise; la tombe s&rsquo;\u00e9tant&nbsp;d\u00e9grad\u00e9e et aucun membre de la famille ne s&rsquo;\u00e9tant manifest\u00e9 pour effectuer les travaux requis, elle fut exhum\u00e9e et d\u00e9molie le 3&nbsp;avril 2001.<\/p>\n<p><a href=\"https:\/\/lesmarret.marret.co\/wp-content\/uploads\/2017\/04\/1857-12-20-Marret-Pierre-D\u00e9c\u00e8s_wp.jpg\"><img loading=\"lazy\" decoding=\"async\" width=\"349\" height=\"339\" class=\"wp-image-5390 alignleft\" alt=\"\" src=\"https:\/\/lesmarret.marret.co\/wp-content\/uploads\/2017\/04\/1857-12-20-Marret-Pierre-D\u00e9c\u00e8s_wp-1024x994.jpg\" data-wp-pid=\"5390\" srcset=\"https:\/\/lesmarret.marret.co\/wp-content\/uploads\/2017\/04\/1857-12-20-Marret-Pierre-D\u00e9c\u00e8s_wp-1024x994.jpg 1024w, https:\/\/lesmarret.marret.co\/wp-content\/uploads\/2017\/04\/1857-12-20-Marret-Pierre-D\u00e9c\u00e8s_wp-300x291.jpg 300w, https:\/\/lesmarret.marret.co\/wp-content\/uploads\/2017\/04\/1857-12-20-Marret-Pierre-D\u00e9c\u00e8s_wp-768x745.jpg 768w, https:\/\/lesmarret.marret.co\/wp-content\/uploads\/2017\/04\/1857-12-20-Marret-Pierre-D\u00e9c\u00e8s_wp-800x776.jpg 800w, https:\/\/lesmarret.marret.co\/wp-content\/uploads\/2017\/04\/1857-12-20-Marret-Pierre-D\u00e9c\u00e8s_wp-600x582.jpg 600w, https:\/\/lesmarret.marret.co\/wp-content\/uploads\/2017\/04\/1857-12-20-Marret-Pierre-D\u00e9c\u00e8s_wp.jpg 1181w\" sizes=\"auto, (max-width: 349px) 100vw, 349px\" \/><\/a><\/p>\n<p>Du vingt D\u00e9cembre mil huit cent cinquante sept, quatre heures du soir<\/p>\n<p>Acte de d\u00e9c\u00e8s de <strong>Pierre Marret<\/strong>, propri\u00e9taire, \u00e2g\u00e9 de quatre vingt Douze ans d\u00e9c\u00e9d\u00e9 aujourd&rsquo;hui \u00e0 neuf heures du matin en sa demeure \u00e0 Fourqueux, veuf de Marie Jeanne Cottard<\/p>\n<p>Les t\u00e9moins ont \u00e9t\u00e9 M. F\u00e9lix Andr\u00e9 Besse, rentier, \u00e2g\u00e9 de cinquante trois ans, neveu du d\u00e9funt, et Jacques C\u00e8be, rentier, \u00e2g\u00e9 de cinquante quatre ans, ami du D\u00e9funt, demeurant tous deux \u00e0 Fourqueux<\/p>\n<p>Lesquels ont sign\u00e9 avec nous Maire apr\u00e8s lecture faite et le D\u00e9c\u00e8s constat\u00e9 par nous soussign\u00e9.<\/p>\n<p style=\"text-align: right;\"><em><span style=\"color: #000000; font-family: georgia,palatino,serif;\">Source: Archives municipales de Fourqueux<\/span><\/em><\/p>\n","protected":false},"excerpt":{"rendered":"<p>Pierre Marret est d\u00e9c\u00e9d\u00e9 \u00e0 Fourqueux le 20 d\u00e9cembre 1857. Deux jours plus tard, il a \u00e9t\u00e9 enterr\u00e9 au cimeti\u00e8re du P\u00e8re-Lachaise; la tombe s&rsquo;\u00e9tant&nbsp;d\u00e9grad\u00e9e et aucun membre de la famille ne s&rsquo;\u00e9tant manifest\u00e9 pour effectuer les travaux requis, elle &hellip; <a href=\"https:\/\/lesmarret.marret.co\/index.php\/pierre-marret-lancetre\/pierre-marret-son-deces\/\">Continuer la lecture <span class=\"meta-nav\">&rarr;<\/span><\/a><\/p>\n","protected":false},"author":1,"featured_media":0,"parent":5402,"menu_order":0,"comment_status":"closed","ping_status":"closed","template":"","meta":{"_monsterinsights_skip_tracking":false,"_monsterinsights_sitenote_active":false,"_monsterinsights_sitenote_note":"","_monsterinsights_sitenote_category":0,"ngg_post_thumbnail":0,"footnotes":""},"class_list":["post-5423","page","type-page","status-publish","hentry"],"aioseo_notices":[],"_links":{"self":[{"href":"https:\/\/lesmarret.marret.co\/index.php\/wp-json\/wp\/v2\/pages\/5423","targetHints":{"allow":["GET"]}}],"collection":[{"href":"https:\/\/lesmarret.marret.co\/index.php\/wp-json\/wp\/v2\/pages"}],"about":[{"href":"https:\/\/lesmarret.marret.co\/index.php\/wp-json\/wp\/v2\/types\/page"}],"author":[{"embeddable":true,"href":"https:\/\/lesmarret.marret.co\/index.php\/wp-json\/wp\/v2\/users\/1"}],"replies":[{"embeddable":true,"href":"https:\/\/lesmarret.marret.co\/index.php\/wp-json\/wp\/v2\/comments?post=5423"}],"version-history":[{"count":0,"href":"https:\/\/lesmarret.marret.co\/index.php\/wp-json\/wp\/v2\/pages\/5423\/revisions"}],"up":[{"embeddable":true,"href":"https:\/\/lesmarret.marret.co\/index.php\/wp-json\/wp\/v2\/pages\/5402"}],"wp:attachment":[{"href":"https:\/\/lesmarret.marret.co\/index.php\/wp-json\/wp\/v2\/media?parent=5423"}],"curies":[{"name":"wp","href":"https:\/\/api.w.org\/{rel}","templated":true}]}}

Pierre Marret, son décès

<p>Pierre Marret est décédé à Fourqueux le 20 décembre 1857. Deux jours plus tard, il a été enterré au cimetière du Père-Lachaise; la tombe s&rsquo;étant&nbsp;dégradée et aucun membre de la famille ne s&rsquo;étant manifesté pour effectuer les travaux requis, elle fut exhumée et démolie le 3&nbsp;avril 2001.</p>
<p><a href="https://lesmarret.marret.co/wp-content/uploads/2017/04/1857-12-20-Marret-Pierre-Décès_wp.jpg"><img loading="lazy" decoding="async" width="349" height="339" class="wp-image-5390 alignleft" alt="" src="https://lesmarret.marret.co/wp-content/uploads/2017/04/1857-12-20-Marret-Pierre-Décès_wp-1024x994.jpg" data-wp-pid="5390" srcset="https://lesmarret.marret.co/wp-content/uploads/2017/04/1857-12-20-Marret-Pierre-Décès_wp-1024x994.jpg 1024w, https://lesmarret.marret.co/wp-content/uploads/2017/04/1857-12-20-Marret-Pierre-Décès_wp-300x291.jpg 300w, https://lesmarret.marret.co/wp-content/uploads/2017/04/1857-12-20-Marret-Pierre-Décès_wp-768x745.jpg 768w, https://lesmarret.marret.co/wp-content/uploads/2017/04/1857-12-20-Marret-Pierre-Décès_wp-800x776.jpg 800w, https://lesmarret.marret.co/wp-content/uploads/2017/04/1857-12-20-Marret-Pierre-Décès_wp-600x582.jpg 600w, https://lesmarret.marret.co/wp-content/uploads/2017/04/1857-12-20-Marret-Pierre-Décès_wp.jpg 1181w" sizes="auto, (max-width: 349px) 100vw, 349px" /></a></p>
<p>Du vingt Décembre mil huit cent cinquante sept, quatre heures du soir</p>
<p>Acte de décès de <strong>Pierre Marret</strong>, propriétaire, âgé de quatre vingt Douze ans décédé aujourd&rsquo;hui à neuf heures du matin en sa demeure à Fourqueux, veuf de Marie Jeanne Cottard</p>
<p>Les témoins ont été M. Félix André Besse, rentier, âgé de cinquante trois ans, neveu du défunt, et Jacques Cèbe, rentier, âgé de cinquante quatre ans, ami du Défunt, demeurant tous deux à Fourqueux</p>
<p>Lesquels ont signé avec nous Maire après lecture faite et le Décès constaté par nous soussigné.</p>
<p style="text-align: right;"><em><span style="color: #000000; font-family: georgia,palatino,serif;">Source: Archives municipales de Fourqueux</span></em></p>

<p>Pierre Marret est décédé à Fourqueux le 20 décembre 1857. Deux jours plus tard, il a été enterré au cimetière du Père-Lachaise; la tombe s&rsquo;étant&nbsp;dégradée et aucun membre de la famille ne s&rsquo;étant manifesté pour effectuer les travaux requis, elle &hellip; <a href="https://lesmarret.marret.co/index.php/pierre-marret-lancetre/pierre-marret-son-deces/">Continuer la lecture <span class="meta-nav">&rarr;</span></a></p>
