{"id":5844,"date":"2017-05-08T22:08:48","date_gmt":"2017-05-08T21:08:48","guid":{"rendered":"http:\/\/lesmarret.marret.co\/?page_id=5844"},"modified":"2017-05-09T23:13:49","modified_gmt":"2017-05-09T22:13:49","slug":"fourqueux-la-villa-collin","status":"publish","type":"page","link":"https:\/\/lesmarret.marret.co\/index.php\/des-lieux-de-famille\/fourqueux\/fourqueux-la-villa-collin\/","title":{"rendered":"Fourqueux &#8211; La villa Collin"},"content":{"rendered":"<div dir=\"ltr\">\n<div dir=\"ltr\">\n<div><span style=\"font-size: medium;\">En 1891,<span class=\"Apple-converted-space\">&nbsp;Armand Collin<\/span><\/span><span style=\"font-size: medium;\">, fabricant d\u2019horloges monumentales de Paris (dans la nef du Grand Palais, au Louvre, \u00e0 Saint-Germain-l\u2019Auxerrois, etc.), d\u00e9cide de faire b\u00e2tir une villa \u00e0 Fourqueux, sur l\u2019emplacement de l\u2019ancien ch\u00e2teau. Il fait appel \u00e0 son ami, l&rsquo;architecte \u00c9mile Vaudremer (1829-1914) aid\u00e9 de son \u00e9l\u00e8ve, Charles Duval.<\/span><\/div>\n<div><span style=\"font-size: medium;\"><i><span lang=\"FR\">&nbsp;<\/span><\/i><\/span><\/div>\n<p style=\"padding-left: 30px;\"><i><span lang=\"FR\" style=\"margin: 0px; font-family: 'Georgia','serif';\"><span style=\"color: #000000;\">\u00c9mile Vaudremer, prix de Rome d\u00e8s 1854, est alors un architecte reconnu. On lui doit en particulier les \u00e9glises Saint-Pierre de Montrouge et Notre-Dame d&rsquo;Auteuil, les lyc\u00e9es parisiens Moli\u00e8re et Buffon et la prison de la Sant\u00e9.<\/span><\/span><\/i><i><span lang=\"FR\" style=\"margin: 0px; font-family: 'Georgia','serif';\"><span style=\"color: #000000;\">&nbsp;<\/span><\/span><\/i><\/p>\n<p style=\"padding-left: 30px;\"><i><span lang=\"FR\" style=\"margin: 0px; font-family: 'Georgia','serif';\"><span style=\"color: #000000;\">Charles Duval \u00e9tait le cousin de Charles Marret, l\u2019\u00e9poux de Marie Collin, la fille d\u2019Armand.<\/span><\/span><\/i><\/p>\nngg_shortcode_0_placeholder\n<p>&nbsp;<\/p>\n<p><span lang=\"FR\"><span style=\"font-size: medium;\">La maison sera construite entre 1891 et 1898, dans un style \u00ab&nbsp;renaissance normande&nbsp;\u00bb correspondant \u00e0 la mouvance r\u00e9gionaliste de la fin du 19e si\u00e8cle.<\/span><\/span><\/p>\n<p><span lang=\"FR\">\u00c0 la mort d\u2019Armand Collin, la maison sera occup\u00e9e par sa fille Marie et son mari, Charles Marret.<\/span><\/p>\n<p><a href=\"https:\/\/lesmarret.marret.co\/wp-content\/uploads\/2017\/04\/Villa-Collin-Fourqueux-11_wp.jpg\"><img loading=\"lazy\" decoding=\"async\" width=\"351\" height=\"499\" class=\"wp-image-5325 alignleft\" alt=\"\" src=\"https:\/\/lesmarret.marret.co\/wp-content\/uploads\/2017\/04\/Villa-Collin-Fourqueux-11_wp-719x1024.jpg\" data-wp-pid=\"5325\" srcset=\"https:\/\/lesmarret.marret.co\/wp-content\/uploads\/2017\/04\/Villa-Collin-Fourqueux-11_wp-719x1024.jpg 719w, https:\/\/lesmarret.marret.co\/wp-content\/uploads\/2017\/04\/Villa-Collin-Fourqueux-11_wp-211x300.jpg 211w, https:\/\/lesmarret.marret.co\/wp-content\/uploads\/2017\/04\/Villa-Collin-Fourqueux-11_wp-768x1094.jpg 768w, https:\/\/lesmarret.marret.co\/wp-content\/uploads\/2017\/04\/Villa-Collin-Fourqueux-11_wp-800x1140.jpg 800w, https:\/\/lesmarret.marret.co\/wp-content\/uploads\/2017\/04\/Villa-Collin-Fourqueux-11_wp-421x600.jpg 421w, https:\/\/lesmarret.marret.co\/wp-content\/uploads\/2017\/04\/Villa-Collin-Fourqueux-11_wp.jpg 1036w\" sizes=\"auto, (max-width: 351px) 100vw, 351px\" \/><\/a><\/p>\n<div class=\"wp-caption-dd\">&nbsp;<\/div>\n<p>&nbsp;<\/p>\n<p><span style=\"font-size: medium;\">Remarquable \u00e0 plusieurs \u00e9gards, la villa Collin fera l\u2019objet de plusieurs articles dans des livres et revues d\u2019architecture :<\/span><span style=\"font-size: medium;\">&nbsp;<\/span><\/p>\n<div>&nbsp;<\/div>\n<ul>\n<li><span style=\"font-size: medium;\"><em><span lang=\"FR\">La Construction moderne, 1903-1904, tome&nbsp;19, p.&nbsp;7 et pl. I \u00e0 III<\/span><\/em><\/span><\/li>\n<\/ul>\n<\/div>\n<div dir=\"ltr\">\n<div><span style=\"font-size: medium;\"><em><span lang=\"FR\">Maisons de campagne et villas, par Th. Lambert, s.d. pl.&nbsp;36 et 35.<\/span><\/em><\/span><\/div>\n<div>&nbsp;<\/div>\n<p><span lang=\"FR\"><span style=\"font-size: medium;\">Cette maison, class\u00e9e monument historique, a \u00e9t\u00e9 r\u00e9pertori\u00e9e par le Minist\u00e8re de la Culture, faisant l&rsquo;objet d&rsquo;un<span class=\"Apple-converted-space\">&nbsp;<\/span><\/span><a href=\"http:\/\/www.culture.gouv.fr\/documentation\/memoire\/HTML\/IVR11\/IA00052825\/index.htm\" target=\"_blank\" rel=\"nofollow noopener noreferrer\">dossier<\/a><span style=\"font-size: medium;\"><span class=\"Apple-converted-space\">&nbsp;<\/span>et d&rsquo;une<span class=\"Apple-converted-space\">&nbsp;<\/span><\/span><a href=\"http:\/\/www.culture.gouv.fr\/public\/mistral\/merimee_fr?ACTION=CHERCHER&amp;FIELD_98=REF&amp;VALUE_98=PA78000001\" target=\"_blank\" rel=\"noopener noreferrer\">notice avec photos<\/a><span style=\"font-size: medium;\">.<\/span><\/span>&nbsp;<\/p>\n<hr>\n<p style=\"text-align: center;\"><span style=\"font-size: x-large;\">Vaudremer et la villa Collin<\/span><\/p>\n<p style=\"text-align: center;\"><em><span style=\"color: #274e13;\">Textes et photos&nbsp;: Internet, site Patrimoine et tourisme culturel en France (<a href=\"http:\/\/www.google.fr\/imgres?imgurl=http:\/\/fr.topic-topos.com\/image-bd\/hall-et-escalier-interieur-fourqueux.jpg&amp;imgrefurl=http:\/\/fr.topic-topos.com\/hall-et-escalier-interieur-fourqueux&amp;usg=__vXmH48GyCpFe3VcrJh_HcyD12VQ=&amp;h=524&amp;w=431&amp;sz=76&amp;hl=fr&amp;start=8&amp;sig2=liA7X5T6IMOMWvOige75rw&amp;zoom=1&amp;um=1&amp;itbs=1&amp;tbnid=jHcUGS9XKamfkM:&amp;tbnh=132&amp;tbnw=109&amp;prev=\/images%3Fq%3Dtopic%2Bfourqueux%26um%3D1%26hl%3Dfr%26newwindow%3D1%26sa%3DN%26tbas%3D0%26ndsp%3D20%26tbs%3Disch:1&amp;ei=a4NRTeaNCsuj4QbFvq2UCQ\" target=\"_blank\" rel=\"noopener noreferrer\">Topic-topos<\/a>)<\/span><\/em><\/p>\n<p><span style=\"color: #274e13; font-family: georgia,serif; font-size: medium;\"><a href=\"https:\/\/lesmarret.marret.co\/wp-content\/uploads\/2017\/05\/Villa-Collin-topic-topos-Villa_wp.jpg\"><img loading=\"lazy\" decoding=\"async\" width=\"212\" height=\"349\" class=\"wp-image-5843 alignright\" alt=\"\" src=\"https:\/\/lesmarret.marret.co\/wp-content\/uploads\/2017\/05\/Villa-Collin-topic-topos-Villa_wp.jpg\" data-wp-pid=\"5843\" srcset=\"https:\/\/lesmarret.marret.co\/wp-content\/uploads\/2017\/05\/Villa-Collin-topic-topos-Villa_wp.jpg 538w, https:\/\/lesmarret.marret.co\/wp-content\/uploads\/2017\/05\/Villa-Collin-topic-topos-Villa_wp-182x300.jpg 182w, https:\/\/lesmarret.marret.co\/wp-content\/uploads\/2017\/05\/Villa-Collin-topic-topos-Villa_wp-364x600.jpg 364w\" sizes=\"auto, (max-width: 212px) 100vw, 212px\" \/><\/a>Horloger et orf\u00e8vre parisien de renomm\u00e9e, Armand Collin choisit Fourqueux comme lieu de vill\u00e9giature en 1888. Il s&rsquo;adresse \u00e0 son ami Vaudremer (1829-1914), grand prix de Rome en 1854 et architecte de la Ville de Paris, pour construire une villa dans le domaine de l&rsquo;ancien ch\u00e2teau. C\u00e9l\u00e8bre pour ses r\u00e9alisations d&rsquo;\u00e9difices publics (lyc\u00e9es, prisons, \u00e9glises), cet architecte a laiss\u00e9 un fonds de travaux pr\u00e9paratoires d\u00e9pos\u00e9 aux Archives d\u00e9partementales des Yvelines, qui r\u00e9v\u00e8le son \u00e9volution et l&rsquo;originalit\u00e9 de sa d\u00e9marche. Il r\u00e9alise notamment l&rsquo;\u00e9glise orthodoxe grecque de la rue Georges-Bizet \u00e0 Paris, en 1890. Son parti pris r\u00e9gionaliste et rationaliste s&rsquo;illustre notamment dans les structures d\u00e9coratives et polychromes, les toits pentus en ardoise, les charpentes de bois apparentes et l&#8217;emploi de la brique. Ayant r\u00e9serv\u00e9 la brique et le bois \u00e0 la construction de la demeure, il utilise le fer pour la serre du jardin d&rsquo;hiver. Cette serre \u00e9voque les ouvrages de l&rsquo;un de ses \u00e9l\u00e8ves, Guimard. Pour les travaux de la villa Collin, Vaudremer est aid\u00e9 par son \u00e9l\u00e8ve Charles Duval.<\/span><span style=\"color: #274e13; font-family: georgia,serif; font-size: medium;\">&nbsp;<\/span><\/p>\n<h3><strong><span style=\"color: #274e13; font-family: georgia,serif;\">La villa Collin<\/span><\/strong><\/h3>\n<p><span style=\"color: #274e13; font-family: georgia,serif; font-size: medium;\">Inscrit MH : 1996<br \/>\n<\/span><span style=\"color: #274e13; font-family: georgia,serif; font-size: medium;\">Mat\u00e9riaux: brique blanche , peuplier , c\u00e9ramique \u00e9maill\u00e9e<br \/>\n<\/span><span style=\"color: #274e13; font-family: georgia,serif; font-size: medium;\">Cr\u00e9ateur Architecte : \u00c9mile Vaudremer<br \/>\n<\/span><span style=\"color: #274e13; font-family: georgia,serif; font-size: medium;\">Datation 1891<\/span><\/p>\n<p><span style=\"color: #274e13;\">&nbsp;<a href=\"https:\/\/lesmarret.marret.co\/wp-content\/uploads\/2017\/05\/Villa-Collin-topic-topos-Hall-et-escalier-int\u00e9rieur_wp.jpg\"><img loading=\"lazy\" decoding=\"async\" width=\"287\" height=\"349\" class=\"wp-image-5841 alignleft\" alt=\"\" src=\"https:\/\/lesmarret.marret.co\/wp-content\/uploads\/2017\/05\/Villa-Collin-topic-topos-Hall-et-escalier-int\u00e9rieur_wp.jpg\" data-wp-pid=\"5841\" srcset=\"https:\/\/lesmarret.marret.co\/wp-content\/uploads\/2017\/05\/Villa-Collin-topic-topos-Hall-et-escalier-int\u00e9rieur_wp.jpg 729w, https:\/\/lesmarret.marret.co\/wp-content\/uploads\/2017\/05\/Villa-Collin-topic-topos-Hall-et-escalier-int\u00e9rieur_wp-247x300.jpg 247w, https:\/\/lesmarret.marret.co\/wp-content\/uploads\/2017\/05\/Villa-Collin-topic-topos-Hall-et-escalier-int\u00e9rieur_wp-494x600.jpg 494w\" sizes=\"auto, (max-width: 287px) 100vw, 287px\" \/><\/a><\/span><strong><span style=\"color: #274e13;\">Hall et escalier int\u00e9rieur<\/span><\/strong><\/p>\n<div>\n<div>\n<p style=\"padding-left: 60px;\"><span style=\"color: #274e13; font-size: medium;\">Class\u00e9 MH : 1998<br \/>\n<\/span><span style=\"color: #274e13; font-size: medium;\">Mat\u00e9riaux: peuplier<br \/>\n<\/span><span style=\"color: #274e13; font-size: medium;\">Cr\u00e9ateur Architecte : \u00c9mile Vaudremer<br \/>\n<\/span><span style=\"color: #274e13; font-size: medium;\">Datation 1891<\/span><\/p>\n<\/div>\n<\/div>\n<div>\n<p><span style=\"color: #274e13; font-size: medium;\">Le soin apport\u00e9 \u00e0 chaque d\u00e9tail correspond au souci de conjuguer la structure, le d\u00e9cor et le mobilier. Il s&rsquo;affirme, d\u00e8s l&rsquo;entr\u00e9e, dans l&#8217;emploi d&rsquo;un arc outrepass\u00e9, les balcons de bois et les fen\u00eatres. La cage lambriss\u00e9e de l&rsquo;escalier \u00e0 vol\u00e9e \u00e9clair\u00e9 par la lumi\u00e8re du jour abrite un ascenseur, qui dessert le premier \u00e9tage. La pr\u00e9sence de l&rsquo;escalier se traduit en fa\u00e7ade par le d\u00e9crochement des fen\u00eatres. Outre les fresques d&rsquo;Henri Marret, le d\u00e9cor peint au pochoir, le mobilier n\u00e9o-gothique et la lanterne de style romano-byzantin, r\u00e9plique de celle conserv\u00e9e dans l&rsquo;\u00e9glise orthodoxe grecque, reprennent des mod\u00e8les que Vaudremer utilise dans ses r\u00e9alisations parisiennes.<\/span>&nbsp;<\/p>\n<\/div>\n<\/div>\n<div>\n<h3><strong><a href=\"https:\/\/lesmarret.marret.co\/wp-content\/uploads\/2017\/05\/Villa-Collin-topic-topos-Table-et-chaises_wp.jpg\"><img loading=\"lazy\" decoding=\"async\" width=\"349\" height=\"218\" class=\"wp-image-5842 alignright\" alt=\"\" src=\"https:\/\/lesmarret.marret.co\/wp-content\/uploads\/2017\/05\/Villa-Collin-topic-topos-Table-et-chaises_wp.jpg\" data-wp-pid=\"5842\" srcset=\"https:\/\/lesmarret.marret.co\/wp-content\/uploads\/2017\/05\/Villa-Collin-topic-topos-Table-et-chaises_wp.jpg 886w, https:\/\/lesmarret.marret.co\/wp-content\/uploads\/2017\/05\/Villa-Collin-topic-topos-Table-et-chaises_wp-300x187.jpg 300w, https:\/\/lesmarret.marret.co\/wp-content\/uploads\/2017\/05\/Villa-Collin-topic-topos-Table-et-chaises_wp-768x479.jpg 768w, https:\/\/lesmarret.marret.co\/wp-content\/uploads\/2017\/05\/Villa-Collin-topic-topos-Table-et-chaises_wp-800x499.jpg 800w, https:\/\/lesmarret.marret.co\/wp-content\/uploads\/2017\/05\/Villa-Collin-topic-topos-Table-et-chaises_wp-600x374.jpg 600w\" sizes=\"auto, (max-width: 349px) 100vw, 349px\" \/><\/a>Table et chaises<\/strong><\/h3>\n<div>\n<div>\n<p><span style=\"color: #274e13; font-size: medium;\">Mat\u00e9riaux: peuplier<br \/>\n<\/span><span style=\"color: #274e13; font-size: medium;\">Cr\u00e9ateur Architecte : \u00c9mile Vaudremer<br \/>\n<\/span><span style=\"color: #274e13; font-size: medium;\">Datation 1891<\/span><\/p>\n<\/div>\n<\/div>\n<p>Dans un souci d&rsquo;harmonie esth\u00e9tique entre le cadre architectural et le d\u00e9cor int\u00e9rieur, Vaudremer souligne les lignes architecturales et les espaces par des peintures et con\u00e7oit un mobilier coh\u00e9rent avec le parti pris historique retenu pour l&rsquo;architecture ext\u00e9rieure. Ainsi, les lambris, les parquets, les plafonds, les cath\u00e8dres, les tables, les chaises, les chemin\u00e9es, les lanternes et les serrures sont r\u00e9alis\u00e9s en n\u00e9o-gothique, style en vogue depuis Viollet-le-Duc dont Vaudremer a \u00e9t\u00e9 l&rsquo;\u00e9l\u00e8ve.<\/p>\n<\/div>\n<h3><strong><a href=\"https:\/\/lesmarret.marret.co\/wp-content\/uploads\/2017\/05\/Villa-Collin-topic-topos-Chemin\u00e9e_wp.jpg\"><img loading=\"lazy\" decoding=\"async\" width=\"180\" height=\"349\" class=\"wp-image-5837 alignleft\" alt=\"\" src=\"https:\/\/lesmarret.marret.co\/wp-content\/uploads\/2017\/05\/Villa-Collin-topic-topos-Chemin\u00e9e_wp.jpg\" data-wp-pid=\"5837\" srcset=\"https:\/\/lesmarret.marret.co\/wp-content\/uploads\/2017\/05\/Villa-Collin-topic-topos-Chemin\u00e9e_wp.jpg 458w, https:\/\/lesmarret.marret.co\/wp-content\/uploads\/2017\/05\/Villa-Collin-topic-topos-Chemin\u00e9e_wp-155x300.jpg 155w, https:\/\/lesmarret.marret.co\/wp-content\/uploads\/2017\/05\/Villa-Collin-topic-topos-Chemin\u00e9e_wp-310x600.jpg 310w\" sizes=\"auto, (max-width: 180px) 100vw, 180px\" \/><\/a>Chemin\u00e9e<\/strong><\/h3>\n<div>\n<div>\n<p><span style=\"font-size: medium;\">Datation 1891<\/span><\/p>\n<\/div>\n<\/div>\n<div>\n<p>Le plafond du salon, comme celui de la salle \u00e0 manger, est \u00e0 caissons peints. Les d\u00e9cors reprennent l&rsquo;iconographie des tapisseries du XVe si\u00e8cle : motif des mille-fleurs et th\u00e8me de La Dame \u00e0 la Licorne. Les chemin\u00e9es en pierre blanche n\u00e9o-Renaissance situ\u00e9es dans chacune de ces pi\u00e8ces constituent la seconde r\u00e9f\u00e9rence historique retenue par Vaudremer. Sur celle du salon est sculpt\u00e9e une salamandre ; sur le manteau de celle de la salle \u00e0 manger est grav\u00e9e une inscription latine qui signifie : \u00ab Le temps fuit, bonnes gens, la renomm\u00e9e se r\u00e9pand \u00bb.&nbsp;<\/p>\n<p>&nbsp;<\/p>\n<\/div>\n<\/div>\n<h3><strong><span style=\"color: #274e13; font-family: georgia,serif;\"><a href=\"https:\/\/lesmarret.marret.co\/wp-content\/uploads\/2017\/05\/Villa-Collin-topic-topos-Fresque_wp.jpg\"><img loading=\"lazy\" decoding=\"async\" width=\"178\" height=\"350\" class=\"wp-image-5840 alignright\" alt=\"\" src=\"https:\/\/lesmarret.marret.co\/wp-content\/uploads\/2017\/05\/Villa-Collin-topic-topos-Fresque_wp.jpg\" data-wp-pid=\"5840\" srcset=\"https:\/\/lesmarret.marret.co\/wp-content\/uploads\/2017\/05\/Villa-Collin-topic-topos-Fresque_wp.jpg 450w, https:\/\/lesmarret.marret.co\/wp-content\/uploads\/2017\/05\/Villa-Collin-topic-topos-Fresque_wp-152x300.jpg 152w, https:\/\/lesmarret.marret.co\/wp-content\/uploads\/2017\/05\/Villa-Collin-topic-topos-Fresque_wp-305x600.jpg 305w\" sizes=\"auto, (max-width: 178px) 100vw, 178px\" \/><\/a>Fresque<\/span><\/strong><\/h3>\n<div>\n<p><span style=\"color: #274e13; font-family: georgia,serif; font-size: medium;\">Mat\u00e9riaux: Peinture sur toile<br \/>\n<\/span><span style=\"color: #274e13; font-family: georgia,serif; font-size: medium;\">Cr\u00e9ateur Peintre : Henri Marret<br \/>\n<\/span><span style=\"color: #274e13; font-family: georgia,serif; font-size: medium;\">Datation 1920<\/span><\/p>\n<\/div>\n<p><span style=\"color: #274e13; font-family: georgia,serif; font-size: medium;\">Enseignant l&rsquo;art de la fresque \u00e0 l&rsquo;\u00c9cole des arts appliqu\u00e9s d\u00e8s 1923, Henri Marret est l&rsquo;auteur de quelques fresques monumentales illustrant des th\u00e8mes sacr\u00e9s et profanes. Apparent\u00e9 \u00e0 la famille de Collin, il peint deux fresques aux th\u00e8mes agrestes pour le hall de la villa.<\/span>&nbsp;<\/p>\n<p>&nbsp;<\/p>\n<p><span style=\"color: #274e13; font-family: georgia,serif;\">&nbsp;<\/span><\/p>\n<div>&nbsp;<\/div>\n<h3><strong><a href=\"https:\/\/lesmarret.marret.co\/wp-content\/uploads\/2017\/05\/Villa-Collin-topic-topos-Bassin_wp.jpg\"><img loading=\"lazy\" decoding=\"async\" width=\"349\" height=\"219\" class=\"wp-image-5836 alignleft\" alt=\"\" src=\"https:\/\/lesmarret.marret.co\/wp-content\/uploads\/2017\/05\/Villa-Collin-topic-topos-Bassin_wp.jpg\" data-wp-pid=\"5836\" srcset=\"https:\/\/lesmarret.marret.co\/wp-content\/uploads\/2017\/05\/Villa-Collin-topic-topos-Bassin_wp.jpg 886w, https:\/\/lesmarret.marret.co\/wp-content\/uploads\/2017\/05\/Villa-Collin-topic-topos-Bassin_wp-300x188.jpg 300w, https:\/\/lesmarret.marret.co\/wp-content\/uploads\/2017\/05\/Villa-Collin-topic-topos-Bassin_wp-768x482.jpg 768w, https:\/\/lesmarret.marret.co\/wp-content\/uploads\/2017\/05\/Villa-Collin-topic-topos-Bassin_wp-800x502.jpg 800w, https:\/\/lesmarret.marret.co\/wp-content\/uploads\/2017\/05\/Villa-Collin-topic-topos-Bassin_wp-600x377.jpg 600w\" sizes=\"auto, (max-width: 349px) 100vw, 349px\" \/><\/a>Bassin<\/strong><\/h3>\n<div>\n<div>\n<p><span style=\"font-size: medium;\">Datation XIXe si\u00e8cle &#8211; 1891<\/span><\/p>\n<\/div>\n<\/div>\n<p><span style=\"color: #274e13; font-family: georgia,serif; font-size: medium;\">Les gaines de ventilation qui pulsaient l&rsquo;air chaud pour le chauffage de la maison circulent dans le sous-sol. Un r\u00e9seau de canalisations se d\u00e9verse dans un bassin de forme quadrilob\u00e9e. Sans \u00eatre un puisard, ce bassin re\u00e7oit les eaux pluviales, se remplit en p\u00e9riode pluvieuse et s&rsquo;ass\u00e8che ensuite. L&rsquo;origine de ce bassin est mal connue. L&rsquo;appareillage des pierres du niveau inf\u00e9rieur permet de penser qu&rsquo;il s&rsquo;agit peut-\u00eatre d&rsquo;un ancien baptist\u00e8re d\u00e9saffect\u00e9 servant \u00e0 la r\u00e9cup\u00e9ration des eaux de drainage.<\/span>&nbsp;&nbsp;<\/p>\n<h3><strong><span style=\"color: #274e13; font-family: georgia,serif;\"><a href=\"https:\/\/lesmarret.marret.co\/wp-content\/uploads\/2017\/05\/Villa-Collin-topic-topos-D\u00e9cor-du-jardin-dhiver_wp.jpg\"><img loading=\"lazy\" decoding=\"async\" width=\"349\" height=\"113\" class=\"wp-image-5838 alignright\" alt=\"\" src=\"https:\/\/lesmarret.marret.co\/wp-content\/uploads\/2017\/05\/Villa-Collin-topic-topos-D\u00e9cor-du-jardin-dhiver_wp.jpg\" data-wp-pid=\"5838\" srcset=\"https:\/\/lesmarret.marret.co\/wp-content\/uploads\/2017\/05\/Villa-Collin-topic-topos-D\u00e9cor-du-jardin-dhiver_wp.jpg 886w, https:\/\/lesmarret.marret.co\/wp-content\/uploads\/2017\/05\/Villa-Collin-topic-topos-D\u00e9cor-du-jardin-dhiver_wp-300x97.jpg 300w, https:\/\/lesmarret.marret.co\/wp-content\/uploads\/2017\/05\/Villa-Collin-topic-topos-D\u00e9cor-du-jardin-dhiver_wp-768x249.jpg 768w, https:\/\/lesmarret.marret.co\/wp-content\/uploads\/2017\/05\/Villa-Collin-topic-topos-D\u00e9cor-du-jardin-dhiver_wp-800x259.jpg 800w, https:\/\/lesmarret.marret.co\/wp-content\/uploads\/2017\/05\/Villa-Collin-topic-topos-D\u00e9cor-du-jardin-dhiver_wp-600x194.jpg 600w\" sizes=\"auto, (max-width: 349px) 100vw, 349px\" \/><\/a>D\u00e9cor du jardin d\u2019hiver<\/span><\/strong><\/h3>\n<div>\n<div>\n<p><span style=\"color: #274e13; font-family: georgia,serif; font-size: medium;\">Class\u00e9 MH : 1998<br \/>\n<\/span><span style=\"color: #274e13; font-family: georgia,serif; font-size: medium;\">Mat\u00e9riaux: c\u00e9ramique \u00e9maill\u00e9e<br \/>\n<\/span><span style=\"color: #274e13; font-family: georgia,serif; font-size: medium;\">Datation XIXe si\u00e8cle<\/span><\/p>\n<\/div>\n<\/div>\n<div>\n<p><span style=\"font-size: medium;\">La frise de c\u00e9ramique \u00e9maill\u00e9e qui ceinture le jardin d&rsquo;hiver est le seul \u00e9l\u00e9ment de la villa qui n&rsquo;ait pas \u00e9t\u00e9 con\u00e7u par Vaudremer. Elle est form\u00e9e d&rsquo;une alternance de m\u00e9daillons repr\u00e9sentant des instruments symbolisant les diff\u00e9rents corps de m\u00e9tiers utilis\u00e9s dans le b\u00e2timent et le monogramme de Collin. Les m\u00e9daillons sont plaqu\u00e9s sur un fond au d\u00e9cor mani\u00e9r\u00e9. Des \u00e9l\u00e9ments de c\u00e9ramique r\u00e9alis\u00e9s dans les m\u00eames tons sont plac\u00e9s en rappel de cette frise sur la fa\u00e7ade de la villa.<br \/>\n<\/span><\/p>\n<\/div>\n<h3><strong><a href=\"https:\/\/lesmarret.marret.co\/wp-content\/uploads\/2017\/05\/Villa-Collin-topic-topos-Escalier_wp.jpg\"><img loading=\"lazy\" decoding=\"async\" width=\"153\" height=\"353\" class=\"wp-image-5839 alignleft\" alt=\"\" src=\"https:\/\/lesmarret.marret.co\/wp-content\/uploads\/2017\/05\/Villa-Collin-topic-topos-Escalier_wp.jpg\" data-wp-pid=\"5839\" srcset=\"https:\/\/lesmarret.marret.co\/wp-content\/uploads\/2017\/05\/Villa-Collin-topic-topos-Escalier_wp.jpg 384w, https:\/\/lesmarret.marret.co\/wp-content\/uploads\/2017\/05\/Villa-Collin-topic-topos-Escalier_wp-130x300.jpg 130w, https:\/\/lesmarret.marret.co\/wp-content\/uploads\/2017\/05\/Villa-Collin-topic-topos-Escalier_wp-260x600.jpg 260w\" sizes=\"auto, (max-width: 153px) 100vw, 153px\" \/><\/a>Escalier<\/strong>&nbsp;<\/h3>\n<div>\n<p><span style=\"font-size: medium;\">Mat\u00e9riaux: argent\u00e9<br \/>\n<\/span><span style=\"font-size: medium;\">Cr\u00e9ateur Architecte : \u00c9mile Vaudremer<br \/>\n<\/span><span style=\"font-size: medium;\">Datation 1891<\/span><\/p>\n<\/div>\n<p><span style=\"color: #274e13; font-family: georgia,serif; font-size: medium;\">La tourelle qui s&rsquo;\u00e9l\u00e8ve au-dessus du jardin d&rsquo;hiver introduit une asym\u00e9trie dans la fa\u00e7ade de la villa. Son troisi\u00e8me \u00e9tage est occup\u00e9 par un belv\u00e9d\u00e8re bord\u00e9 d&rsquo;une coursive. L&rsquo;escalier en colima\u00e7on en fer forg\u00e9, mat\u00e9riau de plus en plus utilis\u00e9 en architecture \u00e0 cette \u00e9poque, permet d&rsquo;acc\u00e9der aux combles. La charpente du toit octogonal est en ch\u00eane. Le projet de r\u00e9alisation de l&rsquo;escalier, qui comporte diff\u00e9rentes vues, est conserv\u00e9 aux Archives d\u00e9partementales des Yvelines.<\/span><\/p>\n","protected":false},"excerpt":{"rendered":"<p>En 1891,&nbsp;Armand Collin, fabricant d\u2019horloges monumentales de Paris (dans la nef du Grand Palais, au Louvre, \u00e0 Saint-Germain-l\u2019Auxerrois, etc.), d\u00e9cide de faire b\u00e2tir une villa \u00e0 Fourqueux, sur l\u2019emplacement de l\u2019ancien ch\u00e2teau. Il fait appel \u00e0 son ami, l&rsquo;architecte \u00c9mile &hellip; <a href=\"https:\/\/lesmarret.marret.co\/index.php\/des-lieux-de-famille\/fourqueux\/fourqueux-la-villa-collin\/\">Continuer la lecture <span class=\"meta-nav\">&rarr;<\/span><\/a><\/p>\n","protected":false},"author":1,"featured_media":0,"parent":5952,"menu_order":0,"comment_status":"closed","ping_status":"closed","template":"","meta":{"_monsterinsights_skip_tracking":false,"_monsterinsights_sitenote_active":false,"_monsterinsights_sitenote_note":"","_monsterinsights_sitenote_category":0,"ngg_post_thumbnail":0,"footnotes":""},"class_list":["post-5844","page","type-page","status-publish","hentry"],"aioseo_notices":[],"_links":{"self":[{"href":"https:\/\/lesmarret.marret.co\/index.php\/wp-json\/wp\/v2\/pages\/5844","targetHints":{"allow":["GET"]}}],"collection":[{"href":"https:\/\/lesmarret.marret.co\/index.php\/wp-json\/wp\/v2\/pages"}],"about":[{"href":"https:\/\/lesmarret.marret.co\/index.php\/wp-json\/wp\/v2\/types\/page"}],"author":[{"embeddable":true,"href":"https:\/\/lesmarret.marret.co\/index.php\/wp-json\/wp\/v2\/users\/1"}],"replies":[{"embeddable":true,"href":"https:\/\/lesmarret.marret.co\/index.php\/wp-json\/wp\/v2\/comments?post=5844"}],"version-history":[{"count":0,"href":"https:\/\/lesmarret.marret.co\/index.php\/wp-json\/wp\/v2\/pages\/5844\/revisions"}],"up":[{"embeddable":true,"href":"https:\/\/lesmarret.marret.co\/index.php\/wp-json\/wp\/v2\/pages\/5952"}],"wp:attachment":[{"href":"https:\/\/lesmarret.marret.co\/index.php\/wp-json\/wp\/v2\/media?parent=5844"}],"curies":[{"name":"wp","href":"https:\/\/api.w.org\/{rel}","templated":true}]}}