{"id":5893,"date":"2017-05-09T00:38:22","date_gmt":"2017-05-08T23:38:22","guid":{"rendered":"http:\/\/lesmarret.marret.co\/?page_id=5893"},"modified":"2018-02-02T18:09:58","modified_gmt":"2018-02-02T17:09:58","slug":"fourqueux-vu-par-henri-marret","status":"publish","type":"page","link":"https:\/\/lesmarret.marret.co\/index.php\/des-lieux-de-famille\/fourqueux\/fourqueux-vu-par-henri-marret\/","title":{"rendered":"Fourqueux, vu par Henri Marret"},"content":{"rendered":"<p><a href=\"https:\/\/lesmarret.marret.co\/wp-content\/uploads\/2017\/05\/2009-09-HM-Exposition-Fourqueux-Catalogue-c1_wp.jpg\"><img loading=\"lazy\" decoding=\"async\" width=\"150\" height=\"252\" class=\"wp-image-5906 alignleft\" alt=\"\" src=\"https:\/\/lesmarret.marret.co\/wp-content\/uploads\/2017\/05\/2009-09-HM-Exposition-Fourqueux-Catalogue-c1_wp.jpg\" data-wp-pid=\"5906\" srcset=\"https:\/\/lesmarret.marret.co\/wp-content\/uploads\/2017\/05\/2009-09-HM-Exposition-Fourqueux-Catalogue-c1_wp.jpg 527w, https:\/\/lesmarret.marret.co\/wp-content\/uploads\/2017\/05\/2009-09-HM-Exposition-Fourqueux-Catalogue-c1_wp-178x300.jpg 178w, https:\/\/lesmarret.marret.co\/wp-content\/uploads\/2017\/05\/2009-09-HM-Exposition-Fourqueux-Catalogue-c1_wp-357x600.jpg 357w\" sizes=\"auto, (max-width: 150px) 100vw, 150px\" \/><\/a>Henri Marret&nbsp;grandit dans la maison ancestrale de Fourqueux &#8211; acquise par son arri\u00e8re-grand-p\u00e8re, Pierre Marret et transmis ensuite \u00e0 son grand-p\u00e8re, puis \u00e0 son p\u00e8re. Il en devient lui-m\u00eame propri\u00e9taire et y installe son atelier de peinture.<\/p>\n<p>Henri Marret&nbsp;r\u00e9alise diverses <span lang=\"FR\" style=\"margin: 0px; color: #333333; line-height: 115%; font-family: 'Georgia','serif'; font-size: 11pt;\">\u0153uvres<\/span> pour d\u00e9corer des monuments et b\u00e2timents de son village&nbsp;:<\/p>\n<p>+ une <a href=\"http:\/\/www.henrimarret-peintre.fr\/Marret-Oeuvres-Laiques-MaM-Fourqueux.htm\" target=\"_blank\" rel=\"noopener noreferrer\">toile<\/a>, pour le monument aux morts de la commune de Fourqueux, qui prendra place ult\u00e9rieurement dans la mairie; elle est inscrite et d\u00e9crite dans la <a href=\"http:\/\/www.culture.gouv.fr\/documentation\/memoire\/HTML\/IVR11\/IM78002210\/index.htm\" target=\"_blank\" rel=\"noopener noreferrer\">base Palissy<\/a>, du minist\u00e8re de la Culture.<\/p>\n<p><a href=\"https:\/\/lesmarret.marret.co\/wp-content\/uploads\/2017\/05\/1922-Fourqueux-Int\u00e9rieur-de-l\u00c9glise_wp.jpg\"><img loading=\"lazy\" decoding=\"async\" width=\"189\" height=\"299\" class=\"wp-image-5892 alignright\" alt=\"\" src=\"https:\/\/lesmarret.marret.co\/wp-content\/uploads\/2017\/05\/1922-Fourqueux-Int\u00e9rieur-de-l\u00c9glise_wp.jpg\" data-wp-pid=\"5892\" srcset=\"https:\/\/lesmarret.marret.co\/wp-content\/uploads\/2017\/05\/1922-Fourqueux-Int\u00e9rieur-de-l\u00c9glise_wp.jpg 560w, https:\/\/lesmarret.marret.co\/wp-content\/uploads\/2017\/05\/1922-Fourqueux-Int\u00e9rieur-de-l\u00c9glise_wp-190x300.jpg 190w, https:\/\/lesmarret.marret.co\/wp-content\/uploads\/2017\/05\/1922-Fourqueux-Int\u00e9rieur-de-l\u00c9glise_wp-379x600.jpg 379w\" sizes=\"auto, (max-width: 189px) 100vw, 189px\" \/><\/a><\/p>\n<p>&nbsp;<\/p>\n<p>+ une fresque, pour le monument aux morts, \u00e0 l&rsquo;int\u00e9rieur de l&rsquo;\u00e9glise Sainte-Croix,<\/p>\n<p>+ un <a href=\"http:\/\/jacques.colliard.pagesperso-orange.fr\/H_Marret\/OeuvresR\/egl_Fourqueux.html\" target=\"_blank\" rel=\"noopener noreferrer\">chemin de croix<\/a>, dans la m\u00eame \u00e9glise.<\/p>\n<p>+ deux toiles, dans la <a href=\"https:\/\/lesmarret.marret.co\/index.php\/des-lieux-de-famille\/fourqueux-la-villa-collin\/\">villa Collin<\/a>, maison construite \u00e0 la demande de Armand Collin, le beau-p\u00e8re de son fr\u00e8re Charles; ces deux tableaux pr\u00e9sentent des sc\u00e8nes all\u00e9goriques, relatives au printemps et \u00e0 l&rsquo;automne.<\/p>\n<p>&nbsp;<\/p>\n<p>En outre, il r\u00e9alisera plusieurs peintures illustrant son village, sa maison et son atelier.<\/p>\nngg_shortcode_0_placeholder\n<p>&nbsp;<\/p>\n<ul>\n<li>\u00ab&nbsp;Mon village&nbsp;\u00bb<\/li>\n<li>Rue de Saint-Nom<\/li>\n<li>la maison d&rsquo;Henri Marret &#8211; la cour (2)<\/li>\n<li>la maison d&rsquo;Henri Marret &#8211; la fa\u00e7ade sur jardin<b><\/b><i><\/i><u><\/u><\/li>\n<li>la maison d&rsquo;Henri Marret &#8211; la margelle du puits<b><\/b><i><\/i><u><\/u><\/li>\n<li>l&rsquo;atelier<\/li>\n<\/ul>\n<div style=\"text-align: right;\"><span style=\"font-size: 10pt;\"><em><span style=\"color: #000000;\">Photos du diaporama extraites du catalogue de l&rsquo;exposition<br \/>\n<\/span><\/em><em><strong>Henri MARRET chez lui, \u00e0 Fourqueux,<\/strong><\/em><\/span><\/div>\n<div style=\"text-align: right;\"><span style=\"font-size: 10pt;\"><em><span style=\"color: #000000;\">organis\u00e9e par Fourqueux Patrimoine, en septembre 2009<\/span><\/em><\/span><\/div>\n<div style=\"text-align: left;\">\n<p>&nbsp;<\/p>\n<hr>\n<\/div>\n<p><a href=\"https:\/\/lesmarret.marret.co\/wp-content\/uploads\/2017\/05\/HM-Fourqueux-l\u00c9glise_wp.jpg\"><img loading=\"lazy\" decoding=\"async\" width=\"352\" height=\"226\" class=\"wp-image-5891 aligncenter\" alt=\"\" src=\"https:\/\/lesmarret.marret.co\/wp-content\/uploads\/2017\/05\/HM-Fourqueux-l\u00c9glise_wp.jpg\" data-wp-pid=\"5891\" srcset=\"https:\/\/lesmarret.marret.co\/wp-content\/uploads\/2017\/05\/HM-Fourqueux-l\u00c9glise_wp.jpg 886w, https:\/\/lesmarret.marret.co\/wp-content\/uploads\/2017\/05\/HM-Fourqueux-l\u00c9glise_wp-300x193.jpg 300w, https:\/\/lesmarret.marret.co\/wp-content\/uploads\/2017\/05\/HM-Fourqueux-l\u00c9glise_wp-768x493.jpg 768w, https:\/\/lesmarret.marret.co\/wp-content\/uploads\/2017\/05\/HM-Fourqueux-l\u00c9glise_wp-800x514.jpg 800w, https:\/\/lesmarret.marret.co\/wp-content\/uploads\/2017\/05\/HM-Fourqueux-l\u00c9glise_wp-600x385.jpg 600w\" sizes=\"auto, (max-width: 352px) 100vw, 352px\" \/><\/a><\/p>\n","protected":false},"excerpt":{"rendered":"<p>Henri Marret&nbsp;grandit dans la maison ancestrale de Fourqueux &#8211; acquise par son arri\u00e8re-grand-p\u00e8re, Pierre Marret et transmis ensuite \u00e0 son grand-p\u00e8re, puis \u00e0 son p\u00e8re. Il en devient lui-m\u00eame propri\u00e9taire et y installe son atelier de peinture. Henri Marret&nbsp;r\u00e9alise diverses &hellip; <a href=\"https:\/\/lesmarret.marret.co\/index.php\/des-lieux-de-famille\/fourqueux\/fourqueux-vu-par-henri-marret\/\">Continuer la lecture <span class=\"meta-nav\">&rarr;<\/span><\/a><\/p>\n","protected":false},"author":1,"featured_media":0,"parent":5952,"menu_order":0,"comment_status":"closed","ping_status":"closed","template":"","meta":{"_monsterinsights_skip_tracking":false,"_monsterinsights_sitenote_active":false,"_monsterinsights_sitenote_note":"","_monsterinsights_sitenote_category":0,"ngg_post_thumbnail":0,"footnotes":""},"class_list":["post-5893","page","type-page","status-publish","hentry"],"aioseo_notices":[],"_links":{"self":[{"href":"https:\/\/lesmarret.marret.co\/index.php\/wp-json\/wp\/v2\/pages\/5893","targetHints":{"allow":["GET"]}}],"collection":[{"href":"https:\/\/lesmarret.marret.co\/index.php\/wp-json\/wp\/v2\/pages"}],"about":[{"href":"https:\/\/lesmarret.marret.co\/index.php\/wp-json\/wp\/v2\/types\/page"}],"author":[{"embeddable":true,"href":"https:\/\/lesmarret.marret.co\/index.php\/wp-json\/wp\/v2\/users\/1"}],"replies":[{"embeddable":true,"href":"https:\/\/lesmarret.marret.co\/index.php\/wp-json\/wp\/v2\/comments?post=5893"}],"version-history":[{"count":1,"href":"https:\/\/lesmarret.marret.co\/index.php\/wp-json\/wp\/v2\/pages\/5893\/revisions"}],"predecessor-version":[{"id":7521,"href":"https:\/\/lesmarret.marret.co\/index.php\/wp-json\/wp\/v2\/pages\/5893\/revisions\/7521"}],"up":[{"embeddable":true,"href":"https:\/\/lesmarret.marret.co\/index.php\/wp-json\/wp\/v2\/pages\/5952"}],"wp:attachment":[{"href":"https:\/\/lesmarret.marret.co\/index.php\/wp-json\/wp\/v2\/media?parent=5893"}],"curies":[{"name":"wp","href":"https:\/\/api.w.org\/{rel}","templated":true}]}}

<p><a href="https://lesmarret.marret.co/wp-content/uploads/2017/05/2009-09-HM-Exposition-Fourqueux-Catalogue-c1_wp.jpg"><img loading="lazy" decoding="async" width="150" height="252" class="wp-image-5906 alignleft" alt="" src="https://lesmarret.marret.co/wp-content/uploads/2017/05/2009-09-HM-Exposition-Fourqueux-Catalogue-c1_wp.jpg" data-wp-pid="5906" srcset="https://lesmarret.marret.co/wp-content/uploads/2017/05/2009-09-HM-Exposition-Fourqueux-Catalogue-c1_wp.jpg 527w, https://lesmarret.marret.co/wp-content/uploads/2017/05/2009-09-HM-Exposition-Fourqueux-Catalogue-c1_wp-178x300.jpg 178w, https://lesmarret.marret.co/wp-content/uploads/2017/05/2009-09-HM-Exposition-Fourqueux-Catalogue-c1_wp-357x600.jpg 357w" sizes="auto, (max-width: 150px) 100vw, 150px" /></a>Henri Marret&nbsp;grandit dans la maison ancestrale de Fourqueux &#8211; acquise par son arrière-grand-père, Pierre Marret et transmis ensuite à son grand-père, puis à son père. Il en devient lui-même propriétaire et y installe son atelier de peinture.</p>
<p>Henri Marret&nbsp;réalise diverses <span lang="FR" style="margin: 0px; color: #333333; line-height: 115%; font-family: 'Georgia','serif'; font-size: 11pt;">œuvres</span> pour décorer des monuments et bâtiments de son village&nbsp;:</p>
<p>+ une <a href="http://www.henrimarret-peintre.fr/Marret-Oeuvres-Laiques-MaM-Fourqueux.htm" target="_blank" rel="noopener noreferrer">toile</a>, pour le monument aux morts de la commune de Fourqueux, qui prendra place ultérieurement dans la mairie; elle est inscrite et décrite dans la <a href="http://www.culture.gouv.fr/documentation/memoire/HTML/IVR11/IM78002210/index.htm" target="_blank" rel="noopener noreferrer">base Palissy</a>, du ministère de la Culture.</p>
<p><a href="https://lesmarret.marret.co/wp-content/uploads/2017/05/1922-Fourqueux-Intérieur-de-lÉglise_wp.jpg"><img loading="lazy" decoding="async" width="189" height="299" class="wp-image-5892 alignright" alt="" src="https://lesmarret.marret.co/wp-content/uploads/2017/05/1922-Fourqueux-Intérieur-de-lÉglise_wp.jpg" data-wp-pid="5892" srcset="https://lesmarret.marret.co/wp-content/uploads/2017/05/1922-Fourqueux-Intérieur-de-lÉglise_wp.jpg 560w, https://lesmarret.marret.co/wp-content/uploads/2017/05/1922-Fourqueux-Intérieur-de-lÉglise_wp-190x300.jpg 190w, https://lesmarret.marret.co/wp-content/uploads/2017/05/1922-Fourqueux-Intérieur-de-lÉglise_wp-379x600.jpg 379w" sizes="auto, (max-width: 189px) 100vw, 189px" /></a></p>
<p>&nbsp;</p>
<p>+ une fresque, pour le monument aux morts, à l&rsquo;intérieur de l&rsquo;église Sainte-Croix,</p>
<p>+ un <a href="http://jacques.colliard.pagesperso-orange.fr/H_Marret/OeuvresR/egl_Fourqueux.html" target="_blank" rel="noopener noreferrer">chemin de croix</a>, dans la même église.</p>
<p>+ deux toiles, dans la <a href="https://lesmarret.marret.co/index.php/des-lieux-de-famille/fourqueux-la-villa-collin/">villa Collin</a>, maison construite à la demande de Armand Collin, le beau-père de son frère Charles; ces deux tableaux présentent des scènes allégoriques, relatives au printemps et à l&rsquo;automne.</p>
<p>&nbsp;</p>
<p>En outre, il réalisera plusieurs peintures illustrant son village, sa maison et son atelier.</p>
ngg_shortcode_0_placeholder
<p>&nbsp;</p>
<ul>
<li>«&nbsp;Mon village&nbsp;»</li>
<li>Rue de Saint-Nom</li>
<li>la maison d&rsquo;Henri Marret &#8211; la cour (2)</li>
<li>la maison d&rsquo;Henri Marret &#8211; la façade sur jardin<b></b><i></i><u></u></li>
<li>la maison d&rsquo;Henri Marret &#8211; la margelle du puits<b></b><i></i><u></u></li>
<li>l&rsquo;atelier</li>
</ul>
<div style="text-align: right;"><span style="font-size: 10pt;"><em><span style="color: #000000;">Photos du diaporama extraites du catalogue de l&rsquo;exposition<br />
</span></em><em><strong>Henri MARRET chez lui, à Fourqueux,</strong></em></span></div>
<div style="text-align: right;"><span style="font-size: 10pt;"><em><span style="color: #000000;">organisée par Fourqueux Patrimoine, en septembre 2009</span></em></span></div>
<div style="text-align: left;">
<p>&nbsp;</p>
<hr>
</div>
<p><a href="https://lesmarret.marret.co/wp-content/uploads/2017/05/HM-Fourqueux-lÉglise_wp.jpg"><img loading="lazy" decoding="async" width="352" height="226" class="wp-image-5891 aligncenter" alt="" src="https://lesmarret.marret.co/wp-content/uploads/2017/05/HM-Fourqueux-lÉglise_wp.jpg" data-wp-pid="5891" srcset="https://lesmarret.marret.co/wp-content/uploads/2017/05/HM-Fourqueux-lÉglise_wp.jpg 886w, https://lesmarret.marret.co/wp-content/uploads/2017/05/HM-Fourqueux-lÉglise_wp-300x193.jpg 300w, https://lesmarret.marret.co/wp-content/uploads/2017/05/HM-Fourqueux-lÉglise_wp-768x493.jpg 768w, https://lesmarret.marret.co/wp-content/uploads/2017/05/HM-Fourqueux-lÉglise_wp-800x514.jpg 800w, https://lesmarret.marret.co/wp-content/uploads/2017/05/HM-Fourqueux-lÉglise_wp-600x385.jpg 600w" sizes="auto, (max-width: 352px) 100vw, 352px" /></a></p>

<p>Henri Marret&nbsp;grandit dans la maison ancestrale de Fourqueux &#8211; acquise par son arrière-grand-père, Pierre Marret et transmis ensuite à son grand-père, puis à son père. Il en devient lui-même propriétaire et y installe son atelier de peinture. Henri Marret&nbsp;réalise diverses &hellip; <a href="https://lesmarret.marret.co/index.php/des-lieux-de-famille/fourqueux/fourqueux-vu-par-henri-marret/">Continuer la lecture <span class="meta-nav">&rarr;</span></a></p>
