{"id":6054,"date":"2017-05-12T04:06:39","date_gmt":"2017-05-12T03:06:39","guid":{"rendered":"http:\/\/lesmarret.marret.co\/?page_id=6054"},"modified":"2017-06-22T15:37:07","modified_gmt":"2017-06-22T14:37:07","slug":"documents-et-references","status":"publish","type":"page","link":"https:\/\/lesmarret.marret.co\/index.php\/documents-et-references\/","title":{"rendered":"Documents et r\u00e9f\u00e9rences"},"content":{"rendered":"<p><a href=\"https:\/\/lesmarret.marret.co\/wp-content\/uploads\/2017\/04\/Viruega-Jacqueline-La-bijouterie-parisienne-c0_wp.jpg\">&nbsp;<\/a><\/p>\n<h3><strong>Sur la bijouterie&nbsp;et les Marret<\/strong><\/h3>\n<p align=\"center\" style=\"text-align: left;\"><span lang=\"FR\" style=\"margin: 0px; font-family: 'Georgia','serif'; font-size: 12pt;\"><span style=\"color: #000000;\"><a href=\"https:\/\/lesmarret.marret.co\/wp-content\/uploads\/2017\/05\/Vever-La-bijouterie-fran\u00e7aise-vol1-c0a_wp.jpg\"><img loading=\"lazy\" decoding=\"async\" width=\"139\" height=\"200\" class=\"wp-image-5970 alignleft\" alt=\"\" src=\"https:\/\/lesmarret.marret.co\/wp-content\/uploads\/2017\/05\/Vever-La-bijouterie-fran\u00e7aise-vol1-c0a_wp.jpg\" data-wp-pid=\"5970\" srcset=\"https:\/\/lesmarret.marret.co\/wp-content\/uploads\/2017\/05\/Vever-La-bijouterie-fran\u00e7aise-vol1-c0a_wp.jpg 591w, https:\/\/lesmarret.marret.co\/wp-content\/uploads\/2017\/05\/Vever-La-bijouterie-fran\u00e7aise-vol1-c0a_wp-209x300.jpg 209w, https:\/\/lesmarret.marret.co\/wp-content\/uploads\/2017\/05\/Vever-La-bijouterie-fran\u00e7aise-vol1-c0a_wp-418x600.jpg 418w\" sizes=\"auto, (max-width: 139px) 100vw, 139px\" \/><\/a>Vever, Henri. <\/span><\/span><span style=\"font-size: 12pt;\"><strong><span lang=\"FR\" style=\"margin: 0px; font-family: 'Georgia','serif'; font-size: 12pt;\"><span style=\"color: #000000;\">La bijouterie fran\u00e7aise au XIXe si\u00e8cle.<\/span><\/span><\/strong><\/span><\/p>\n<p align=\"center\" style=\"text-align: left; padding-left: 30px;\">Vol. 1&nbsp;: Consulat, Empire, Restauration, Louis-Philippe. 1800-1850.<br \/>\nVol. 2&nbsp;: Second Empire. 1850-1870.<br \/>\nVol. 3&nbsp;: Troisi\u00e8me R\u00e9publique. 1870-1900.<\/p>\n<p align=\"center\" style=\"text-align: left; padding-left: 30px;\">Publi\u00e9 par H. Floury, 1908.<br \/>\nReproduction. Studio per edizioni scelte. Firenze.1975.<\/p>\n<p align=\"center\" style=\"text-align: left;\">Les trois volumes sont t\u00e9l\u00e9chargeables gratuitement sur <a href=\"http:\/\/gallica.bnf.fr\/accueil\/?mode=desktop\" target=\"_blank\" rel=\"noopener\">Gallica<\/a>, la biblioth\u00e8que num\u00e9rique de la B.N.F.<\/p>\n<p align=\"center\" style=\"text-align: center; padding-left: 30px;\"><span style=\"font-size: 10pt;\"><strong><a href=\"https:\/\/lesmarret.marret.co\/index.php\/documents-et-references\/vever-la-bijouterie-francaise-au-xixe-siecle\/\"><em>Quelques extraits\u00bb\u00bb\u00bb<\/em><\/a><\/strong><\/span><\/p>\n<p align=\"center\" style=\"text-align: left;\"><a href=\"https:\/\/lesmarret.marret.co\/wp-content\/uploads\/2017\/04\/Viruega-Jacqueline-La-bijouterie-parisienne-c0_wp.jpg\"><img loading=\"lazy\" decoding=\"async\" width=\"134\" height=\"201\" class=\"wp-image-5471 alignleft\" alt=\"\" src=\"https:\/\/lesmarret.marret.co\/wp-content\/uploads\/2017\/04\/Viruega-Jacqueline-La-bijouterie-parisienne-c0_wp-681x1024.jpg\" data-wp-pid=\"5471\" srcset=\"https:\/\/lesmarret.marret.co\/wp-content\/uploads\/2017\/04\/Viruega-Jacqueline-La-bijouterie-parisienne-c0_wp-681x1024.jpg 681w, https:\/\/lesmarret.marret.co\/wp-content\/uploads\/2017\/04\/Viruega-Jacqueline-La-bijouterie-parisienne-c0_wp-200x300.jpg 200w, https:\/\/lesmarret.marret.co\/wp-content\/uploads\/2017\/04\/Viruega-Jacqueline-La-bijouterie-parisienne-c0_wp-768x1155.jpg 768w, https:\/\/lesmarret.marret.co\/wp-content\/uploads\/2017\/04\/Viruega-Jacqueline-La-bijouterie-parisienne-c0_wp-798x1200.jpg 798w, https:\/\/lesmarret.marret.co\/wp-content\/uploads\/2017\/04\/Viruega-Jacqueline-La-bijouterie-parisienne-c0_wp-800x1203.jpg 800w, https:\/\/lesmarret.marret.co\/wp-content\/uploads\/2017\/04\/Viruega-Jacqueline-La-bijouterie-parisienne-c0_wp-399x600.jpg 399w, https:\/\/lesmarret.marret.co\/wp-content\/uploads\/2017\/04\/Viruega-Jacqueline-La-bijouterie-parisienne-c0_wp.jpg 886w\" sizes=\"auto, (max-width: 134px) 100vw, 134px\" \/><\/a><\/p>\n<p align=\"center\" style=\"text-align: left;\">&nbsp;<\/p>\n<p align=\"center\" style=\"text-align: left;\">Viruega, Jacqueline. <strong>La bijouterie parisienne 1860-1914.<\/strong><br \/>\nDu Second Empire \u00e0 la Premi\u00e8re Guerre mondiale.<\/p>\n<p align=\"center\" style=\"text-align: left;\">Collection Histoire de Paris. L&rsquo;Harmattan, 2004.<\/p>\n<p align=\"center\" style=\"text-align: center;\"><span style=\"font-size: 10pt;\"><strong><a href=\"https:\/\/lesmarret.marret.co\/index.php\/jacqueline-viruega-la-bijouterie-parisienne\/\"><i>Quelques extraits\u00bb\u00bb\u00bb<\/i><\/a><\/strong><\/span><\/p>\n<p align=\"center\" style=\"text-align: left;\">&nbsp;<\/p>\n<p align=\"center\" style=\"text-align: left;\">&nbsp;<\/p>\n","protected":false},"excerpt":{"rendered":"<p>&nbsp; Sur la bijouterie&nbsp;et les Marret Vever, Henri. La bijouterie fran\u00e7aise au XIXe si\u00e8cle. Vol. 1&nbsp;: Consulat, Empire, Restauration, Louis-Philippe. 1800-1850. Vol. 2&nbsp;: Second Empire. 1850-1870. Vol. 3&nbsp;: Troisi\u00e8me R\u00e9publique. 1870-1900. Publi\u00e9 par H. Floury, 1908. Reproduction. Studio per edizioni &hellip; <a href=\"https:\/\/lesmarret.marret.co\/index.php\/documents-et-references\/\">Continuer la lecture <span class=\"meta-nav\">&rarr;<\/span><\/a><\/p>\n","protected":false},"author":1,"featured_media":0,"parent":0,"menu_order":0,"comment_status":"closed","ping_status":"closed","template":"","meta":{"_monsterinsights_skip_tracking":false,"_monsterinsights_sitenote_active":false,"_monsterinsights_sitenote_note":"","_monsterinsights_sitenote_category":0,"ngg_post_thumbnail":0,"footnotes":""},"class_list":["post-6054","page","type-page","status-publish","hentry"],"aioseo_notices":[],"_links":{"self":[{"href":"https:\/\/lesmarret.marret.co\/index.php\/wp-json\/wp\/v2\/pages\/6054","targetHints":{"allow":["GET"]}}],"collection":[{"href":"https:\/\/lesmarret.marret.co\/index.php\/wp-json\/wp\/v2\/pages"}],"about":[{"href":"https:\/\/lesmarret.marret.co\/index.php\/wp-json\/wp\/v2\/types\/page"}],"author":[{"embeddable":true,"href":"https:\/\/lesmarret.marret.co\/index.php\/wp-json\/wp\/v2\/users\/1"}],"replies":[{"embeddable":true,"href":"https:\/\/lesmarret.marret.co\/index.php\/wp-json\/wp\/v2\/comments?post=6054"}],"version-history":[{"count":0,"href":"https:\/\/lesmarret.marret.co\/index.php\/wp-json\/wp\/v2\/pages\/6054\/revisions"}],"wp:attachment":[{"href":"https:\/\/lesmarret.marret.co\/index.php\/wp-json\/wp\/v2\/media?parent=6054"}],"curies":[{"name":"wp","href":"https:\/\/api.w.org\/{rel}","templated":true}]}}