{"id":6305,"date":"2017-05-23T15:51:34","date_gmt":"2017-05-23T14:51:34","guid":{"rendered":"http:\/\/lesmarret.marret.co\/?page_id=6305"},"modified":"2017-06-22T15:22:49","modified_gmt":"2017-06-22T14:22:49","slug":"la-cote-toussaint-manoir-de-la-marniere","status":"publish","type":"page","link":"https:\/\/lesmarret.marret.co\/index.php\/des-lieux-de-famille\/la-cote-toussaint-manoir-de-la-marniere\/","title":{"rendered":"La C\u00f4te Toussaint \u2013 Manoir de la Marni\u00e8re"},"content":{"rendered":"<p><a href=\"https:\/\/lesmarret.marret.co\/wp-content\/uploads\/2017\/05\/La-C\u00f4te-Toussaint-04_wp.jpg\"><img loading=\"lazy\" decoding=\"async\" width=\"346\" height=\"216\" class=\"wp-image-6294 alignleft\" alt=\"\" src=\"https:\/\/lesmarret.marret.co\/wp-content\/uploads\/2017\/05\/La-C\u00f4te-Toussaint-04_wp.jpg\" data-wp-pid=\"6294\" srcset=\"https:\/\/lesmarret.marret.co\/wp-content\/uploads\/2017\/05\/La-C\u00f4te-Toussaint-04_wp.jpg 886w, https:\/\/lesmarret.marret.co\/wp-content\/uploads\/2017\/05\/La-C\u00f4te-Toussaint-04_wp-300x187.jpg 300w, https:\/\/lesmarret.marret.co\/wp-content\/uploads\/2017\/05\/La-C\u00f4te-Toussaint-04_wp-768x479.jpg 768w, https:\/\/lesmarret.marret.co\/wp-content\/uploads\/2017\/05\/La-C\u00f4te-Toussaint-04_wp-800x499.jpg 800w, https:\/\/lesmarret.marret.co\/wp-content\/uploads\/2017\/05\/La-C\u00f4te-Toussaint-04_wp-600x374.jpg 600w\" sizes=\"auto, (max-width: 346px) 100vw, 346px\" \/><\/a><span lang=\"FR\"><span style=\"color: #000000;\">La maison de La-C\u00f4te-Toussaint, appel\u00e9 aussi Manoir de la Marni\u00e8re, est \u00e9difi\u00e9e en 1890, \u00e0 la demande de <a href=\"https:\/\/lesmarret.marret.co\/index.php\/les-descendants-de-pierre-marret-lancetre-de-tourzel\/paul-marret-1863-1935\/\">Paul Marret<\/a> (1853-1935), sur l\u2019emplacement d\u2019un relais de chasse du XVIII<\/span><sup><span style=\"color: #000000; font-size: small;\">e<\/span><\/sup><span style=\"color: #000000;\"> si\u00e8cle. \u00c0 l\u2019\u00e9poque, celui-ci travaille avec son fr\u00e8re, Charles Marret (1861-1958), comme bijoutier-joaillier dans la maison <em>Marret Fr\u00e8res<\/em>.<\/span><\/span><\/p>\n<p><span lang=\"FR\" style=\"font-size: 12pt;\"><span style=\"color: #000000;\">Elle a \u00e9t\u00e9 construite \u00e0 partir des plans qui ont \u00e9t\u00e9 dessin\u00e9s par Emmanuel Gonse et Charles Duval, le cousin de Paul Marret&nbsp;; celui-l\u00e0 m\u00eame qui, dans les ann\u00e9es suivantes, travaillera avec l\u2019architecte \u00c9mile Vaudremer \u00e0 la construction de la <a href=\"https:\/\/lesmarret.marret.co\/index.php\/des-lieux-de-famille\/fourqueux\/fourqueux-la-villa-collin\/\">Villa Collin<\/a> \u00e0 Fourqueux. <\/span><\/span><\/p>\n<p><a href=\"https:\/\/lesmarret.marret.co\/wp-content\/uploads\/2017\/05\/Colleville-P-Marret-Travaux-Publics-revers_wp.jpg\"><img loading=\"lazy\" decoding=\"async\" width=\"249\" height=\"163\" class=\"wp-image-6195 alignright\" alt=\"\" src=\"https:\/\/lesmarret.marret.co\/wp-content\/uploads\/2017\/05\/Colleville-P-Marret-Travaux-Publics-revers_wp.jpg\" data-wp-pid=\"6195\" srcset=\"https:\/\/lesmarret.marret.co\/wp-content\/uploads\/2017\/05\/Colleville-P-Marret-Travaux-Publics-revers_wp.jpg 886w, https:\/\/lesmarret.marret.co\/wp-content\/uploads\/2017\/05\/Colleville-P-Marret-Travaux-Publics-revers_wp-300x196.jpg 300w, https:\/\/lesmarret.marret.co\/wp-content\/uploads\/2017\/05\/Colleville-P-Marret-Travaux-Publics-revers_wp-768x503.jpg 768w, https:\/\/lesmarret.marret.co\/wp-content\/uploads\/2017\/05\/Colleville-P-Marret-Travaux-Publics-revers_wp-800x524.jpg 800w, https:\/\/lesmarret.marret.co\/wp-content\/uploads\/2017\/05\/Colleville-P-Marret-Travaux-Publics-revers_wp-600x393.jpg 600w\" sizes=\"auto, (max-width: 249px) 100vw, 249px\" \/><br \/>\n<\/a><\/p>\n<p><span lang=\"FR\" style=\"font-size: 12pt;\"><span style=\"color: #000000;\">Lorsque Charles et Paul Marret vendent la maison Marret Fr\u00e8res, ce dernier exploite une entreprise de travaux publics \u00e0 Colleville, situ\u00e9e \u00e0 quelques kilom\u00e8tres de Toussaint.<\/span><\/span><\/p>\n<p><span lang=\"FR\" style=\"font-size: 12pt;\"><span style=\"color: #000000;\"><a href=\"https:\/\/lesmarret.marret.co\/wp-content\/uploads\/2017\/05\/2009-09-HM-Exposition-Fourqueux-Catalogue-c1_wp.jpg\"><img loading=\"lazy\" decoding=\"async\" width=\"118\" height=\"199\" class=\"wp-image-5906 alignleft\" alt=\"\" src=\"https:\/\/lesmarret.marret.co\/wp-content\/uploads\/2017\/05\/2009-09-HM-Exposition-Fourqueux-Catalogue-c1_wp.jpg\" data-wp-pid=\"5906\" srcset=\"https:\/\/lesmarret.marret.co\/wp-content\/uploads\/2017\/05\/2009-09-HM-Exposition-Fourqueux-Catalogue-c1_wp.jpg 527w, https:\/\/lesmarret.marret.co\/wp-content\/uploads\/2017\/05\/2009-09-HM-Exposition-Fourqueux-Catalogue-c1_wp-178x300.jpg 178w, https:\/\/lesmarret.marret.co\/wp-content\/uploads\/2017\/05\/2009-09-HM-Exposition-Fourqueux-Catalogue-c1_wp-357x600.jpg 357w\" sizes=\"auto, (max-width: 118px) 100vw, 118px\" \/><\/a><\/span><\/span><\/p>\n<p><span lang=\"FR\" style=\"font-size: 12pt;\"><span style=\"color: #000000;\"><a href=\"https:\/\/lesmarret.marret.co\/index.php\/les-descendants-de-pierre-marret-lancetre-de-tourzel\/henri-marret\/\">Henri Marret<\/a> (1878-1964), peintre fresquiste r\u00e9put\u00e9, vient souvent \u00e0 La-C\u00f4te-Toussaint. Il r\u00e9alise d\u2019ailleurs plusieurs \u0153uvres dans la r\u00e9gion, parmi lesquelles les monuments aux morts, dans les \u00e9glises de Toussaint et Sainte-H\u00e9l\u00e8ne-de-B\u00e9nouville (1922) ainsi que des peintures dans le sanatorium des Grandes-Dalles (1927). Lors de son s\u00e9jour en 1933, il s\u2019int\u00e9resse tout particuli\u00e8rement au site des <a href=\"http:\/\/www.les-petites-dalles.org\/Marret.html\" target=\"_blank\" rel=\"noopener noreferrer\">Petites-Dalles<\/a> qui lui a inspir\u00e9 croquis et aquarelles.<\/span><\/span><\/p>\n<p><span lang=\"FR\"><span style=\"color: #000000;\"><a href=\"https:\/\/lesmarret.marret.co\/wp-content\/uploads\/2017\/05\/N58-CM_wp.jpg\"><img loading=\"lazy\" decoding=\"async\" width=\"300\" height=\"225\" class=\"wp-image-6296 alignright\" alt=\"\" src=\"https:\/\/lesmarret.marret.co\/wp-content\/uploads\/2017\/05\/N58-CM_wp.jpg\" data-wp-pid=\"6296\" srcset=\"https:\/\/lesmarret.marret.co\/wp-content\/uploads\/2017\/05\/N58-CM_wp.jpg 886w, https:\/\/lesmarret.marret.co\/wp-content\/uploads\/2017\/05\/N58-CM_wp-300x225.jpg 300w, https:\/\/lesmarret.marret.co\/wp-content\/uploads\/2017\/05\/N58-CM_wp-768x576.jpg 768w, https:\/\/lesmarret.marret.co\/wp-content\/uploads\/2017\/05\/N58-CM_wp-800x600.jpg 800w, https:\/\/lesmarret.marret.co\/wp-content\/uploads\/2017\/05\/N58-CM_wp-600x450.jpg 600w\" sizes=\"auto, (max-width: 300px) 100vw, 300px\" \/><\/a>Apr\u00e8s le d\u00e9c\u00e8s de Paul Marret, son fils Michel Marret (1913-1939) habite La-C\u00f4te-Toussaint avec sa femme, Louise N\u00e9el; celle-ci conserve la propri\u00e9t\u00e9 apr\u00e8s la mort de son mari et jusqu&rsquo;au d\u00e9but du XXI<sup>e<\/sup> si\u00e8cle.<\/span><\/span><\/p>\n<p><span lang=\"FR\"><span style=\"color: #000000;\">La maison est un \u00e9difice remarquable et a fait l\u2019objet d\u2019un article dans la revue La Construction moderne n<\/span><sup><span style=\"color: #000000; font-size: small;\">o<\/span><\/sup><span style=\"color: #000000;\">&nbsp;3 du 27 d\u00e9cembre 1925.<\/span><\/span><\/p>\n<p><a href=\"https:\/\/lesmarret.marret.co\/wp-content\/uploads\/2017\/05\/Manoir-de-la-Marni\u00e8re-ECM003_wp.jpg\"><img loading=\"lazy\" decoding=\"async\" width=\"640\" height=\"932\" class=\"size-large wp-image-6295 aligncenter\" alt=\"\" src=\"https:\/\/lesmarret.marret.co\/wp-content\/uploads\/2017\/05\/Manoir-de-la-Marni\u00e8re-ECM003_wp-703x1024.jpg\" data-wp-pid=\"6295\" srcset=\"https:\/\/lesmarret.marret.co\/wp-content\/uploads\/2017\/05\/Manoir-de-la-Marni\u00e8re-ECM003_wp-703x1024.jpg 703w, https:\/\/lesmarret.marret.co\/wp-content\/uploads\/2017\/05\/Manoir-de-la-Marni\u00e8re-ECM003_wp-206x300.jpg 206w, https:\/\/lesmarret.marret.co\/wp-content\/uploads\/2017\/05\/Manoir-de-la-Marni\u00e8re-ECM003_wp-768x1118.jpg 768w, https:\/\/lesmarret.marret.co\/wp-content\/uploads\/2017\/05\/Manoir-de-la-Marni\u00e8re-ECM003_wp-800x1165.jpg 800w, https:\/\/lesmarret.marret.co\/wp-content\/uploads\/2017\/05\/Manoir-de-la-Marni\u00e8re-ECM003_wp-412x600.jpg 412w, https:\/\/lesmarret.marret.co\/wp-content\/uploads\/2017\/05\/Manoir-de-la-Marni\u00e8re-ECM003_wp.jpg 811w\" sizes=\"auto, (max-width: 640px) 100vw, 640px\" \/><\/a><\/p>\n<p style=\"text-align: center;\"><span style=\"font-size: 10pt;\"><i>Article provenant&nbsp;d&rsquo;un bulletin municipal<\/i><span class=\"Apple-converted-space\"><i>&nbsp;<\/i><\/span><i>de la commune de Toussaint, de 2002<br \/>\n<\/i><em>Source : Chantal Moyne<\/em><\/span><\/p>\n","protected":false},"excerpt":{"rendered":"<p>La maison de La-C\u00f4te-Toussaint, appel\u00e9 aussi Manoir de la Marni\u00e8re, est \u00e9difi\u00e9e en 1890, \u00e0 la demande de Paul Marret (1853-1935), sur l\u2019emplacement d\u2019un relais de chasse du XVIIIe si\u00e8cle. \u00c0 l\u2019\u00e9poque, celui-ci travaille avec son fr\u00e8re, Charles Marret (1861-1958), &hellip; <a href=\"https:\/\/lesmarret.marret.co\/index.php\/des-lieux-de-famille\/la-cote-toussaint-manoir-de-la-marniere\/\">Continuer la lecture <span class=\"meta-nav\">&rarr;<\/span><\/a><\/p>\n","protected":false},"author":1,"featured_media":0,"parent":5382,"menu_order":0,"comment_status":"closed","ping_status":"closed","template":"","meta":{"_monsterinsights_skip_tracking":false,"_monsterinsights_sitenote_active":false,"_monsterinsights_sitenote_note":"","_monsterinsights_sitenote_category":0,"ngg_post_thumbnail":0,"footnotes":""},"class_list":["post-6305","page","type-page","status-publish","hentry"],"aioseo_notices":[],"_links":{"self":[{"href":"https:\/\/lesmarret.marret.co\/index.php\/wp-json\/wp\/v2\/pages\/6305","targetHints":{"allow":["GET"]}}],"collection":[{"href":"https:\/\/lesmarret.marret.co\/index.php\/wp-json\/wp\/v2\/pages"}],"about":[{"href":"https:\/\/lesmarret.marret.co\/index.php\/wp-json\/wp\/v2\/types\/page"}],"author":[{"embeddable":true,"href":"https:\/\/lesmarret.marret.co\/index.php\/wp-json\/wp\/v2\/users\/1"}],"replies":[{"embeddable":true,"href":"https:\/\/lesmarret.marret.co\/index.php\/wp-json\/wp\/v2\/comments?post=6305"}],"version-history":[{"count":0,"href":"https:\/\/lesmarret.marret.co\/index.php\/wp-json\/wp\/v2\/pages\/6305\/revisions"}],"up":[{"embeddable":true,"href":"https:\/\/lesmarret.marret.co\/index.php\/wp-json\/wp\/v2\/pages\/5382"}],"wp:attachment":[{"href":"https:\/\/lesmarret.marret.co\/index.php\/wp-json\/wp\/v2\/media?parent=6305"}],"curies":[{"name":"wp","href":"https:\/\/api.w.org\/{rel}","templated":true}]}}

La Côte Toussaint – Manoir de la Marnière

<p><a href="https://lesmarret.marret.co/wp-content/uploads/2017/05/La-Côte-Toussaint-04_wp.jpg"><img loading="lazy" decoding="async" width="346" height="216" class="wp-image-6294 alignleft" alt="" src="https://lesmarret.marret.co/wp-content/uploads/2017/05/La-Côte-Toussaint-04_wp.jpg" data-wp-pid="6294" srcset="https://lesmarret.marret.co/wp-content/uploads/2017/05/La-Côte-Toussaint-04_wp.jpg 886w, https://lesmarret.marret.co/wp-content/uploads/2017/05/La-Côte-Toussaint-04_wp-300x187.jpg 300w, https://lesmarret.marret.co/wp-content/uploads/2017/05/La-Côte-Toussaint-04_wp-768x479.jpg 768w, https://lesmarret.marret.co/wp-content/uploads/2017/05/La-Côte-Toussaint-04_wp-800x499.jpg 800w, https://lesmarret.marret.co/wp-content/uploads/2017/05/La-Côte-Toussaint-04_wp-600x374.jpg 600w" sizes="auto, (max-width: 346px) 100vw, 346px" /></a><span lang="FR"><span style="color: #000000;">La maison de La-Côte-Toussaint, appelé aussi Manoir de la Marnière, est édifiée en 1890, à la demande de <a href="https://lesmarret.marret.co/index.php/les-descendants-de-pierre-marret-lancetre-de-tourzel/paul-marret-1863-1935/">Paul Marret</a> (1853-1935), sur l’emplacement d’un relais de chasse du XVIII</span><sup><span style="color: #000000; font-size: small;">e</span></sup><span style="color: #000000;"> siècle. À l’époque, celui-ci travaille avec son frère, Charles Marret (1861-1958), comme bijoutier-joaillier dans la maison <em>Marret Frères</em>.</span></span></p>
<p><span lang="FR" style="font-size: 12pt;"><span style="color: #000000;">Elle a été construite à partir des plans qui ont été dessinés par Emmanuel Gonse et Charles Duval, le cousin de Paul Marret&nbsp;; celui-là même qui, dans les années suivantes, travaillera avec l’architecte Émile Vaudremer à la construction de la <a href="https://lesmarret.marret.co/index.php/des-lieux-de-famille/fourqueux/fourqueux-la-villa-collin/">Villa Collin</a> à Fourqueux. </span></span></p>
<p><a href="https://lesmarret.marret.co/wp-content/uploads/2017/05/Colleville-P-Marret-Travaux-Publics-revers_wp.jpg"><img loading="lazy" decoding="async" width="249" height="163" class="wp-image-6195 alignright" alt="" src="https://lesmarret.marret.co/wp-content/uploads/2017/05/Colleville-P-Marret-Travaux-Publics-revers_wp.jpg" data-wp-pid="6195" srcset="https://lesmarret.marret.co/wp-content/uploads/2017/05/Colleville-P-Marret-Travaux-Publics-revers_wp.jpg 886w, https://lesmarret.marret.co/wp-content/uploads/2017/05/Colleville-P-Marret-Travaux-Publics-revers_wp-300x196.jpg 300w, https://lesmarret.marret.co/wp-content/uploads/2017/05/Colleville-P-Marret-Travaux-Publics-revers_wp-768x503.jpg 768w, https://lesmarret.marret.co/wp-content/uploads/2017/05/Colleville-P-Marret-Travaux-Publics-revers_wp-800x524.jpg 800w, https://lesmarret.marret.co/wp-content/uploads/2017/05/Colleville-P-Marret-Travaux-Publics-revers_wp-600x393.jpg 600w" sizes="auto, (max-width: 249px) 100vw, 249px" /><br />
</a></p>
<p><span lang="FR" style="font-size: 12pt;"><span style="color: #000000;">Lorsque Charles et Paul Marret vendent la maison Marret Frères, ce dernier exploite une entreprise de travaux publics à Colleville, située à quelques kilomètres de Toussaint.</span></span></p>
<p><span lang="FR" style="font-size: 12pt;"><span style="color: #000000;"><a href="https://lesmarret.marret.co/wp-content/uploads/2017/05/2009-09-HM-Exposition-Fourqueux-Catalogue-c1_wp.jpg"><img loading="lazy" decoding="async" width="118" height="199" class="wp-image-5906 alignleft" alt="" src="https://lesmarret.marret.co/wp-content/uploads/2017/05/2009-09-HM-Exposition-Fourqueux-Catalogue-c1_wp.jpg" data-wp-pid="5906" srcset="https://lesmarret.marret.co/wp-content/uploads/2017/05/2009-09-HM-Exposition-Fourqueux-Catalogue-c1_wp.jpg 527w, https://lesmarret.marret.co/wp-content/uploads/2017/05/2009-09-HM-Exposition-Fourqueux-Catalogue-c1_wp-178x300.jpg 178w, https://lesmarret.marret.co/wp-content/uploads/2017/05/2009-09-HM-Exposition-Fourqueux-Catalogue-c1_wp-357x600.jpg 357w" sizes="auto, (max-width: 118px) 100vw, 118px" /></a></span></span></p>
<p><span lang="FR" style="font-size: 12pt;"><span style="color: #000000;"><a href="https://lesmarret.marret.co/index.php/les-descendants-de-pierre-marret-lancetre-de-tourzel/henri-marret/">Henri Marret</a> (1878-1964), peintre fresquiste réputé, vient souvent à La-Côte-Toussaint. Il réalise d’ailleurs plusieurs œuvres dans la région, parmi lesquelles les monuments aux morts, dans les églises de Toussaint et Sainte-Hélène-de-Bénouville (1922) ainsi que des peintures dans le sanatorium des Grandes-Dalles (1927). Lors de son séjour en 1933, il s’intéresse tout particulièrement au site des <a href="http://www.les-petites-dalles.org/Marret.html" target="_blank" rel="noopener noreferrer">Petites-Dalles</a> qui lui a inspiré croquis et aquarelles.</span></span></p>
<p><span lang="FR"><span style="color: #000000;"><a href="https://lesmarret.marret.co/wp-content/uploads/2017/05/N58-CM_wp.jpg"><img loading="lazy" decoding="async" width="300" height="225" class="wp-image-6296 alignright" alt="" src="https://lesmarret.marret.co/wp-content/uploads/2017/05/N58-CM_wp.jpg" data-wp-pid="6296" srcset="https://lesmarret.marret.co/wp-content/uploads/2017/05/N58-CM_wp.jpg 886w, https://lesmarret.marret.co/wp-content/uploads/2017/05/N58-CM_wp-300x225.jpg 300w, https://lesmarret.marret.co/wp-content/uploads/2017/05/N58-CM_wp-768x576.jpg 768w, https://lesmarret.marret.co/wp-content/uploads/2017/05/N58-CM_wp-800x600.jpg 800w, https://lesmarret.marret.co/wp-content/uploads/2017/05/N58-CM_wp-600x450.jpg 600w" sizes="auto, (max-width: 300px) 100vw, 300px" /></a>Après le décès de Paul Marret, son fils Michel Marret (1913-1939) habite La-Côte-Toussaint avec sa femme, Louise Néel; celle-ci conserve la propriété après la mort de son mari et jusqu&rsquo;au début du XXI<sup>e</sup> siècle.</span></span></p>
<p><span lang="FR"><span style="color: #000000;">La maison est un édifice remarquable et a fait l’objet d’un article dans la revue La Construction moderne n</span><sup><span style="color: #000000; font-size: small;">o</span></sup><span style="color: #000000;">&nbsp;3 du 27 décembre 1925.</span></span></p>
<p><a href="https://lesmarret.marret.co/wp-content/uploads/2017/05/Manoir-de-la-Marnière-ECM003_wp.jpg"><img loading="lazy" decoding="async" width="640" height="932" class="size-large wp-image-6295 aligncenter" alt="" src="https://lesmarret.marret.co/wp-content/uploads/2017/05/Manoir-de-la-Marnière-ECM003_wp-703x1024.jpg" data-wp-pid="6295" srcset="https://lesmarret.marret.co/wp-content/uploads/2017/05/Manoir-de-la-Marnière-ECM003_wp-703x1024.jpg 703w, https://lesmarret.marret.co/wp-content/uploads/2017/05/Manoir-de-la-Marnière-ECM003_wp-206x300.jpg 206w, https://lesmarret.marret.co/wp-content/uploads/2017/05/Manoir-de-la-Marnière-ECM003_wp-768x1118.jpg 768w, https://lesmarret.marret.co/wp-content/uploads/2017/05/Manoir-de-la-Marnière-ECM003_wp-800x1165.jpg 800w, https://lesmarret.marret.co/wp-content/uploads/2017/05/Manoir-de-la-Marnière-ECM003_wp-412x600.jpg 412w, https://lesmarret.marret.co/wp-content/uploads/2017/05/Manoir-de-la-Marnière-ECM003_wp.jpg 811w" sizes="auto, (max-width: 640px) 100vw, 640px" /></a></p>
<p style="text-align: center;"><span style="font-size: 10pt;"><i>Article provenant&nbsp;d&rsquo;un bulletin municipal</i><span class="Apple-converted-space"><i>&nbsp;</i></span><i>de la commune de Toussaint, de 2002<br />
</i><em>Source : Chantal Moyne</em></span></p>

<p>La maison de La-Côte-Toussaint, appelé aussi Manoir de la Marnière, est édifiée en 1890, à la demande de Paul Marret (1853-1935), sur l’emplacement d’un relais de chasse du XVIIIe siècle. À l’époque, celui-ci travaille avec son frère, Charles Marret (1861-1958), &hellip; <a href="https://lesmarret.marret.co/index.php/des-lieux-de-famille/la-cote-toussaint-manoir-de-la-marniere/">Continuer la lecture <span class="meta-nav">&rarr;</span></a></p>
