{"id":6362,"date":"2017-05-27T22:45:55","date_gmt":"2017-05-27T21:45:55","guid":{"rendered":"http:\/\/lesmarret.marret.co\/?page_id=6362"},"modified":"2017-05-27T22:45:55","modified_gmt":"2017-05-27T21:45:55","slug":"auguste-marret-1790-1851","status":"publish","type":"page","link":"https:\/\/lesmarret.marret.co\/index.php\/pierre-marret-lancetre\/pierre-marret-sa-famille\/auguste-marret-1790-1851\/","title":{"rendered":"Auguste Marret (1790-1851)"},"content":{"rendered":"<p><a href=\"https:\/\/lesmarret.marret.co\/wp-content\/uploads\/2017\/05\/1790-07-12-MARRET-Auguste-Jean-Naissance_wp.jpg\"><img loading=\"lazy\" decoding=\"async\" width=\"209\" height=\"250\" class=\"wp-image-6367 alignright\" alt=\"\" src=\"https:\/\/lesmarret.marret.co\/wp-content\/uploads\/2017\/05\/1790-07-12-MARRET-Auguste-Jean-Naissance_wp.jpg\" data-wp-pid=\"6367\" srcset=\"https:\/\/lesmarret.marret.co\/wp-content\/uploads\/2017\/05\/1790-07-12-MARRET-Auguste-Jean-Naissance_wp.jpg 493w, https:\/\/lesmarret.marret.co\/wp-content\/uploads\/2017\/05\/1790-07-12-MARRET-Auguste-Jean-Naissance_wp-250x300.jpg 250w\" sizes=\"auto, (max-width: 209px) 100vw, 209px\" \/><\/a> <a href=\"https:\/\/lesmarret.marret.co\/wp-content\/uploads\/2017\/05\/1790-07-11-MAUG\u00c9-Auguste-Jean-Naissance_wp.jpg\"><img loading=\"lazy\" decoding=\"async\" width=\"205\" height=\"250\" class=\"wp-image-6366 alignleft\" alt=\"\" src=\"https:\/\/lesmarret.marret.co\/wp-content\/uploads\/2017\/05\/1790-07-11-MAUG\u00c9-Auguste-Jean-Naissance_wp.jpg\" data-wp-pid=\"6366\" srcset=\"https:\/\/lesmarret.marret.co\/wp-content\/uploads\/2017\/05\/1790-07-11-MAUG\u00c9-Auguste-Jean-Naissance_wp.jpg 485w, https:\/\/lesmarret.marret.co\/wp-content\/uploads\/2017\/05\/1790-07-11-MAUG\u00c9-Auguste-Jean-Naissance_wp-246x300.jpg 246w\" sizes=\"auto, (max-width: 205px) 100vw, 205px\" \/><\/a>Auguste Jean Marret (1790-1851) na\u00eet le 11 ou le 12 juillet 1790, fils naturel de <a href=\"https:\/\/lesmarret.marret.co\/index.php\/pierre-marret-lancetre\/\">Pierre Marret <\/a>(1765-1857) et de Marie-Anne Maug\u00e9. Il est adopt\u00e9 par Marie-Jeanne Cottard le 15 thermidor an IX (3 ao\u00fbt 1801), avant le mariage de celle-ci avec Pierre Marret.<\/p>\n<p>D\u00e9c\u00e9d\u00e9 \u00e0 Paris, le 31 janvier 1851, il est inhum\u00e9 le 2&nbsp;f\u00e9vrier&nbsp;1851 au cimeti\u00e8re du P\u00e8re-Lachaise, dans la tombe familiale des Marret (aujourd\u2019hui disparue).<\/p>\n<p><u>Activit\u00e9s professionnelles<\/u><\/p>\n<p><a href=\"https:\/\/lesmarret.marret.co\/wp-content\/uploads\/2017\/05\/Marret-Quai-des-Orf\u00e8vres-Cuill\u00e8res-1-04_wp.jpg\"><img loading=\"lazy\" decoding=\"async\" width=\"283\" height=\"50\" class=\"wp-image-6359 alignleft\" alt=\"\" src=\"https:\/\/lesmarret.marret.co\/wp-content\/uploads\/2017\/05\/Marret-Quai-des-Orf\u00e8vres-Cuill\u00e8res-1-04_wp.jpg\" data-wp-pid=\"6359\" srcset=\"https:\/\/lesmarret.marret.co\/wp-content\/uploads\/2017\/05\/Marret-Quai-des-Orf\u00e8vres-Cuill\u00e8res-1-04_wp.jpg 413w, https:\/\/lesmarret.marret.co\/wp-content\/uploads\/2017\/05\/Marret-Quai-des-Orf\u00e8vres-Cuill\u00e8res-1-04_wp-300x53.jpg 300w\" sizes=\"auto, (max-width: 283px) 100vw, 283px\" \/><\/a>Auguste Marret s\u2019associe \u00e0 Grouvelle, bijoutier-joaillier et orf\u00e8vre, dans une maison situ\u00e9e 68, quai des Orf\u00e8vres, \u00e0 Paris (1837-1838)&nbsp;; son fils Paul le remplace ensuite dans l\u2019association pendant que lui s\u2019installe comme orf\u00e8vre au 119, Palais-Royal o\u00f9 il op\u00e8re jusqu\u2019en 1844. Lorsque Grouvelle se retire en 1842, Paul prend la rel\u00e8ve avec l\u2019aide de son p\u00e8re et ils cr\u00e9ent ensemble la soci\u00e9t\u00e9 <em>Marret, p\u00e8re et fils<\/em>, sp\u00e9cialis\u00e9e dans le commerce d\u2019orf\u00e8vrerie et de bijouterie.<\/p>\n<p><a href=\"https:\/\/lesmarret.marret.co\/wp-content\/uploads\/2017\/05\/1814-10-15-MARRET-Auguste-Jean-G\u00e9n\u00e9aService_wp.jpg\"><img loading=\"lazy\" decoding=\"async\" width=\"216\" height=\"250\" class=\"wp-image-6364 alignright\" alt=\"\" src=\"https:\/\/lesmarret.marret.co\/wp-content\/uploads\/2017\/05\/1814-10-15-MARRET-Auguste-Jean-G\u00e9n\u00e9aService_wp.jpg\" data-wp-pid=\"6364\" srcset=\"https:\/\/lesmarret.marret.co\/wp-content\/uploads\/2017\/05\/1814-10-15-MARRET-Auguste-Jean-G\u00e9n\u00e9aService_wp.jpg 512w, https:\/\/lesmarret.marret.co\/wp-content\/uploads\/2017\/05\/1814-10-15-MARRET-Auguste-Jean-G\u00e9n\u00e9aService_wp-260x300.jpg 260w\" sizes=\"auto, (max-width: 216px) 100vw, 216px\" \/><\/a><u>Descendance<\/u><\/p>\n<p>Le 15 octobre 1814, Auguste \u00e9pouse Aim\u00e9e Louise Fleury et ils ont un enfant unique&nbsp;: Paul Augustin Marret (1816-1854). Celui-ci \u0153uvre comme orf\u00e8vre et d\u00e9c\u00e8de en 1854, trois ans seulement apr\u00e8s son p\u00e8re\u2026<\/p>\n<p>Les descendants connus portent les patronymes MARRET et MARTZ.<\/p>\n<p><span lang=\"FR\" style=\"margin: 0px; color: windowtext; font-family: 'Georgia','serif';\">Pour plus de d\u00e9tails sur la descendance, consulter la <a href=\"http:\/\/gw.geneanet.org\/jlmarret_w\" target=\"_blank\" rel=\"noopener noreferrer\">g\u00e9n\u00e9alogie Marret-Gravereaux<\/a> sur Geneanet.<\/span><\/p>\n","protected":false},"excerpt":{"rendered":"<p>Auguste Jean Marret (1790-1851) na\u00eet le 11 ou le 12 juillet 1790, fils naturel de Pierre Marret (1765-1857) et de Marie-Anne Maug\u00e9. Il est adopt\u00e9 par Marie-Jeanne Cottard le 15 thermidor an IX (3 ao\u00fbt 1801), avant le mariage de &hellip; <a href=\"https:\/\/lesmarret.marret.co\/index.php\/pierre-marret-lancetre\/pierre-marret-sa-famille\/auguste-marret-1790-1851\/\">Continuer la lecture <span class=\"meta-nav\">&rarr;<\/span><\/a><\/p>\n","protected":false},"author":1,"featured_media":0,"parent":5420,"menu_order":0,"comment_status":"closed","ping_status":"closed","template":"","meta":{"_monsterinsights_skip_tracking":false,"_monsterinsights_sitenote_active":false,"_monsterinsights_sitenote_note":"","_monsterinsights_sitenote_category":0,"ngg_post_thumbnail":0,"footnotes":""},"class_list":["post-6362","page","type-page","status-publish","hentry"],"aioseo_notices":[],"_links":{"self":[{"href":"https:\/\/lesmarret.marret.co\/index.php\/wp-json\/wp\/v2\/pages\/6362","targetHints":{"allow":["GET"]}}],"collection":[{"href":"https:\/\/lesmarret.marret.co\/index.php\/wp-json\/wp\/v2\/pages"}],"about":[{"href":"https:\/\/lesmarret.marret.co\/index.php\/wp-json\/wp\/v2\/types\/page"}],"author":[{"embeddable":true,"href":"https:\/\/lesmarret.marret.co\/index.php\/wp-json\/wp\/v2\/users\/1"}],"replies":[{"embeddable":true,"href":"https:\/\/lesmarret.marret.co\/index.php\/wp-json\/wp\/v2\/comments?post=6362"}],"version-history":[{"count":0,"href":"https:\/\/lesmarret.marret.co\/index.php\/wp-json\/wp\/v2\/pages\/6362\/revisions"}],"up":[{"embeddable":true,"href":"https:\/\/lesmarret.marret.co\/index.php\/wp-json\/wp\/v2\/pages\/5420"}],"wp:attachment":[{"href":"https:\/\/lesmarret.marret.co\/index.php\/wp-json\/wp\/v2\/media?parent=6362"}],"curies":[{"name":"wp","href":"https:\/\/api.w.org\/{rel}","templated":true}]}}