{"id":6386,"date":"2017-05-27T22:44:53","date_gmt":"2017-05-27T21:44:53","guid":{"rendered":"http:\/\/lesmarret.marret.co\/?page_id=6386"},"modified":"2017-05-27T22:49:15","modified_gmt":"2017-05-27T21:49:15","slug":"pauline-marret-1802-1864","status":"publish","type":"page","link":"https:\/\/lesmarret.marret.co\/index.php\/pierre-marret-lancetre\/pierre-marret-sa-famille\/pauline-marret-1802-1864\/","title":{"rendered":"Pauline Marret (1802-1864)"},"content":{"rendered":"<p>Genevi\u00e8ve <strong>Pauline<\/strong> Marret na\u00eet vers 1802&nbsp;; seconde des 5&nbsp;enfants de <a href=\"https:\/\/lesmarret.marret.co\/index.php\/pierre-marret-lancetre\/\">Pierre Marret<\/a> (1765-1857) et Marie-Jeanne Cottard (1776-1814), elle en est la seule fille.<\/p>\n<p>Elle d\u00e9c\u00e8de, \u00e0 Paris, le 6 ao\u00fbt 1834 et est inhum\u00e9e le lendemain, au cimeti\u00e8re du P\u00e8re-Lachaise, dans le caveau familial (aujourd\u2019hui disparu).<\/p>\n<p><u><a href=\"https:\/\/lesmarret.marret.co\/wp-content\/uploads\/2017\/05\/1824-09-28-MARRET-Pauline-et-Antoine-PICHON-Mariage_wp.jpg\"><img loading=\"lazy\" decoding=\"async\" width=\"200\" height=\"251\" class=\"wp-image-6374 alignleft\" alt=\"\" src=\"https:\/\/lesmarret.marret.co\/wp-content\/uploads\/2017\/05\/1824-09-28-MARRET-Pauline-et-Antoine-PICHON-Mariage_wp.jpg\" data-wp-pid=\"6374\" srcset=\"https:\/\/lesmarret.marret.co\/wp-content\/uploads\/2017\/05\/1824-09-28-MARRET-Pauline-et-Antoine-PICHON-Mariage_wp.jpg 708w, https:\/\/lesmarret.marret.co\/wp-content\/uploads\/2017\/05\/1824-09-28-MARRET-Pauline-et-Antoine-PICHON-Mariage_wp-240x300.jpg 240w, https:\/\/lesmarret.marret.co\/wp-content\/uploads\/2017\/05\/1824-09-28-MARRET-Pauline-et-Antoine-PICHON-Mariage_wp-479x600.jpg 479w\" sizes=\"auto, (max-width: 200px) 100vw, 200px\" \/><\/a>Descendance<\/u><\/p>\n<p>Le 28&nbsp;septembre&nbsp;1824, elle \u00e9pouse, \u00e0 l\u2019\u00e9glise Saint-Roch (Paris, I<sup>er<\/sup>), \u00c9tienne <strong>Antoine<\/strong> Pichon (1797-1840)&nbsp;; de leur union naissent deux enfants&nbsp;:<\/p>\n<ul>\n<li>Emmanuel <strong>\u00c9tienne<\/strong> Pichon (1825-1887) qui travaille comme chimiste.<\/li>\n<li><\/li>\n<li><strong>St\u00e9phanie<\/strong> Pichon (1827-1866)&nbsp;; celle-ci \u00e9pouse, en 1846, Eug\u00e8ne Jarry (1818-1883). Celui-ci s\u2019associe, comme bijoutier-joaillier, \u00e0 Hippolyte Marret \u2013 son beau-fr\u00e8re \u2013 dans les maisons <em>Marret, Jarry &amp; Gaime<\/em> (1846-1850), <em>Marret et Jarry Fr\u00e8res<\/em> (1851-1858), ainsi que <em>Marret, Jarry Fr\u00e8res et Marret Neveux<\/em> (1858-1872).<\/li>\n<\/ul>\n<p>Les seuls descendants connus portent les patronymes JARRY et PICHON.<\/p>\n","protected":false},"excerpt":{"rendered":"<p>Genevi\u00e8ve Pauline Marret na\u00eet vers 1802&nbsp;; seconde des 5&nbsp;enfants de Pierre Marret (1765-1857) et Marie-Jeanne Cottard (1776-1814), elle en est la seule fille. Elle d\u00e9c\u00e8de, \u00e0 Paris, le 6 ao\u00fbt 1834 et est inhum\u00e9e le lendemain, au cimeti\u00e8re du P\u00e8re-Lachaise, &hellip; <a href=\"https:\/\/lesmarret.marret.co\/index.php\/pierre-marret-lancetre\/pierre-marret-sa-famille\/pauline-marret-1802-1864\/\">Continuer la lecture <span class=\"meta-nav\">&rarr;<\/span><\/a><\/p>\n","protected":false},"author":1,"featured_media":0,"parent":5420,"menu_order":0,"comment_status":"closed","ping_status":"closed","template":"","meta":{"_monsterinsights_skip_tracking":false,"_monsterinsights_sitenote_active":false,"_monsterinsights_sitenote_note":"","_monsterinsights_sitenote_category":0,"ngg_post_thumbnail":0,"footnotes":""},"class_list":["post-6386","page","type-page","status-publish","hentry"],"aioseo_notices":[],"_links":{"self":[{"href":"https:\/\/lesmarret.marret.co\/index.php\/wp-json\/wp\/v2\/pages\/6386","targetHints":{"allow":["GET"]}}],"collection":[{"href":"https:\/\/lesmarret.marret.co\/index.php\/wp-json\/wp\/v2\/pages"}],"about":[{"href":"https:\/\/lesmarret.marret.co\/index.php\/wp-json\/wp\/v2\/types\/page"}],"author":[{"embeddable":true,"href":"https:\/\/lesmarret.marret.co\/index.php\/wp-json\/wp\/v2\/users\/1"}],"replies":[{"embeddable":true,"href":"https:\/\/lesmarret.marret.co\/index.php\/wp-json\/wp\/v2\/comments?post=6386"}],"version-history":[{"count":0,"href":"https:\/\/lesmarret.marret.co\/index.php\/wp-json\/wp\/v2\/pages\/6386\/revisions"}],"up":[{"embeddable":true,"href":"https:\/\/lesmarret.marret.co\/index.php\/wp-json\/wp\/v2\/pages\/5420"}],"wp:attachment":[{"href":"https:\/\/lesmarret.marret.co\/index.php\/wp-json\/wp\/v2\/media?parent=6386"}],"curies":[{"name":"wp","href":"https:\/\/api.w.org\/{rel}","templated":true}]}}