{"id":6390,"date":"2017-05-27T22:42:03","date_gmt":"2017-05-27T21:42:03","guid":{"rendered":"http:\/\/lesmarret.marret.co\/?page_id=6390"},"modified":"2017-06-27T23:45:01","modified_gmt":"2017-06-27T22:45:01","slug":"hippolyte-marret-1804-1853","status":"publish","type":"page","link":"https:\/\/lesmarret.marret.co\/index.php\/pierre-marret-lancetre\/pierre-marret-sa-famille\/hippolyte-marret-1804-1853\/","title":{"rendered":"Hippolyte Marret (1804-1883)"},"content":{"rendered":"<p><a href=\"https:\/\/lesmarret.marret.co\/wp-content\/uploads\/2017\/05\/Hippolyte-Marret-DM006b_wp.jpg\"><img loading=\"lazy\" decoding=\"async\" width=\"214\" height=\"248\" class=\"wp-image-6272 alignleft\" alt=\"\" src=\"https:\/\/lesmarret.marret.co\/wp-content\/uploads\/2017\/05\/Hippolyte-Marret-DM006b_wp.jpg\" data-wp-pid=\"6272\" srcset=\"https:\/\/lesmarret.marret.co\/wp-content\/uploads\/2017\/05\/Hippolyte-Marret-DM006b_wp.jpg 306w, https:\/\/lesmarret.marret.co\/wp-content\/uploads\/2017\/05\/Hippolyte-Marret-DM006b_wp-259x300.jpg 259w\" sizes=\"auto, (max-width: 214px) 100vw, 214px\" \/><\/a><a href=\"https:\/\/lesmarret.marret.co\/wp-content\/uploads\/2017\/05\/1804-09-15-Marret-Hippolyte-Naissance_wp.jpg\"><img loading=\"lazy\" decoding=\"async\" width=\"204\" height=\"244\" class=\"wp-image-6371 alignright\" alt=\"\" src=\"https:\/\/lesmarret.marret.co\/wp-content\/uploads\/2017\/05\/1804-09-15-Marret-Hippolyte-Naissance_wp-859x1024.jpg\" data-wp-pid=\"6371\" srcset=\"https:\/\/lesmarret.marret.co\/wp-content\/uploads\/2017\/05\/1804-09-15-Marret-Hippolyte-Naissance_wp-859x1024.jpg 859w, https:\/\/lesmarret.marret.co\/wp-content\/uploads\/2017\/05\/1804-09-15-Marret-Hippolyte-Naissance_wp-252x300.jpg 252w, https:\/\/lesmarret.marret.co\/wp-content\/uploads\/2017\/05\/1804-09-15-Marret-Hippolyte-Naissance_wp-768x915.jpg 768w, https:\/\/lesmarret.marret.co\/wp-content\/uploads\/2017\/05\/1804-09-15-Marret-Hippolyte-Naissance_wp-800x953.jpg 800w, https:\/\/lesmarret.marret.co\/wp-content\/uploads\/2017\/05\/1804-09-15-Marret-Hippolyte-Naissance_wp-503x600.jpg 503w, https:\/\/lesmarret.marret.co\/wp-content\/uploads\/2017\/05\/1804-09-15-Marret-Hippolyte-Naissance_wp.jpg 886w\" sizes=\"auto, (max-width: 204px) 100vw, 204px\" \/><\/a><\/p>\n<p>Charles <strong>Hippolyte<\/strong> Marret na\u00eet \u00e0 Paris, le 14&nbsp;septembre&nbsp;1804&nbsp;; il est le quatri\u00e8me des 5&nbsp;enfants de <a href=\"https:\/\/lesmarret.marret.co\/index.php\/pierre-marret-lancetre\/\">Pierre Marret<\/a> (1765-1857) et Marie-Jeanne Cottard (1776-1814).<\/p>\n<p>&nbsp;<\/p>\n<p>Apr\u00e8s avoir exerc\u00e9 ses activit\u00e9s de bijoutier-joaillier pendant plus de quarante ans, il se retire et entame une deuxi\u00e8me carri\u00e8re, comme exploitant agricole, dans ses propri\u00e9t\u00e9s de <a href=\"https:\/\/lesmarret.marret.co\/index.php\/__trashed-4\/\">Masvieux et Bessous<\/a>&nbsp;qu\u2019il poss\u00e8de pr\u00e8s de Saint-Yrieix-la-Perche (<em>87 &#8211; Haute-Vienne<\/em>); Hippolyte Marret est d&rsquo;ailleurs nomm\u00e9 maire de la commune du Chalard en novembre 1867. C\u2019est l\u00e0, dans sa maison de Masvieux qu\u2019il d\u00e9c\u00e8de le 3&nbsp;avril&nbsp;1883&nbsp;; quelques jours plus tard, il rejoint sa famille dans le caveau familial (aujourd\u2019hui disparu), au cimeti\u00e8re du P\u00e8re-Lachaise.<\/p>\n<p><u>Activit\u00e9s professionnelles<\/u><\/p>\n<p>Hippolyte Marret a \u0153uvr\u00e9 comme bijoutier, joaillier et orf\u00e8vre. Il a \u00e9t\u00e9 impliqu\u00e9 dans plusieurs maisons de la famille, parmi lesquelles&nbsp;:<\/p>\n<ul>\n<li><em><a href=\"https:\/\/lesmarret.marret.co\/wp-content\/uploads\/2017\/04\/Marret-Jarry-et-Gaime-Sali\u00e8res-08a_wp.jpg\"><img loading=\"lazy\" decoding=\"async\" width=\"200\" height=\"80\" class=\"wp-image-5502 alignright\" alt=\"\" src=\"https:\/\/lesmarret.marret.co\/wp-content\/uploads\/2017\/04\/Marret-Jarry-et-Gaime-Sali\u00e8res-08a_wp.jpg\" data-wp-pid=\"5502\"><\/a>B\u00e9nier et Marret Fr\u00e8res<\/em>, 10 rue Vivienne (1826-1829).<\/li>\n<li><a href=\"https:\/\/lesmarret.marret.co\/index.php\/les-marret-bijoutiers\/marret-freres\/\"><em>Marret Fr\u00e8res<\/em><\/a>, 10 rue Vivienne (1829-1834).<\/li>\n<li><em>Marret, Hippolyte<\/em>, 16 rue Vivienne (1834-1846).<\/li>\n<li><em>Marret, Jarry et Gaime<\/em>, 16 rue Vivienne (1846-1850).<\/li>\n<li><em><a href=\"https:\/\/lesmarret.marret.co\/wp-content\/uploads\/2017\/04\/Marret-et-Jarry-fr\u00e8res-Pot-\u00e0-lait-07_wp.jpg\"><img loading=\"lazy\" decoding=\"async\" width=\"201\" height=\"86\" class=\"wp-image-5336 alignright\" alt=\"\" src=\"https:\/\/lesmarret.marret.co\/wp-content\/uploads\/2017\/04\/Marret-et-Jarry-fr\u00e8res-Pot-\u00e0-lait-07_wp.jpg\" data-wp-pid=\"5336\" srcset=\"https:\/\/lesmarret.marret.co\/wp-content\/uploads\/2017\/04\/Marret-et-Jarry-fr\u00e8res-Pot-\u00e0-lait-07_wp.jpg 591w, https:\/\/lesmarret.marret.co\/wp-content\/uploads\/2017\/04\/Marret-et-Jarry-fr\u00e8res-Pot-\u00e0-lait-07_wp-300x128.jpg 300w\" sizes=\"auto, (max-width: 201px) 100vw, 201px\" \/><\/a>Marret et Jarry fr\u00e8res<\/em>, 16 rue Vivienne (1851-1858).<\/li>\n<li><em>Marret, Jarry Fr\u00e8res et Marret Neveux<\/em>, 16 rue Vivienne (1858-1872).<\/li>\n<\/ul>\n<p><u><a href=\"https:\/\/lesmarret.marret.co\/wp-content\/uploads\/2017\/05\/1832-09-15-MARRET-Hippolyte-et-Marie-JARRY-Mariage_wp.jpg\"><img loading=\"lazy\" decoding=\"async\" width=\"210\" height=\"244\" class=\"wp-image-6373 alignleft\" alt=\"\" src=\"https:\/\/lesmarret.marret.co\/wp-content\/uploads\/2017\/05\/1832-09-15-MARRET-Hippolyte-et-Marie-JARRY-Mariage_wp-882x1024.jpg\" data-wp-pid=\"6373\" srcset=\"https:\/\/lesmarret.marret.co\/wp-content\/uploads\/2017\/05\/1832-09-15-MARRET-Hippolyte-et-Marie-JARRY-Mariage_wp-882x1024.jpg 882w, https:\/\/lesmarret.marret.co\/wp-content\/uploads\/2017\/05\/1832-09-15-MARRET-Hippolyte-et-Marie-JARRY-Mariage_wp-258x300.jpg 258w, https:\/\/lesmarret.marret.co\/wp-content\/uploads\/2017\/05\/1832-09-15-MARRET-Hippolyte-et-Marie-JARRY-Mariage_wp-768x892.jpg 768w, https:\/\/lesmarret.marret.co\/wp-content\/uploads\/2017\/05\/1832-09-15-MARRET-Hippolyte-et-Marie-JARRY-Mariage_wp-800x929.jpg 800w, https:\/\/lesmarret.marret.co\/wp-content\/uploads\/2017\/05\/1832-09-15-MARRET-Hippolyte-et-Marie-JARRY-Mariage_wp-517x600.jpg 517w, https:\/\/lesmarret.marret.co\/wp-content\/uploads\/2017\/05\/1832-09-15-MARRET-Hippolyte-et-Marie-JARRY-Mariage_wp.jpg 886w\" sizes=\"auto, (max-width: 210px) 100vw, 210px\" \/><\/a>Descendance<\/u><\/p>\n<p>Le 15&nbsp;septembre&nbsp;1832 (\u00e9glise Sainte-Clothilde, Paris VII<sup>e<\/sup>), il \u00e9pouse en premi\u00e8res noces Marie-Am\u00e9lie Jarry (1816-1860).<\/p>\n<p>Le 15 janvier&nbsp;1863, il se marie en deuxi\u00e8mes noces avec Pauline Leli\u00e8vre (1833\u20131918)&nbsp;; d\u2019une premi\u00e8re union avec Louis Eug\u00e8ne Marchand, elle avait eu un enfant, Pierre \u00c9douard Marchand&nbsp;; celui-ci h\u00e9ritera des propri\u00e9t\u00e9s de Bessous et Masvieux.<\/p>\n<p>On ne conna\u00eet aucun descendant \u00e0 Hippolyte Marret.<\/p>\n","protected":false},"excerpt":{"rendered":"<p>Charles Hippolyte Marret na\u00eet \u00e0 Paris, le 14&nbsp;septembre&nbsp;1804&nbsp;; il est le quatri\u00e8me des 5&nbsp;enfants de Pierre Marret (1765-1857) et Marie-Jeanne Cottard (1776-1814). &nbsp; Apr\u00e8s avoir exerc\u00e9 ses activit\u00e9s de bijoutier-joaillier pendant plus de quarante ans, il se retire et entame &hellip; <a href=\"https:\/\/lesmarret.marret.co\/index.php\/pierre-marret-lancetre\/pierre-marret-sa-famille\/hippolyte-marret-1804-1853\/\">Continuer la lecture <span class=\"meta-nav\">&rarr;<\/span><\/a><\/p>\n","protected":false},"author":1,"featured_media":0,"parent":5420,"menu_order":0,"comment_status":"closed","ping_status":"closed","template":"","meta":{"_monsterinsights_skip_tracking":false,"_monsterinsights_sitenote_active":false,"_monsterinsights_sitenote_note":"","_monsterinsights_sitenote_category":0,"ngg_post_thumbnail":0,"footnotes":""},"class_list":["post-6390","page","type-page","status-publish","hentry"],"aioseo_notices":[],"_links":{"self":[{"href":"https:\/\/lesmarret.marret.co\/index.php\/wp-json\/wp\/v2\/pages\/6390","targetHints":{"allow":["GET"]}}],"collection":[{"href":"https:\/\/lesmarret.marret.co\/index.php\/wp-json\/wp\/v2\/pages"}],"about":[{"href":"https:\/\/lesmarret.marret.co\/index.php\/wp-json\/wp\/v2\/types\/page"}],"author":[{"embeddable":true,"href":"https:\/\/lesmarret.marret.co\/index.php\/wp-json\/wp\/v2\/users\/1"}],"replies":[{"embeddable":true,"href":"https:\/\/lesmarret.marret.co\/index.php\/wp-json\/wp\/v2\/comments?post=6390"}],"version-history":[{"count":0,"href":"https:\/\/lesmarret.marret.co\/index.php\/wp-json\/wp\/v2\/pages\/6390\/revisions"}],"up":[{"embeddable":true,"href":"https:\/\/lesmarret.marret.co\/index.php\/wp-json\/wp\/v2\/pages\/5420"}],"wp:attachment":[{"href":"https:\/\/lesmarret.marret.co\/index.php\/wp-json\/wp\/v2\/media?parent=6390"}],"curies":[{"name":"wp","href":"https:\/\/api.w.org\/{rel}","templated":true}]}}