{"id":6397,"date":"2017-05-27T22:36:11","date_gmt":"2017-05-27T21:36:11","guid":{"rendered":"http:\/\/lesmarret.marret.co\/?page_id=6397"},"modified":"2017-05-27T22:50:20","modified_gmt":"2017-05-27T21:50:20","slug":"justin-marret-1803-1844","status":"publish","type":"page","link":"https:\/\/lesmarret.marret.co\/index.php\/pierre-marret-lancetre\/pierre-marret-sa-famille\/justin-marret-1803-1844\/","title":{"rendered":"Justin Marret (1803-1844)"},"content":{"rendered":"<p>Ab\u00e9lard Joseph <strong>Justin<\/strong> na\u00eet \u00e0 Paris le 2&nbsp;f\u00e9vrier 1803&nbsp;; il est le troisi\u00e8me des 5&nbsp;enfants de <a href=\"https:\/\/lesmarret.marret.co\/index.php\/pierre-marret-lancetre\/\">Pierre Marret <\/a>(1765-1857) et Marie-Jeanne Cottard (1776-1814).<\/p>\n<p>Il meurt \u00e0 Paris le 6 f\u00e9vrier 1844 et est inhum\u00e9 deux jours plus tard dans le caveau familial (aujourd\u2019hui disparu), au cimeti\u00e8re du P\u00e8re-Lachaise.<\/p>\n<p><u>Activit\u00e9s professionnelles<\/u><\/p>\n<p>Justin Marret a peut-\u00eatre commenc\u00e9 \u00e0 travailler comme graveur sur acier et sur divers m\u00e9taux. L\u2019on est toutefois certain &#8211;&nbsp;les annuaires de l\u2019\u00e9poque l\u2019indiquent &#8211;&nbsp;qu\u2019il est, \u00e0 partir de&nbsp;1837, bijoutier au Palais-Royal, et plus pr\u00e9cis\u00e9ment, fabricant d&rsquo;ordres&#8230;<\/p>\n<div id=\"attachment_6405\" style=\"width: 601px\" class=\"wp-caption alignnone\"><a href=\"https:\/\/lesmarret.marret.co\/wp-content\/uploads\/2017\/05\/1837-Almanach-du-commerce-de-Paris-p18_wp.jpg\"><img loading=\"lazy\" decoding=\"async\" aria-describedby=\"caption-attachment-6405\" width=\"591\" height=\"82\" class=\"size-full wp-image-6405\" alt=\"\" src=\"https:\/\/lesmarret.marret.co\/wp-content\/uploads\/2017\/05\/1837-Almanach-du-commerce-de-Paris-p18_wp.jpg\" data-wp-pid=\"6405\" srcset=\"https:\/\/lesmarret.marret.co\/wp-content\/uploads\/2017\/05\/1837-Almanach-du-commerce-de-Paris-p18_wp.jpg 591w, https:\/\/lesmarret.marret.co\/wp-content\/uploads\/2017\/05\/1837-Almanach-du-commerce-de-Paris-p18_wp-300x42.jpg 300w\" sizes=\"auto, (max-width: 591px) 100vw, 591px\" \/><\/a><p id=\"caption-attachment-6405\" class=\"wp-caption-text\">Almanach du commerce de Paris, des d\u00e9partemens de la France (1837)<\/p><\/div>\n<p>&nbsp;<\/p>\n<p><u><a href=\"https:\/\/lesmarret.marret.co\/wp-content\/uploads\/2017\/05\/1832-06-28-MARRET-Justin-et-Ang\u00e9lique-BESSE-Mariage_wp.jpg\"><img loading=\"lazy\" decoding=\"async\" width=\"214\" height=\"249\" class=\"wp-image-6376 alignleft\" alt=\"\" src=\"https:\/\/lesmarret.marret.co\/wp-content\/uploads\/2017\/05\/1832-06-28-MARRET-Justin-et-Ang\u00e9lique-BESSE-Mariage_wp.jpg\" data-wp-pid=\"6376\" srcset=\"https:\/\/lesmarret.marret.co\/wp-content\/uploads\/2017\/05\/1832-06-28-MARRET-Justin-et-Ang\u00e9lique-BESSE-Mariage_wp.jpg 761w, https:\/\/lesmarret.marret.co\/wp-content\/uploads\/2017\/05\/1832-06-28-MARRET-Justin-et-Ang\u00e9lique-BESSE-Mariage_wp-258x300.jpg 258w, https:\/\/lesmarret.marret.co\/wp-content\/uploads\/2017\/05\/1832-06-28-MARRET-Justin-et-Ang\u00e9lique-BESSE-Mariage_wp-515x600.jpg 515w\" sizes=\"auto, (max-width: 214px) 100vw, 214px\" \/><\/a>Descendance<\/u><\/p>\n<p>Le 28&nbsp;juin&nbsp;1832, il se marie, \u00e0 l\u2019\u00e9glise Saint-Roch (Paris,&nbsp;I<sup>er<\/sup>) avec Ang\u00e9lique Besse (1803-1887)&nbsp;; il la connaissait depuis fort longtemps puisqu\u2019elle \u00e9tait sa propre cousine germaine\u2026<\/p>\n<p style=\"padding-left: 60px;\">En effet, Nicolas Cottard (1746-1788) et Marie-Jeanne Horaist (1748-1826) avaient eu quatre enfants, dont deux filles&nbsp;: Marie-Jeanne Cottard (1776-1844), la m\u00e8re de <strong>Justin Marret<\/strong> et Marie-Genevi\u00e8ve Cottard (1778-1836) qui, mari\u00e9e avec Andr\u00e9 Besse (1769-1810), avait eu 4&nbsp;enfants, dont l\u2019ain\u00e9e \u00e9tait Genevi\u00e8ve <strong>Ang\u00e9lique Besse<\/strong><\/p>\n<p>Justin Marret et Genevi\u00e8ve Ang\u00e9lique Besse ont quatre enfants&nbsp;:<\/p>\n<ul>\n<li>Marie Eug\u00e8ne <strong>Caroline<\/strong> (1833-1834).<\/li>\n<li>F\u00e9lix <strong>Ernest<\/strong> (1835-1911)&nbsp;; celui-ci oeuvrera comme bijoutier-joaillier, de 1858 \u00e0 1889, dans plusieurs soci\u00e9t\u00e9s Marret&nbsp;: <em>Marret, Jarry Fr\u00e8res et Marret Neveux<\/em>; <em>Marret Fr\u00e8res et Jarry<\/em>&nbsp;; <a href=\"https:\/\/lesmarret.marret.co\/index.php\/les-marret-bijoutiers\/marret-freres\/\"><em>Marret Fr\u00e8res<\/em><\/a>.<\/li>\n<li>Charles <strong>Eug\u00e8ne<\/strong> (1839-1840).<\/li>\n<li>Louis <strong>Hippolyte<\/strong> (1841-1920)&nbsp;; celui-ci travaillera aussi comme bijoutier-joaillier, de 1872 \u00e0 1874, dans les maisons <em>Marret Fr\u00e8res et Jarry<\/em> et <a href=\"https:\/\/lesmarret.marret.co\/index.php\/les-marret-bijoutiers\/marret-freres\/\"><em>Marret Fr\u00e8res<\/em><\/a>.<\/li>\n<\/ul>\n<p>En 2017, on d\u00e9nombre plus de 570 descendants, portant en particulier les patronymes AUTHEMAN, BACHIMONT, BAGUR, BENBOURNANE, BERNHARD, BOITEAU, BONNET, BREUILLIER, CAMPIGNANO, CHANCERELLE, CHANDLER, CHARLET, CHLEQ, DEMANCHE, DESBOUIS, FARAUT, FAURE, FERTIN, GEMON, GONTHIER, GUEDON, GUILLAUMIN, KAUFFMANN-DESROCHES, JULLIEN, LALLEMAND, LEGAIT, LEMAIRE, LE GALL, LE MAROIS, LETELLIER, MACHECOURT, MARRET, MARTIN, MARSAT, MEIGNAN, MOREAU, MOREL, NICOLLET, PECQUEUR, PICHE, PIRON, PIVANO, QUILLET, RAFIQ, REMAUD, RINN, ROLLIN, ROYER, SAINT-POL, SIMON, TONDU, TROTTET, VAILL\u00c9 et VOISIN, WILLO.<\/p>\n<p><span lang=\"FR\" style=\"margin: 0px; color: windowtext; font-family: 'Georgia','serif';\">Pour plus de d\u00e9tails sur la descendance, consulter la <a href=\"http:\/\/gw.geneanet.org\/jlmarret_w\" target=\"_blank\" rel=\"noopener noreferrer\">g\u00e9n\u00e9alogie Marret-Gravereaux<\/a> sur Geneanet.<\/span><\/p>\n","protected":false},"excerpt":{"rendered":"<p>Ab\u00e9lard Joseph Justin na\u00eet \u00e0 Paris le 2&nbsp;f\u00e9vrier 1803&nbsp;; il est le troisi\u00e8me des 5&nbsp;enfants de Pierre Marret (1765-1857) et Marie-Jeanne Cottard (1776-1814). Il meurt \u00e0 Paris le 6 f\u00e9vrier 1844 et est inhum\u00e9 deux jours plus tard dans le &hellip; <a href=\"https:\/\/lesmarret.marret.co\/index.php\/pierre-marret-lancetre\/pierre-marret-sa-famille\/justin-marret-1803-1844\/\">Continuer la lecture <span class=\"meta-nav\">&rarr;<\/span><\/a><\/p>\n","protected":false},"author":1,"featured_media":0,"parent":5420,"menu_order":0,"comment_status":"closed","ping_status":"closed","template":"","meta":{"_monsterinsights_skip_tracking":false,"_monsterinsights_sitenote_active":false,"_monsterinsights_sitenote_note":"","_monsterinsights_sitenote_category":0,"ngg_post_thumbnail":0,"footnotes":""},"class_list":["post-6397","page","type-page","status-publish","hentry"],"aioseo_notices":[],"_links":{"self":[{"href":"https:\/\/lesmarret.marret.co\/index.php\/wp-json\/wp\/v2\/pages\/6397","targetHints":{"allow":["GET"]}}],"collection":[{"href":"https:\/\/lesmarret.marret.co\/index.php\/wp-json\/wp\/v2\/pages"}],"about":[{"href":"https:\/\/lesmarret.marret.co\/index.php\/wp-json\/wp\/v2\/types\/page"}],"author":[{"embeddable":true,"href":"https:\/\/lesmarret.marret.co\/index.php\/wp-json\/wp\/v2\/users\/1"}],"replies":[{"embeddable":true,"href":"https:\/\/lesmarret.marret.co\/index.php\/wp-json\/wp\/v2\/comments?post=6397"}],"version-history":[{"count":0,"href":"https:\/\/lesmarret.marret.co\/index.php\/wp-json\/wp\/v2\/pages\/6397\/revisions"}],"up":[{"embeddable":true,"href":"https:\/\/lesmarret.marret.co\/index.php\/wp-json\/wp\/v2\/pages\/5420"}],"wp:attachment":[{"href":"https:\/\/lesmarret.marret.co\/index.php\/wp-json\/wp\/v2\/media?parent=6397"}],"curies":[{"name":"wp","href":"https:\/\/api.w.org\/{rel}","templated":true}]}}