{"id":6435,"date":"2017-06-22T00:10:47","date_gmt":"2017-06-21T23:10:47","guid":{"rendered":"http:\/\/lesmarret.marret.co\/?page_id=6435"},"modified":"2017-06-22T15:24:28","modified_gmt":"2017-06-22T14:24:28","slug":"paul-marret-1863-1935","status":"publish","type":"page","link":"https:\/\/lesmarret.marret.co\/index.php\/les-descendants-de-pierre-marret-lancetre-de-tourzel\/paul-marret-1863-1935\/","title":{"rendered":"Paul Marret (1863-1935)"},"content":{"rendered":"<p><a href=\"https:\/\/lesmarret.marret.co\/wp-content\/uploads\/2017\/05\/Manoir-de-la-Marni\u00e8re-ECM003b_wp.jpg\"><img loading=\"lazy\" decoding=\"async\" width=\"167\" height=\"249\" class=\"wp-image-6429 alignleft\" alt=\"\" src=\"https:\/\/lesmarret.marret.co\/wp-content\/uploads\/2017\/05\/Manoir-de-la-Marni\u00e8re-ECM003b_wp.jpg\" data-wp-pid=\"6429\" srcset=\"https:\/\/lesmarret.marret.co\/wp-content\/uploads\/2017\/05\/Manoir-de-la-Marni\u00e8re-ECM003b_wp.jpg 277w, https:\/\/lesmarret.marret.co\/wp-content\/uploads\/2017\/05\/Manoir-de-la-Marni\u00e8re-ECM003b_wp-201x300.jpg 201w\" sizes=\"auto, (max-width: 167px) 100vw, 167px\" \/><\/a>Fils d\u2019Ernest Marret (1835-1911) et de Cl\u00e9mence Ang\u00e9lique Broquet (1840-1904), <a href=\"https:\/\/lesmarret.marret.co\/wp-content\/uploads\/2017\/05\/Manoir-de-la-Marni\u00e8re-ECM003c_wp.jpg\"><img loading=\"lazy\" decoding=\"async\" width=\"188\" height=\"250\" class=\"wp-image-6430 alignright\" alt=\"\" src=\"https:\/\/lesmarret.marret.co\/wp-content\/uploads\/2017\/05\/Manoir-de-la-Marni\u00e8re-ECM003c_wp.jpg\" data-wp-pid=\"6430\" srcset=\"https:\/\/lesmarret.marret.co\/wp-content\/uploads\/2017\/05\/Manoir-de-la-Marni\u00e8re-ECM003c_wp.jpg 310w, https:\/\/lesmarret.marret.co\/wp-content\/uploads\/2017\/05\/Manoir-de-la-Marni\u00e8re-ECM003c_wp-225x300.jpg 225w\" sizes=\"auto, (max-width: 188px) 100vw, 188px\" \/><\/a>Paul Marret na\u00eet n\u00e9 le 9 f\u00e9vrier 1863 \u00e0 Paris. Charles, son fr\u00e8re a\u00een\u00e9 a deux ans de plus que lui, alors qu&rsquo;Henri &#8211; qui fera carri\u00e8re comme peintre-fresquiste &#8211; en a quinze de moins&#8230;<\/p>\n<p>Il \u00e9pouse Marie Aubinet le 15&nbsp;juillet 1890 et de ce mariage naissent quatre enfants&nbsp;:<\/p>\n<ul>\n<li>Andr\u00e9 (1891-1914)&nbsp;; sergent dans l\u2019infanterie, il est bless\u00e9 lors de la bataille du Ch\u00e2telet,&nbsp;pr\u00e8s de Charleroi,&nbsp;le 22&nbsp;ao\u00fbt 1914; il meurt quelques jours plus tard.<\/li>\n<li>Pierre (1894-1969). Incorpor\u00e9 comme son fr\u00e8re dans le 39<sup><span style=\"font-size: small;\">e<\/span><\/sup> r\u00e9giment d&rsquo;Infanterie, il est bless\u00e9 le m\u00eame jour que lui, mais fait prisonnier; six mois plus tard, il est \u00e9chang\u00e9 comme grand bless\u00e9. Il se marie en 1917 avec&nbsp;\u00c9lisabeth M\u00e9nard.<\/li>\n<li>Marcel (1911-1967), \u00e9poux d&rsquo;Alice Fouchou Lapeyrade.<\/li>\n<li>Michel (1913-1939), mari\u00e9, en 1938,&nbsp;\u00e0 Louise N\u00e9el.<\/li>\n<\/ul>\n<p>Il d\u00e9c\u00e8de \u00e0 Toussaint le 3 mars 1935, dans sa maison de La C\u00f4te qu\u2019il laisse \u00e0 ses enfants.<\/p>\n<p><u>Activit\u00e9s professionnelles<\/u><\/p>\n<p>Comme son p\u00e8re et plusieurs de ses anc\u00eatres, il a fait carri\u00e8re dans le domaine de la bijouterie-joaillerie-orf\u00e8vrerie.<\/p>\n<p><a href=\"https:\/\/lesmarret.marret.co\/wp-content\/uploads\/2017\/04\/Marret-Fr\u00e8res-\u00c9crin-pour-bague-03_wp.jpg\"><img loading=\"lazy\" decoding=\"async\" width=\"200\" height=\"175\" class=\"wp-image-5344 alignleft\" alt=\"\" src=\"https:\/\/lesmarret.marret.co\/wp-content\/uploads\/2017\/04\/Marret-Fr\u00e8res-\u00c9crin-pour-bague-03_wp.jpg\" data-wp-pid=\"5344\" srcset=\"https:\/\/lesmarret.marret.co\/wp-content\/uploads\/2017\/04\/Marret-Fr\u00e8res-\u00c9crin-pour-bague-03_wp.jpg 591w, https:\/\/lesmarret.marret.co\/wp-content\/uploads\/2017\/04\/Marret-Fr\u00e8res-\u00c9crin-pour-bague-03_wp-300x263.jpg 300w\" sizes=\"auto, (max-width: 200px) 100vw, 200px\" \/><\/a><\/p>\n<p><span lang=\"FR\" style=\"margin: 0px; color: #333333; font-family: 'Georgia','serif'; font-size: 12pt;\">Avec son fr\u00e8re Charles Marret (1861-1958), il entre dans la maison <i><span style=\"color: #333333;\">Marret et Fr\u00e8res&nbsp;<\/span><\/i>; succ\u00e9dant \u00e0 leur p\u00e8re lorsque celui-ci prend sa retraite en 1889, ils travaillent alors avec leur oncle Hippolyte Marret (1841-1920). Quand ce dernier se retire \u00e0 son tour, en 1894, ils continuent tous les deux \u00e0 diriger la maison. Dans les ann\u00e9es qui suivent, ils se font une r\u00e9putation enviable, et permettent \u00e0 la maison <i><span style=\"color: #333333;\">Marret et Fr\u00e8res<\/span><\/i> de remporter plusieurs prix et distinctions dans des expositions internationales.<\/span>.<\/p>\n<p><span lang=\"FR\" style=\"margin: 0px; color: #333333; font-family: 'Georgia','serif'; font-size: 12pt;\">En 1901, Charles et Paul Marret d\u00e9cident de transf\u00e9rer le si\u00e8ge social de la soci\u00e9t\u00e9 au 352, rue Saint-Honor\u00e9 et ils vendent la maison <i><span style=\"color: #333333;\">Marret et Fr\u00e8res,<\/span><\/i> en 1910, \u00e0 monsieur J.&nbsp;Bancelin.<\/span><\/p>\n<p><a href=\"https:\/\/lesmarret.marret.co\/wp-content\/uploads\/2017\/05\/Colleville-Scierie-Marret-Lettre-1921-11-21b_wp.jpg\"><img loading=\"lazy\" decoding=\"async\" width=\"364\" height=\"144\" class=\"wp-image-6199 alignright\" alt=\"\" src=\"https:\/\/lesmarret.marret.co\/wp-content\/uploads\/2017\/05\/Colleville-Scierie-Marret-Lettre-1921-11-21b_wp.jpg\" data-wp-pid=\"6199\" srcset=\"https:\/\/lesmarret.marret.co\/wp-content\/uploads\/2017\/05\/Colleville-Scierie-Marret-Lettre-1921-11-21b_wp.jpg 886w, https:\/\/lesmarret.marret.co\/wp-content\/uploads\/2017\/05\/Colleville-Scierie-Marret-Lettre-1921-11-21b_wp-300x119.jpg 300w, https:\/\/lesmarret.marret.co\/wp-content\/uploads\/2017\/05\/Colleville-Scierie-Marret-Lettre-1921-11-21b_wp-768x304.jpg 768w, https:\/\/lesmarret.marret.co\/wp-content\/uploads\/2017\/05\/Colleville-Scierie-Marret-Lettre-1921-11-21b_wp-800x317.jpg 800w, https:\/\/lesmarret.marret.co\/wp-content\/uploads\/2017\/05\/Colleville-Scierie-Marret-Lettre-1921-11-21b_wp-600x238.jpg 600w\" sizes=\"auto, (max-width: 364px) 100vw, 364px\" \/><\/a>Paul Marret s\u2019installe alors dans sa <a href=\"https:\/\/lesmarret.marret.co\/index.php\/des-lieux-de-famille\/la-cote-toussaint-manoir-de-la-marniere\/\">propri\u00e9t\u00e9 de Toussaint<\/a> et dirige des \u00e9tablissements industriels \u00e0 Colleville, parmi lesquels une scierie et une entreprise de travaux publics.<\/p>\nngg_shortcode_0_placeholder\n<p>&nbsp;<\/p>\n<p>&nbsp;<\/p>\n<p><u>Autres activit\u00e9s<\/u><\/p>\n<p>Paul MARRET s\u2019est largement impliqu\u00e9 localement&nbsp;:<\/p>\n<ul>\n<li>dans le d\u00e9veloppement \u00e9conomique, ayant \u00e9t\u00e9 administrateur de la Sucrerie Agricole de Colleville.<\/li>\n<li>comme \u00e9lu, puisqu\u2019il a \u00e9t\u00e9 maire de Toussaint (1919-1929?), conseiller et vice-pr\u00e9sident du Conseil d&rsquo;arrondissement.<\/li>\n<li>dans les institutions religieuses, comme membre du Conseil paroissial et pr\u00e9sident cantonal de l&rsquo;Union pour la paix religieuse.<\/li>\n<li>dans les \u0153uvres sociales et communautaires, ayant \u00e9t\u00e9&nbsp;:\n<ul>\n<li>secr\u00e9taire du Conseil d&rsquo;Administration du sanatorium des Grandes-Dalles;<\/li>\n<li>pr\u00e9sident de la Soci\u00e9t\u00e9 des gardes particuliers du canton de Valmont;<\/li>\n<li>pr\u00e9sident de la Soci\u00e9t\u00e9 d&rsquo;\u00e9ducation physique.<\/li>\n<\/ul>\n<\/li>\n<\/ul>\n","protected":false},"excerpt":{"rendered":"<p>Fils d\u2019Ernest Marret (1835-1911) et de Cl\u00e9mence Ang\u00e9lique Broquet (1840-1904), Paul Marret na\u00eet n\u00e9 le 9 f\u00e9vrier 1863 \u00e0 Paris. Charles, son fr\u00e8re a\u00een\u00e9 a deux ans de plus que lui, alors qu&rsquo;Henri &#8211; qui fera carri\u00e8re comme peintre-fresquiste &#8211; &hellip; <a href=\"https:\/\/lesmarret.marret.co\/index.php\/les-descendants-de-pierre-marret-lancetre-de-tourzel\/paul-marret-1863-1935\/\">Continuer la lecture <span class=\"meta-nav\">&rarr;<\/span><\/a><\/p>\n","protected":false},"author":1,"featured_media":0,"parent":6473,"menu_order":0,"comment_status":"closed","ping_status":"closed","template":"","meta":{"_monsterinsights_skip_tracking":false,"_monsterinsights_sitenote_active":false,"_monsterinsights_sitenote_note":"","_monsterinsights_sitenote_category":0,"ngg_post_thumbnail":0,"footnotes":""},"class_list":["post-6435","page","type-page","status-publish","hentry"],"aioseo_notices":[],"_links":{"self":[{"href":"https:\/\/lesmarret.marret.co\/index.php\/wp-json\/wp\/v2\/pages\/6435","targetHints":{"allow":["GET"]}}],"collection":[{"href":"https:\/\/lesmarret.marret.co\/index.php\/wp-json\/wp\/v2\/pages"}],"about":[{"href":"https:\/\/lesmarret.marret.co\/index.php\/wp-json\/wp\/v2\/types\/page"}],"author":[{"embeddable":true,"href":"https:\/\/lesmarret.marret.co\/index.php\/wp-json\/wp\/v2\/users\/1"}],"replies":[{"embeddable":true,"href":"https:\/\/lesmarret.marret.co\/index.php\/wp-json\/wp\/v2\/comments?post=6435"}],"version-history":[{"count":0,"href":"https:\/\/lesmarret.marret.co\/index.php\/wp-json\/wp\/v2\/pages\/6435\/revisions"}],"up":[{"embeddable":true,"href":"https:\/\/lesmarret.marret.co\/index.php\/wp-json\/wp\/v2\/pages\/6473"}],"wp:attachment":[{"href":"https:\/\/lesmarret.marret.co\/index.php\/wp-json\/wp\/v2\/media?parent=6435"}],"curies":[{"name":"wp","href":"https:\/\/api.w.org\/{rel}","templated":true}]}}

<p><a href="https://lesmarret.marret.co/wp-content/uploads/2017/05/Manoir-de-la-Marnière-ECM003b_wp.jpg"><img loading="lazy" decoding="async" width="167" height="249" class="wp-image-6429 alignleft" alt="" src="https://lesmarret.marret.co/wp-content/uploads/2017/05/Manoir-de-la-Marnière-ECM003b_wp.jpg" data-wp-pid="6429" srcset="https://lesmarret.marret.co/wp-content/uploads/2017/05/Manoir-de-la-Marnière-ECM003b_wp.jpg 277w, https://lesmarret.marret.co/wp-content/uploads/2017/05/Manoir-de-la-Marnière-ECM003b_wp-201x300.jpg 201w" sizes="auto, (max-width: 167px) 100vw, 167px" /></a>Fils d’Ernest Marret (1835-1911) et de Clémence Angélique Broquet (1840-1904), <a href="https://lesmarret.marret.co/wp-content/uploads/2017/05/Manoir-de-la-Marnière-ECM003c_wp.jpg"><img loading="lazy" decoding="async" width="188" height="250" class="wp-image-6430 alignright" alt="" src="https://lesmarret.marret.co/wp-content/uploads/2017/05/Manoir-de-la-Marnière-ECM003c_wp.jpg" data-wp-pid="6430" srcset="https://lesmarret.marret.co/wp-content/uploads/2017/05/Manoir-de-la-Marnière-ECM003c_wp.jpg 310w, https://lesmarret.marret.co/wp-content/uploads/2017/05/Manoir-de-la-Marnière-ECM003c_wp-225x300.jpg 225w" sizes="auto, (max-width: 188px) 100vw, 188px" /></a>Paul Marret naît né le 9 février 1863 à Paris. Charles, son frère aîné a deux ans de plus que lui, alors qu&rsquo;Henri &#8211; qui fera carrière comme peintre-fresquiste &#8211; en a quinze de moins&#8230;</p>
<p>Il épouse Marie Aubinet le 15&nbsp;juillet 1890 et de ce mariage naissent quatre enfants&nbsp;:</p>
<ul>
<li>André (1891-1914)&nbsp;; sergent dans l’infanterie, il est blessé lors de la bataille du Châtelet,&nbsp;près de Charleroi,&nbsp;le 22&nbsp;août 1914; il meurt quelques jours plus tard.</li>
<li>Pierre (1894-1969). Incorporé comme son frère dans le 39<sup><span style="font-size: small;">e</span></sup> régiment d&rsquo;Infanterie, il est blessé le même jour que lui, mais fait prisonnier; six mois plus tard, il est échangé comme grand blessé. Il se marie en 1917 avec&nbsp;Élisabeth Ménard.</li>
<li>Marcel (1911-1967), époux d&rsquo;Alice Fouchou Lapeyrade.</li>
<li>Michel (1913-1939), marié, en 1938,&nbsp;à Louise Néel.</li>
</ul>
<p>Il décède à Toussaint le 3 mars 1935, dans sa maison de La Côte qu’il laisse à ses enfants.</p>
<p><u>Activités professionnelles</u></p>
<p>Comme son père et plusieurs de ses ancêtres, il a fait carrière dans le domaine de la bijouterie-joaillerie-orfèvrerie.</p>
<p><a href="https://lesmarret.marret.co/wp-content/uploads/2017/04/Marret-Frères-Écrin-pour-bague-03_wp.jpg"><img loading="lazy" decoding="async" width="200" height="175" class="wp-image-5344 alignleft" alt="" src="https://lesmarret.marret.co/wp-content/uploads/2017/04/Marret-Frères-Écrin-pour-bague-03_wp.jpg" data-wp-pid="5344" srcset="https://lesmarret.marret.co/wp-content/uploads/2017/04/Marret-Frères-Écrin-pour-bague-03_wp.jpg 591w, https://lesmarret.marret.co/wp-content/uploads/2017/04/Marret-Frères-Écrin-pour-bague-03_wp-300x263.jpg 300w" sizes="auto, (max-width: 200px) 100vw, 200px" /></a></p>
<p><span lang="FR" style="margin: 0px; color: #333333; font-family: 'Georgia','serif'; font-size: 12pt;">Avec son frère Charles Marret (1861-1958), il entre dans la maison <i><span style="color: #333333;">Marret et Frères&nbsp;</span></i>; succédant à leur père lorsque celui-ci prend sa retraite en 1889, ils travaillent alors avec leur oncle Hippolyte Marret (1841-1920). Quand ce dernier se retire à son tour, en 1894, ils continuent tous les deux à diriger la maison. Dans les années qui suivent, ils se font une réputation enviable, et permettent à la maison <i><span style="color: #333333;">Marret et Frères</span></i> de remporter plusieurs prix et distinctions dans des expositions internationales.</span>.</p>
<p><span lang="FR" style="margin: 0px; color: #333333; font-family: 'Georgia','serif'; font-size: 12pt;">En 1901, Charles et Paul Marret décident de transférer le siège social de la société au 352, rue Saint-Honoré et ils vendent la maison <i><span style="color: #333333;">Marret et Frères,</span></i> en 1910, à monsieur J.&nbsp;Bancelin.</span></p>
<p><a href="https://lesmarret.marret.co/wp-content/uploads/2017/05/Colleville-Scierie-Marret-Lettre-1921-11-21b_wp.jpg"><img loading="lazy" decoding="async" width="364" height="144" class="wp-image-6199 alignright" alt="" src="https://lesmarret.marret.co/wp-content/uploads/2017/05/Colleville-Scierie-Marret-Lettre-1921-11-21b_wp.jpg" data-wp-pid="6199" srcset="https://lesmarret.marret.co/wp-content/uploads/2017/05/Colleville-Scierie-Marret-Lettre-1921-11-21b_wp.jpg 886w, https://lesmarret.marret.co/wp-content/uploads/2017/05/Colleville-Scierie-Marret-Lettre-1921-11-21b_wp-300x119.jpg 300w, https://lesmarret.marret.co/wp-content/uploads/2017/05/Colleville-Scierie-Marret-Lettre-1921-11-21b_wp-768x304.jpg 768w, https://lesmarret.marret.co/wp-content/uploads/2017/05/Colleville-Scierie-Marret-Lettre-1921-11-21b_wp-800x317.jpg 800w, https://lesmarret.marret.co/wp-content/uploads/2017/05/Colleville-Scierie-Marret-Lettre-1921-11-21b_wp-600x238.jpg 600w" sizes="auto, (max-width: 364px) 100vw, 364px" /></a>Paul Marret s’installe alors dans sa <a href="https://lesmarret.marret.co/index.php/des-lieux-de-famille/la-cote-toussaint-manoir-de-la-marniere/">propriété de Toussaint</a> et dirige des établissements industriels à Colleville, parmi lesquels une scierie et une entreprise de travaux publics.</p>
ngg_shortcode_0_placeholder
<p>&nbsp;</p>
<p>&nbsp;</p>
<p><u>Autres activités</u></p>
<p>Paul MARRET s’est largement impliqué localement&nbsp;:</p>
<ul>
<li>dans le développement économique, ayant été administrateur de la Sucrerie Agricole de Colleville.</li>
<li>comme élu, puisqu’il a été maire de Toussaint (1919-1929?), conseiller et vice-président du Conseil d&rsquo;arrondissement.</li>
<li>dans les institutions religieuses, comme membre du Conseil paroissial et président cantonal de l&rsquo;Union pour la paix religieuse.</li>
<li>dans les œuvres sociales et communautaires, ayant été&nbsp;:
<ul>
<li>secrétaire du Conseil d&rsquo;Administration du sanatorium des Grandes-Dalles;</li>
<li>président de la Société des gardes particuliers du canton de Valmont;</li>
<li>président de la Société d&rsquo;éducation physique.</li>
</ul>
</li>
</ul>

<p>Fils d’Ernest Marret (1835-1911) et de Clémence Angélique Broquet (1840-1904), Paul Marret naît né le 9 février 1863 à Paris. Charles, son frère aîné a deux ans de plus que lui, alors qu&rsquo;Henri &#8211; qui fera carrière comme peintre-fresquiste &#8211; &hellip; <a href="https://lesmarret.marret.co/index.php/les-descendants-de-pierre-marret-lancetre-de-tourzel/paul-marret-1863-1935/">Continuer la lecture <span class="meta-nav">&rarr;</span></a></p>
