{"id":6547,"date":"2017-05-30T00:36:30","date_gmt":"2017-05-29T23:36:30","guid":{"rendered":"http:\/\/lesmarret.marret.co\/?page_id=6547"},"modified":"2017-05-30T01:06:38","modified_gmt":"2017-05-30T00:06:38","slug":"__trashed","status":"publish","type":"page","link":"https:\/\/lesmarret.marret.co\/index.php\/des-lieux-de-famille\/__trashed\/","title":{"rendered":"Faverelles &#8211; Le Puits"},"content":{"rendered":"<p><span style=\"margin: 0px; line-height: 115%; font-family: 'Georgia','serif'; font-size: 12pt;\"><span style=\"color: #000000;\"><a href=\"https:\/\/lesmarret.marret.co\/wp-content\/uploads\/2017\/05\/Faverelles-Ch\u00e2teau-du-Puits-Carte-courrier-1a_wp.jpg\"><img loading=\"lazy\" decoding=\"async\" width=\"300\" height=\"209\" class=\"wp-image-6550 alignright\" alt=\"\" src=\"https:\/\/lesmarret.marret.co\/wp-content\/uploads\/2017\/05\/Faverelles-Ch\u00e2teau-du-Puits-Carte-courrier-1a_wp.jpg\" data-wp-pid=\"6550\" srcset=\"https:\/\/lesmarret.marret.co\/wp-content\/uploads\/2017\/05\/Faverelles-Ch\u00e2teau-du-Puits-Carte-courrier-1a_wp.jpg 413w, https:\/\/lesmarret.marret.co\/wp-content\/uploads\/2017\/05\/Faverelles-Ch\u00e2teau-du-Puits-Carte-courrier-1a_wp-300x209.jpg 300w\" sizes=\"auto, (max-width: 300px) 100vw, 300px\" \/><br \/>\n<\/a><\/span><\/span><\/p>\n<p><span style=\"margin: 0px; line-height: 115%; font-family: 'Georgia','serif'; font-size: 12pt;\"><span style=\"color: #000000;\">En 1910, Henri Marret (1887-1946) fait l\u2019acquisition du ch\u00e2teau du Puits, \u00e0 Faverelles (Loiret) et il y passe de nombreux \u00e9t\u00e9s; il y est mort en juillet 1946.<\/span><\/span><\/p>\n<p><span style=\"margin: 0px; line-height: 115%; font-family: 'Georgia','serif'; font-size: 12pt;\"><span style=\"color: #000000;\"><a href=\"https:\/\/lesmarret.marret.co\/wp-content\/uploads\/2017\/05\/Faverelles-Le-Puits-2011-05_070_wp.jpg\"><img loading=\"lazy\" decoding=\"async\" width=\"192\" height=\"270\" class=\"wp-image-6511 alignleft\" alt=\"\" src=\"https:\/\/lesmarret.marret.co\/wp-content\/uploads\/2017\/05\/Faverelles-Le-Puits-2011-05_070_wp.jpg\" data-wp-pid=\"6511\" srcset=\"https:\/\/lesmarret.marret.co\/wp-content\/uploads\/2017\/05\/Faverelles-Le-Puits-2011-05_070_wp.jpg 630w, https:\/\/lesmarret.marret.co\/wp-content\/uploads\/2017\/05\/Faverelles-Le-Puits-2011-05_070_wp-213x300.jpg 213w, https:\/\/lesmarret.marret.co\/wp-content\/uploads\/2017\/05\/Faverelles-Le-Puits-2011-05_070_wp-427x600.jpg 427w\" sizes=\"auto, (max-width: 192px) 100vw, 192px\" \/><\/a><\/span><\/span><\/p>\n<p>&nbsp;<\/p>\n<p>&nbsp;<\/p>\n<p><span style=\"margin: 0px; line-height: 115%; font-family: 'Georgia','serif'; font-size: 12pt;\"><span style=\"color: #000000;\">Sa femme, Marie d\u2019Astorg (1880-1968), y demeure ensuite jusqu\u2019\u00e0 son d\u00e9c\u00e8s; ses deux fils, Xavier Marret (1906-1980) et Bernard Marret (1911-1992) en h\u00e9ritent, ce dernier y r\u00e9side de 1970 \u00e0 1983.<\/span><\/span><\/p>\n<p>&nbsp;<\/p>\n<p>&nbsp;<\/p>\n<p style=\"text-align: center;\"><div id=\"metaslider-id-6528\" style=\"max-width: 600px; margin: 0 auto;\" class=\"ml-slider-3-105-0 metaslider metaslider-flex metaslider-6528 ml-slider has-dots-nav ms-theme-default\" role=\"region\" aria-label=\"Le Puits\" data-height=\"400\" data-width=\"600\">\n    <div id=\"metaslider_container_6528\">\n        <div id=\"metaslider_6528\" class=\"flexslider\">\n            <ul class='slides'>\n                <li style=\"display: block; width: 100%;\" class=\"slide-6529 ms-image \" aria-roledescription=\"slide\" data-date=\"2017-05-30 00:19:03\" data-filename=\"Faverelles-Le-Puits-2012-09_009_wp-600x400.jpg\" data-slide-type=\"image\"><img loading=\"lazy\" decoding=\"async\" src=\"https:\/\/lesmarret.marret.co\/wp-content\/uploads\/2017\/05\/Faverelles-Le-Puits-2012-09_009_wp-600x400.jpg\" height=\"400\" width=\"600\" alt=\"\" class=\"slider-6528 slide-6529 msDefaultImage\" \/><\/li>\n                <li style=\"display: none; width: 100%;\" class=\"slide-6544 ms-image \" aria-roledescription=\"slide\" data-date=\"2017-05-30 00:19:05\" data-filename=\"Ch\u00e2teau-du-Puits-Faverelles-01_wp-600x400.jpg\" data-slide-type=\"image\"><img loading=\"lazy\" decoding=\"async\" src=\"https:\/\/lesmarret.marret.co\/wp-content\/uploads\/2017\/05\/Ch\u00e2teau-du-Puits-Faverelles-01_wp-600x400.jpg\" height=\"400\" width=\"600\" alt=\"\" class=\"slider-6528 slide-6544 msDefaultImage\" \/><\/li>\n                <li style=\"display: none; width: 100%;\" class=\"slide-6542 ms-image \" aria-roledescription=\"slide\" data-date=\"2017-05-30 00:19:05\" data-filename=\"Ch\u00e2teau-du-Puits-Faverelles-03_wp-600x400.jpg\" data-slide-type=\"image\"><img loading=\"lazy\" decoding=\"async\" src=\"https:\/\/lesmarret.marret.co\/wp-content\/uploads\/2017\/05\/Ch\u00e2teau-du-Puits-Faverelles-03_wp-600x400.jpg\" height=\"400\" width=\"600\" alt=\"\" class=\"slider-6528 slide-6542 msDefaultImage\" \/><\/li>\n                <li style=\"display: none; width: 100%;\" class=\"slide-6543 ms-image \" aria-roledescription=\"slide\" data-date=\"2017-05-30 00:19:05\" data-filename=\"Ch\u00e2teau-du-Puits-Faverelles-02_wp-600x400.jpg\" data-slide-type=\"image\"><img loading=\"lazy\" decoding=\"async\" src=\"https:\/\/lesmarret.marret.co\/wp-content\/uploads\/2017\/05\/Ch\u00e2teau-du-Puits-Faverelles-02_wp-600x400.jpg\" height=\"400\" width=\"600\" alt=\"\" class=\"slider-6528 slide-6543 msDefaultImage\" \/><\/li>\n                <li style=\"display: none; width: 100%;\" class=\"slide-6540 ms-image \" aria-roledescription=\"slide\" data-date=\"2017-05-30 00:19:04\" data-filename=\"Ch\u00e2teau-du-Puits-Faverelles-05_wp-600x400.jpg\" data-slide-type=\"image\"><img loading=\"lazy\" decoding=\"async\" src=\"https:\/\/lesmarret.marret.co\/wp-content\/uploads\/2017\/05\/Ch\u00e2teau-du-Puits-Faverelles-05_wp-600x400.jpg\" height=\"400\" width=\"600\" alt=\"\" class=\"slider-6528 slide-6540 msDefaultImage\" \/><\/li>\n                <li style=\"display: none; width: 100%;\" class=\"slide-6541 ms-image \" aria-roledescription=\"slide\" data-date=\"2017-05-30 00:19:04\" data-filename=\"Ch\u00e2teau-du-Puits-Faverelles-04_wp-600x400.jpg\" data-slide-type=\"image\"><img loading=\"lazy\" decoding=\"async\" src=\"https:\/\/lesmarret.marret.co\/wp-content\/uploads\/2017\/05\/Ch\u00e2teau-du-Puits-Faverelles-04_wp-600x400.jpg\" height=\"400\" width=\"600\" alt=\"\" class=\"slider-6528 slide-6541 msDefaultImage\" \/><\/li>\n                <li style=\"display: none; width: 100%;\" class=\"slide-6539 ms-image \" aria-roledescription=\"slide\" data-date=\"2017-05-30 00:19:04\" data-filename=\"Ch\u00e2teau-du-Puits-Faverelles-06_wp-600x400.jpg\" data-slide-type=\"image\"><img loading=\"lazy\" decoding=\"async\" src=\"https:\/\/lesmarret.marret.co\/wp-content\/uploads\/2017\/05\/Ch\u00e2teau-du-Puits-Faverelles-06_wp-600x400.jpg\" height=\"400\" width=\"600\" alt=\"\" class=\"slider-6528 slide-6539 msDefaultImage\" \/><\/li>\n                <li style=\"display: none; width: 100%;\" class=\"slide-6554 ms-image \" aria-roledescription=\"slide\" data-date=\"2017-05-30 01:03:12\" data-filename=\"Faverelles-Le-Puits-2011-05_081a_wp-600x400.jpg\" data-slide-type=\"image\"><img loading=\"lazy\" decoding=\"async\" src=\"https:\/\/lesmarret.marret.co\/wp-content\/uploads\/2017\/05\/Faverelles-Le-Puits-2011-05_081a_wp-600x400.jpg\" height=\"400\" width=\"600\" alt=\"\" class=\"slider-6528 slide-6554 msDefaultImage\" \/><\/li>\n                <li style=\"display: none; width: 100%;\" class=\"slide-6532 ms-image \" aria-roledescription=\"slide\" data-date=\"2017-05-30 00:19:03\" data-filename=\"Faverelles-Le-Puits-2011-05_076_wp-600x400.jpg\" data-slide-type=\"image\"><img loading=\"lazy\" decoding=\"async\" src=\"https:\/\/lesmarret.marret.co\/wp-content\/uploads\/2017\/05\/Faverelles-Le-Puits-2011-05_076_wp-600x400.jpg\" height=\"400\" width=\"600\" alt=\"\" class=\"slider-6528 slide-6532 msDefaultImage\" \/><\/li>\n                <li style=\"display: none; width: 100%;\" class=\"slide-6531 ms-image \" aria-roledescription=\"slide\" data-date=\"2017-05-30 00:19:03\" data-filename=\"Faverelles-Le-Puits-2011-05_080_wp-600x400.jpg\" data-slide-type=\"image\"><img loading=\"lazy\" decoding=\"async\" src=\"https:\/\/lesmarret.marret.co\/wp-content\/uploads\/2017\/05\/Faverelles-Le-Puits-2011-05_080_wp-600x400.jpg\" height=\"400\" width=\"600\" alt=\"\" class=\"slider-6528 slide-6531 msDefaultImage\" \/><\/li>\n                <li style=\"display: none; width: 100%;\" class=\"slide-6535 ms-image \" aria-roledescription=\"slide\" data-date=\"2017-05-30 00:19:03\" data-filename=\"Faverelles-Le-Puits-2011-05_068_wp-600x400.jpg\" data-slide-type=\"image\"><img loading=\"lazy\" decoding=\"async\" src=\"https:\/\/lesmarret.marret.co\/wp-content\/uploads\/2017\/05\/Faverelles-Le-Puits-2011-05_068_wp-600x400.jpg\" height=\"400\" width=\"600\" alt=\"\" class=\"slider-6528 slide-6535 msDefaultImage\" \/><\/li>\n                <li style=\"display: none; width: 100%;\" class=\"slide-6533 ms-image \" aria-roledescription=\"slide\" data-date=\"2017-05-30 00:19:03\" data-filename=\"Faverelles-Le-Puits-2011-05_071_wp-600x400.jpg\" data-slide-type=\"image\"><img loading=\"lazy\" decoding=\"async\" src=\"https:\/\/lesmarret.marret.co\/wp-content\/uploads\/2017\/05\/Faverelles-Le-Puits-2011-05_071_wp-600x400.jpg\" height=\"400\" width=\"600\" alt=\"\" class=\"slider-6528 slide-6533 msDefaultImage\" \/><\/li>\n                <li style=\"display: none; width: 100%;\" class=\"slide-6537 ms-image \" aria-roledescription=\"slide\" data-date=\"2017-05-30 00:19:04\" data-filename=\"Faverelles-Le-Puits-2011-05_065_wp-600x400.jpg\" data-slide-type=\"image\"><img loading=\"lazy\" decoding=\"async\" src=\"https:\/\/lesmarret.marret.co\/wp-content\/uploads\/2017\/05\/Faverelles-Le-Puits-2011-05_065_wp-600x400.jpg\" height=\"400\" width=\"600\" alt=\"\" class=\"slider-6528 slide-6537 msDefaultImage\" \/><\/li>\n            <\/ul>\n        <\/div>\n        \n    <\/div>\n<\/div><\/p>\n","protected":false},"excerpt":{"rendered":"<p>En 1910, Henri Marret (1887-1946) fait l\u2019acquisition du ch\u00e2teau du Puits, \u00e0 Faverelles (Loiret) et il y passe de nombreux \u00e9t\u00e9s; il y est mort en juillet 1946. &nbsp; &nbsp; Sa femme, Marie d\u2019Astorg (1880-1968), y demeure ensuite jusqu\u2019\u00e0 son &hellip; <a href=\"https:\/\/lesmarret.marret.co\/index.php\/des-lieux-de-famille\/__trashed\/\">Continuer la lecture <span class=\"meta-nav\">&rarr;<\/span><\/a><\/p>\n","protected":false},"author":1,"featured_media":0,"parent":5382,"menu_order":0,"comment_status":"closed","ping_status":"closed","template":"","meta":{"_monsterinsights_skip_tracking":false,"_monsterinsights_sitenote_active":false,"_monsterinsights_sitenote_note":"","_monsterinsights_sitenote_category":0,"ngg_post_thumbnail":0,"footnotes":""},"class_list":["post-6547","page","type-page","status-publish","hentry"],"aioseo_notices":[],"_links":{"self":[{"href":"https:\/\/lesmarret.marret.co\/index.php\/wp-json\/wp\/v2\/pages\/6547","targetHints":{"allow":["GET"]}}],"collection":[{"href":"https:\/\/lesmarret.marret.co\/index.php\/wp-json\/wp\/v2\/pages"}],"about":[{"href":"https:\/\/lesmarret.marret.co\/index.php\/wp-json\/wp\/v2\/types\/page"}],"author":[{"embeddable":true,"href":"https:\/\/lesmarret.marret.co\/index.php\/wp-json\/wp\/v2\/users\/1"}],"replies":[{"embeddable":true,"href":"https:\/\/lesmarret.marret.co\/index.php\/wp-json\/wp\/v2\/comments?post=6547"}],"version-history":[{"count":0,"href":"https:\/\/lesmarret.marret.co\/index.php\/wp-json\/wp\/v2\/pages\/6547\/revisions"}],"up":[{"embeddable":true,"href":"https:\/\/lesmarret.marret.co\/index.php\/wp-json\/wp\/v2\/pages\/5382"}],"wp:attachment":[{"href":"https:\/\/lesmarret.marret.co\/index.php\/wp-json\/wp\/v2\/media?parent=6547"}],"curies":[{"name":"wp","href":"https:\/\/api.w.org\/{rel}","templated":true}]}}