{"id":66,"date":"2015-10-24T14:32:07","date_gmt":"2015-10-24T13:32:07","guid":{"rendered":"http:\/\/marret.co\/?page_id=66"},"modified":"2022-03-18T16:49:14","modified_gmt":"2022-03-18T15:49:14","slug":"etablissement-gravereaux","status":"publish","type":"page","link":"https:\/\/lesmarret.marret.co\/","title":{"rendered":"Les Marret"},"content":{"rendered":"<p><span lang=\"FR\" style=\"margin: 0px; color: #333333; line-height: 115%; font-family: 'Georgia','serif'; font-size: 12pt;\"><a href=\"https:\/\/lesmarret.marret.co\/wp-content\/uploads\/2017\/04\/Pierre-Marret-1763-1857-DM-015b_wp.jpg\"><img loading=\"lazy\" decoding=\"async\" class=\"wp-image-5307 alignright\" src=\"https:\/\/lesmarret.marret.co\/wp-content\/uploads\/2017\/04\/Pierre-Marret-1763-1857-DM-015b_wp.jpg\" alt=\"\" width=\"108\" height=\"124\" data-wp-pid=\"5307\" srcset=\"https:\/\/lesmarret.marret.co\/wp-content\/uploads\/2017\/04\/Pierre-Marret-1763-1857-DM-015b_wp.jpg 771w, https:\/\/lesmarret.marret.co\/wp-content\/uploads\/2017\/04\/Pierre-Marret-1763-1857-DM-015b_wp-261x300.jpg 261w, https:\/\/lesmarret.marret.co\/wp-content\/uploads\/2017\/04\/Pierre-Marret-1763-1857-DM-015b_wp-768x883.jpg 768w, https:\/\/lesmarret.marret.co\/wp-content\/uploads\/2017\/04\/Pierre-Marret-1763-1857-DM-015b_wp-522x600.jpg 522w\" sizes=\"auto, (max-width: 108px) 100vw, 108px\" \/><\/a><span style=\"font-size: 10pt;\">N\u00e9 \u00e0 Tourzel en 1765 et \u00ab&nbsp;mont\u00e9&nbsp;\u00bb \u00e0 Paris juste avant la R\u00e9volution, Pierre Marret y a \u00e9tabli la notori\u00e9t\u00e9 de la famille dans le domaine de la bijouterie, de la joaillerie et de l\u2019orf\u00e8vrerie. Plusieurs de ses descendants ayant poursuivi dans les m\u00eames sp\u00e9cialit\u00e9s, il est devenu l\u2019anc\u00eatre de r\u00e9f\u00e9rence\u2026<\/span><\/span><\/p>\n<p><span lang=\"FR\" style=\"margin: 0px; color: #333333; line-height: 115%; font-family: Georgia, serif; font-size: 10pt;\">D\u2019autres personnes portant le m\u00eame patronyme se sont fait une r\u00e9putation exceptionnelle, tel le peintre-fresquiste Henri Justin Marret&nbsp;; plusieurs ont aussi marqu\u00e9, par leur pr\u00e9sence et leurs activit\u00e9s, l\u2019histoire des lieux o\u00f9 ils ont v\u00e9cu.<\/span><\/p>\n<p><span style=\"font-size: 10pt;\"><em><span lang=\"FR\" style=\"margin: 0px; color: #333333; line-height: 115%; font-family: Georgia, serif;\">On trouvera donc sur ce site des informations, des photos et des documents relatifs \u00e0 Pierre Marret, \u00e0 ses anc\u00eatres ou \u00e0 ses descendants ainsi qu\u2019\u00e0 l\u2019histoire de la famille, des activit\u00e9s de ses membres et des lieux qu\u2019ils ont fr\u00e9quent\u00e9s.<\/span><\/em><\/span><\/p>\n<p style=\"text-align: center;\">~~~~~~~<\/p>\n<p><span style=\"color: #000000; font-family: georgia,palatino,serif;\"><a href=\"https:\/\/lesmarret.marret.co\/wp-content\/uploads\/2022\/02\/Carine-Marret-\u00a9-Louis-Paul-Fallot-b.jpg\"><img loading=\"lazy\" decoding=\"async\" class=\"wp-image-7895 alignright\" src=\"https:\/\/lesmarret.marret.co\/wp-content\/uploads\/2022\/02\/Carine-Marret-\u00a9-Louis-Paul-Fallot-b-678x1024.jpg\" alt=\"\" width=\"123\" height=\"186\" data-wp-pid=\"7895\" srcset=\"https:\/\/lesmarret.marret.co\/wp-content\/uploads\/2022\/02\/Carine-Marret-\u00a9-Louis-Paul-Fallot-b-678x1024.jpg 678w, https:\/\/lesmarret.marret.co\/wp-content\/uploads\/2022\/02\/Carine-Marret-\u00a9-Louis-Paul-Fallot-b-199x300.jpg 199w, https:\/\/lesmarret.marret.co\/wp-content\/uploads\/2022\/02\/Carine-Marret-\u00a9-Louis-Paul-Fallot-b-768x1160.jpg 768w, https:\/\/lesmarret.marret.co\/wp-content\/uploads\/2022\/02\/Carine-Marret-\u00a9-Louis-Paul-Fallot-b-1017x1536.jpg 1017w, https:\/\/lesmarret.marret.co\/wp-content\/uploads\/2022\/02\/Carine-Marret-\u00a9-Louis-Paul-Fallot-b.jpg 1200w\" sizes=\"auto, (max-width: 123px) 100vw, 123px\" \/><\/a>Au fil des ans, des membres de la famille Marret ont occup\u00e9 de multiples professions. Mais il n\u2019y avait, jusqu\u2019\u00e0 pr\u00e9sent, aucun auteur de romans policiers. Carine Marret comble maintenant cette lacune et le fait avec panache&nbsp;: son personnage principal, le commissaire Jean Levigan, a d\u00e9j\u00e0 effectu\u00e9 cinq enqu\u00eates passionnantes\u2026 On doit \u00e9galement \u00e0 cette \u00e9crivaine, r\u00e9sidente ni\u00e7oise, des <em>Promenades litt\u00e9raires sur la C\u00f4te d\u2019Azur<\/em>. Plus d\u2019informations sur son <a href=\"http:\/\/www.carinemarret.fr\/\" target=\"_blank\" rel=\"noopener noreferrer\">site personnel\u00bb\u00bb\u00bb<\/a><\/span><\/p>\n<hr>\n<p><span style=\"margin: 0px; line-height: 115%; font-family: georgia,palatino,serif; font-size: 12pt;\"><span style=\"color: #000000;\"><a href=\"https:\/\/lesmarret.marret.co\/wp-content\/uploads\/2017\/06\/Marret-Hippolyte-Nature-2-6b_wp.jpg\"><img loading=\"lazy\" decoding=\"async\" class=\"wp-image-6936 alignleft\" src=\"https:\/\/lesmarret.marret.co\/wp-content\/uploads\/2017\/06\/Marret-Hippolyte-Nature-2-6b_wp.jpg\" alt=\"\" width=\"123\" height=\"47\" data-wp-pid=\"6936\" srcset=\"https:\/\/lesmarret.marret.co\/wp-content\/uploads\/2017\/06\/Marret-Hippolyte-Nature-2-6b_wp.jpg 354w, https:\/\/lesmarret.marret.co\/wp-content\/uploads\/2017\/06\/Marret-Hippolyte-Nature-2-6b_wp-300x115.jpg 300w\" sizes=\"auto, (max-width: 123px) 100vw, 123px\" \/><\/a><\/span><\/span><\/p>\n<p><span style=\"margin: 0px; line-height: 115%; font-family: georgia,palatino,serif; font-size: 12pt;\"><span style=\"color: #000000;\">Une peinture sign\u00e9e H. Marret est-elle toujours l\u2019\u0153uvre d\u2019Henri Marret? Pas forc\u00e9ment&#8230;&nbsp;<a href=\"https:\/\/lesmarret.marret.co\/index.php\/2017\/06\/09\/hippolyte-marret-peintre\/\"><em><strong>Explications\u00bb\u00bb\u00bb<\/strong><\/em><\/a><\/span><\/span><\/p>\n<hr>\n<p><span style=\"color: #000000; font-family: Calibri;\"><a href=\"https:\/\/lesmarret.marret.co\/wp-content\/uploads\/2017\/06\/Tableau-dhonneur-14-18-p113-Pierre-Charles-Ernest-Marret2._wp.jpg\"><img loading=\"lazy\" decoding=\"async\" class=\"wp-image-6664 alignright\" src=\"https:\/\/lesmarret.marret.co\/wp-content\/uploads\/2017\/06\/Tableau-dhonneur-14-18-p113-Pierre-Charles-Ernest-Marret2._wp.jpg\" alt=\"\" width=\"134\" height=\"137\" data-wp-pid=\"6664\" srcset=\"https:\/\/lesmarret.marret.co\/wp-content\/uploads\/2017\/06\/Tableau-dhonneur-14-18-p113-Pierre-Charles-Ernest-Marret2._wp.jpg 362w, https:\/\/lesmarret.marret.co\/wp-content\/uploads\/2017\/06\/Tableau-dhonneur-14-18-p113-Pierre-Charles-Ernest-Marret2._wp-294x300.jpg 294w\" sizes=\"auto, (max-width: 134px) 100vw, 134px\" \/><\/a> <a href=\"https:\/\/lesmarret.marret.co\/wp-content\/uploads\/2017\/06\/Marret-Andr\u00e9-Tableau-dhonneur2_wp.jpg\"><img loading=\"lazy\" decoding=\"async\" class=\"wp-image-6663 alignleft\" src=\"https:\/\/lesmarret.marret.co\/wp-content\/uploads\/2017\/06\/Marret-Andr\u00e9-Tableau-dhonneur2_wp.jpg\" alt=\"\" width=\"110\" height=\"144\" data-wp-pid=\"6663\" srcset=\"https:\/\/lesmarret.marret.co\/wp-content\/uploads\/2017\/06\/Marret-Andr\u00e9-Tableau-dhonneur2_wp.jpg 412w, https:\/\/lesmarret.marret.co\/wp-content\/uploads\/2017\/06\/Marret-Andr\u00e9-Tableau-dhonneur2_wp-229x300.jpg 229w\" sizes=\"auto, (max-width: 110px) 100vw, 110px\" \/><\/a><\/span><\/p>\n<p><span style=\"color: #000000; font-family: georgia,palatino,serif;\">La guerre aura r\u00e9uni ces deux fr\u00e8res, la guerre les s\u00e9parera\u2026 Tel est, en ao\u00fbt 1914, le destin tragique d\u2019Andr\u00e9 et de Pierre Marret, les deux premiers enfants de Paul Marret et Marie Aubinet. <a href=\"https:\/\/lesmarret.marret.co\/index.php\/2017\/06\/01\/1914-deux-freres-marret-dans-la-meme-bataille\/\"><em><strong>D\u00e9tails\u00bb\u00bb\u00bb<\/strong><\/em><\/a><\/span><\/p>\n<p>&nbsp;<\/p>\n<hr>\n<p>Malgr\u00e9 son nom, Fr\u00e9d\u00e9ric Marret n\u2019a aucun lien familial avec les Marret auxquels est consacr\u00e9 ce site\u2026 Mais sa carri\u00e8re exceptionnelle comme radiot\u00e9l\u00e9graphiste dans l\u2019a\u00e9ropostale et sa fin dramatique dans l\u2019Atlantique-Sud justifient amplement qu\u2019on lui consacre quelques pages <strong><a href=\"https:\/\/lesmarret.marret.co\/index.php\/frederic-marret\/\">ici<\/a><\/strong>!<\/p>\n<hr>\n<p><span style=\"color: #000000; font-family: Calibri;\"><a href=\"https:\/\/lesmarret.marret.co\/wp-content\/uploads\/2017\/05\/1660-06-09-Mariage-de-Louis-XIV-01_wp.jpg\"><img loading=\"lazy\" decoding=\"async\" class=\"wp-image-6647 alignleft\" src=\"https:\/\/lesmarret.marret.co\/wp-content\/uploads\/2017\/05\/1660-06-09-Mariage-de-Louis-XIV-01_wp.jpg\" alt=\"\" width=\"149\" height=\"112\" data-wp-pid=\"6647\" srcset=\"https:\/\/lesmarret.marret.co\/wp-content\/uploads\/2017\/05\/1660-06-09-Mariage-de-Louis-XIV-01_wp.jpg 886w, https:\/\/lesmarret.marret.co\/wp-content\/uploads\/2017\/05\/1660-06-09-Mariage-de-Louis-XIV-01_wp-300x225.jpg 300w, https:\/\/lesmarret.marret.co\/wp-content\/uploads\/2017\/05\/1660-06-09-Mariage-de-Louis-XIV-01_wp-768x576.jpg 768w, https:\/\/lesmarret.marret.co\/wp-content\/uploads\/2017\/05\/1660-06-09-Mariage-de-Louis-XIV-01_wp-800x600.jpg 800w, https:\/\/lesmarret.marret.co\/wp-content\/uploads\/2017\/05\/1660-06-09-Mariage-de-Louis-XIV-01_wp-600x450.jpg 600w\" sizes=\"auto, (max-width: 149px) 100vw, 149px\" \/><\/a><\/span><\/p>\n<p><span style=\"color: #000000; font-family: georgia,palatino,serif;\">Un anc\u00eatre Marret qui aurait \u00e9t\u00e9 enfant de ch\u0153ur au mariage de Louis&nbsp;XIV\u2026 Fait \u00ab&nbsp;alternatif&nbsp;\u00bb ou r\u00e9alit\u00e9 historique?<\/span><\/p>\n<p><span style=\"font-family: georgia,palatino,serif;\"><strong><a href=\"https:\/\/lesmarret.marret.co\/index.php\/2017\/05\/10\/un-ancetre-marret-au-mariage-de-louis-xiv\/\"><em><span style=\"color: #000000;\">La v\u00e9rification\u00bb\u00bb\u00bb<\/span><\/em><\/a><\/strong><\/span><\/p>\n<hr>\n<p>Vous avez des informations \u00e0 partager avec la famille, des photos ou des documents sur nos anc\u00eatres? <a href=\"https:\/\/lesmarret.marret.co\/index.php\/contact-edimestre\/\" target=\"_blank\" rel=\"noopener noreferrer\">Communiquez avec Jean-Luc Marret<\/a>, le responsable de ce site.<\/p>\n<blockquote dir=\"ltr\">\n<div>&nbsp;<\/div>\n<\/blockquote>\n<p><a href=\"https:\/\/lesmarret.marret.co\/wp-content\/uploads\/2017\/04\/Armoirie_016_wp.png\"><img loading=\"lazy\" decoding=\"async\" class=\"wp-image-5333 aligncenter\" src=\"https:\/\/lesmarret.marret.co\/wp-content\/uploads\/2017\/04\/Armoirie_016_wp.png\" alt=\"\" width=\"79\" height=\"88\" data-wp-pid=\"5333\" srcset=\"https:\/\/lesmarret.marret.co\/wp-content\/uploads\/2017\/04\/Armoirie_016_wp.png 525w, https:\/\/lesmarret.marret.co\/wp-content\/uploads\/2017\/04\/Armoirie_016_wp-266x300.png 266w\" sizes=\"auto, (max-width: 79px) 100vw, 79px\" \/><\/a><\/p>\n<hr>\n<p><a href=\"http:\/\/lesgravereaux.marret.co\/wp-content\/uploads\/2017\/04\/Au-Bon-March\u00e9-Carte-Madame-Gravereaux-r_wp.jpg\">&nbsp;<\/a><\/p>\n<p>&nbsp;<\/p>\n<hr>\n<p>&nbsp;<\/p>\n<p>&nbsp;<\/p>\n<p style=\"text-align: right;\"><span style=\"font-family: book antiqua,palatino,serif; font-size: 10pt;\">Pour plus d&rsquo;informations sur le site et les renseignements qui s&rsquo;y trouvent,<\/span><br \/>\n<span style=\"font-family: book antiqua,palatino,serif; font-size: 10pt;\"><a href=\"https:\/\/lesmarret.marret.co\/index.php\/contact-edimestre\/\" target=\"_blank\" rel=\"noopener\">contacter l&rsquo;\u00e9dimestre<\/a> responsable de ce site.<\/span><\/p>\n","protected":false},"excerpt":{"rendered":"<p>N\u00e9 \u00e0 Tourzel en 1765 et \u00ab&nbsp;mont\u00e9&nbsp;\u00bb \u00e0 Paris juste avant la R\u00e9volution, Pierre Marret y a \u00e9tabli la notori\u00e9t\u00e9 de la famille dans le domaine de la bijouterie, de la joaillerie et de l\u2019orf\u00e8vrerie. Plusieurs de ses descendants ayant &hellip; <a href=\"https:\/\/lesmarret.marret.co\/\">Continuer la lecture <span class=\"meta-nav\">&rarr;<\/span><\/a><\/p>\n","protected":false},"author":1,"featured_media":0,"parent":0,"menu_order":0,"comment_status":"closed","ping_status":"closed","template":"","meta":{"_monsterinsights_skip_tracking":false,"_monsterinsights_sitenote_active":false,"_monsterinsights_sitenote_note":"","_monsterinsights_sitenote_category":0,"ngg_post_thumbnail":0,"footnotes":""},"class_list":["post-66","page","type-page","status-publish","hentry"],"aioseo_notices":[],"_links":{"self":[{"href":"https:\/\/lesmarret.marret.co\/index.php\/wp-json\/wp\/v2\/pages\/66","targetHints":{"allow":["GET"]}}],"collection":[{"href":"https:\/\/lesmarret.marret.co\/index.php\/wp-json\/wp\/v2\/pages"}],"about":[{"href":"https:\/\/lesmarret.marret.co\/index.php\/wp-json\/wp\/v2\/types\/page"}],"author":[{"embeddable":true,"href":"https:\/\/lesmarret.marret.co\/index.php\/wp-json\/wp\/v2\/users\/1"}],"replies":[{"embeddable":true,"href":"https:\/\/lesmarret.marret.co\/index.php\/wp-json\/wp\/v2\/comments?post=66"}],"version-history":[{"count":13,"href":"https:\/\/lesmarret.marret.co\/index.php\/wp-json\/wp\/v2\/pages\/66\/revisions"}],"predecessor-version":[{"id":7899,"href":"https:\/\/lesmarret.marret.co\/index.php\/wp-json\/wp\/v2\/pages\/66\/revisions\/7899"}],"wp:attachment":[{"href":"https:\/\/lesmarret.marret.co\/index.php\/wp-json\/wp\/v2\/media?parent=66"}],"curies":[{"name":"wp","href":"https:\/\/api.w.org\/{rel}","templated":true}]}}

<p><span lang="FR" style="margin: 0px; color: #333333; line-height: 115%; font-family: 'Georgia','serif'; font-size: 12pt;"><a href="https://lesmarret.marret.co/wp-content/uploads/2017/04/Pierre-Marret-1763-1857-DM-015b_wp.jpg"><img loading="lazy" decoding="async" class="wp-image-5307 alignright" src="https://lesmarret.marret.co/wp-content/uploads/2017/04/Pierre-Marret-1763-1857-DM-015b_wp.jpg" alt="" width="108" height="124" data-wp-pid="5307" srcset="https://lesmarret.marret.co/wp-content/uploads/2017/04/Pierre-Marret-1763-1857-DM-015b_wp.jpg 771w, https://lesmarret.marret.co/wp-content/uploads/2017/04/Pierre-Marret-1763-1857-DM-015b_wp-261x300.jpg 261w, https://lesmarret.marret.co/wp-content/uploads/2017/04/Pierre-Marret-1763-1857-DM-015b_wp-768x883.jpg 768w, https://lesmarret.marret.co/wp-content/uploads/2017/04/Pierre-Marret-1763-1857-DM-015b_wp-522x600.jpg 522w" sizes="auto, (max-width: 108px) 100vw, 108px" /></a><span style="font-size: 10pt;">Né à Tourzel en 1765 et «&nbsp;monté&nbsp;» à Paris juste avant la Révolution, Pierre Marret y a établi la notoriété de la famille dans le domaine de la bijouterie, de la joaillerie et de l’orfèvrerie. Plusieurs de ses descendants ayant poursuivi dans les mêmes spécialités, il est devenu l’ancêtre de référence…</span></span></p>
<p><span lang="FR" style="margin: 0px; color: #333333; line-height: 115%; font-family: Georgia, serif; font-size: 10pt;">D’autres personnes portant le même patronyme se sont fait une réputation exceptionnelle, tel le peintre-fresquiste Henri Justin Marret&nbsp;; plusieurs ont aussi marqué, par leur présence et leurs activités, l’histoire des lieux où ils ont vécu.</span></p>
<p><span style="font-size: 10pt;"><em><span lang="FR" style="margin: 0px; color: #333333; line-height: 115%; font-family: Georgia, serif;">On trouvera donc sur ce site des informations, des photos et des documents relatifs à Pierre Marret, à ses ancêtres ou à ses descendants ainsi qu’à l’histoire de la famille, des activités de ses membres et des lieux qu’ils ont fréquentés.</span></em></span></p>
<p style="text-align: center;">~~~~~~~</p>
<p><span style="color: #000000; font-family: georgia,palatino,serif;"><a href="https://lesmarret.marret.co/wp-content/uploads/2022/02/Carine-Marret-©-Louis-Paul-Fallot-b.jpg"><img loading="lazy" decoding="async" class="wp-image-7895 alignright" src="https://lesmarret.marret.co/wp-content/uploads/2022/02/Carine-Marret-©-Louis-Paul-Fallot-b-678x1024.jpg" alt="" width="123" height="186" data-wp-pid="7895" srcset="https://lesmarret.marret.co/wp-content/uploads/2022/02/Carine-Marret-©-Louis-Paul-Fallot-b-678x1024.jpg 678w, https://lesmarret.marret.co/wp-content/uploads/2022/02/Carine-Marret-©-Louis-Paul-Fallot-b-199x300.jpg 199w, https://lesmarret.marret.co/wp-content/uploads/2022/02/Carine-Marret-©-Louis-Paul-Fallot-b-768x1160.jpg 768w, https://lesmarret.marret.co/wp-content/uploads/2022/02/Carine-Marret-©-Louis-Paul-Fallot-b-1017x1536.jpg 1017w, https://lesmarret.marret.co/wp-content/uploads/2022/02/Carine-Marret-©-Louis-Paul-Fallot-b.jpg 1200w" sizes="auto, (max-width: 123px) 100vw, 123px" /></a>Au fil des ans, des membres de la famille Marret ont occupé de multiples professions. Mais il n’y avait, jusqu’à présent, aucun auteur de romans policiers. Carine Marret comble maintenant cette lacune et le fait avec panache&nbsp;: son personnage principal, le commissaire Jean Levigan, a déjà effectué cinq enquêtes passionnantes… On doit également à cette écrivaine, résidente niçoise, des <em>Promenades littéraires sur la Côte d’Azur</em>. Plus d’informations sur son <a href="http://www.carinemarret.fr/" target="_blank" rel="noopener noreferrer">site personnel»»»</a></span></p>
<hr>
<p><span style="margin: 0px; line-height: 115%; font-family: georgia,palatino,serif; font-size: 12pt;"><span style="color: #000000;"><a href="https://lesmarret.marret.co/wp-content/uploads/2017/06/Marret-Hippolyte-Nature-2-6b_wp.jpg"><img loading="lazy" decoding="async" class="wp-image-6936 alignleft" src="https://lesmarret.marret.co/wp-content/uploads/2017/06/Marret-Hippolyte-Nature-2-6b_wp.jpg" alt="" width="123" height="47" data-wp-pid="6936" srcset="https://lesmarret.marret.co/wp-content/uploads/2017/06/Marret-Hippolyte-Nature-2-6b_wp.jpg 354w, https://lesmarret.marret.co/wp-content/uploads/2017/06/Marret-Hippolyte-Nature-2-6b_wp-300x115.jpg 300w" sizes="auto, (max-width: 123px) 100vw, 123px" /></a></span></span></p>
<p><span style="margin: 0px; line-height: 115%; font-family: georgia,palatino,serif; font-size: 12pt;"><span style="color: #000000;">Une peinture signée H. Marret est-elle toujours l’œuvre d’Henri Marret? Pas forcément&#8230;&nbsp;<a href="https://lesmarret.marret.co/index.php/2017/06/09/hippolyte-marret-peintre/"><em><strong>Explications»»»</strong></em></a></span></span></p>
<hr>
<p><span style="color: #000000; font-family: Calibri;"><a href="https://lesmarret.marret.co/wp-content/uploads/2017/06/Tableau-dhonneur-14-18-p113-Pierre-Charles-Ernest-Marret2._wp.jpg"><img loading="lazy" decoding="async" class="wp-image-6664 alignright" src="https://lesmarret.marret.co/wp-content/uploads/2017/06/Tableau-dhonneur-14-18-p113-Pierre-Charles-Ernest-Marret2._wp.jpg" alt="" width="134" height="137" data-wp-pid="6664" srcset="https://lesmarret.marret.co/wp-content/uploads/2017/06/Tableau-dhonneur-14-18-p113-Pierre-Charles-Ernest-Marret2._wp.jpg 362w, https://lesmarret.marret.co/wp-content/uploads/2017/06/Tableau-dhonneur-14-18-p113-Pierre-Charles-Ernest-Marret2._wp-294x300.jpg 294w" sizes="auto, (max-width: 134px) 100vw, 134px" /></a> <a href="https://lesmarret.marret.co/wp-content/uploads/2017/06/Marret-André-Tableau-dhonneur2_wp.jpg"><img loading="lazy" decoding="async" class="wp-image-6663 alignleft" src="https://lesmarret.marret.co/wp-content/uploads/2017/06/Marret-André-Tableau-dhonneur2_wp.jpg" alt="" width="110" height="144" data-wp-pid="6663" srcset="https://lesmarret.marret.co/wp-content/uploads/2017/06/Marret-André-Tableau-dhonneur2_wp.jpg 412w, https://lesmarret.marret.co/wp-content/uploads/2017/06/Marret-André-Tableau-dhonneur2_wp-229x300.jpg 229w" sizes="auto, (max-width: 110px) 100vw, 110px" /></a></span></p>
<p><span style="color: #000000; font-family: georgia,palatino,serif;">La guerre aura réuni ces deux frères, la guerre les séparera… Tel est, en août 1914, le destin tragique d’André et de Pierre Marret, les deux premiers enfants de Paul Marret et Marie Aubinet. <a href="https://lesmarret.marret.co/index.php/2017/06/01/1914-deux-freres-marret-dans-la-meme-bataille/"><em><strong>Détails»»»</strong></em></a></span></p>
<p>&nbsp;</p>
<hr>
<p>Malgré son nom, Frédéric Marret n’a aucun lien familial avec les Marret auxquels est consacré ce site… Mais sa carrière exceptionnelle comme radiotélégraphiste dans l’aéropostale et sa fin dramatique dans l’Atlantique-Sud justifient amplement qu’on lui consacre quelques pages <strong><a href="https://lesmarret.marret.co/index.php/frederic-marret/">ici</a></strong>!</p>
<hr>
<p><span style="color: #000000; font-family: Calibri;"><a href="https://lesmarret.marret.co/wp-content/uploads/2017/05/1660-06-09-Mariage-de-Louis-XIV-01_wp.jpg"><img loading="lazy" decoding="async" class="wp-image-6647 alignleft" src="https://lesmarret.marret.co/wp-content/uploads/2017/05/1660-06-09-Mariage-de-Louis-XIV-01_wp.jpg" alt="" width="149" height="112" data-wp-pid="6647" srcset="https://lesmarret.marret.co/wp-content/uploads/2017/05/1660-06-09-Mariage-de-Louis-XIV-01_wp.jpg 886w, https://lesmarret.marret.co/wp-content/uploads/2017/05/1660-06-09-Mariage-de-Louis-XIV-01_wp-300x225.jpg 300w, https://lesmarret.marret.co/wp-content/uploads/2017/05/1660-06-09-Mariage-de-Louis-XIV-01_wp-768x576.jpg 768w, https://lesmarret.marret.co/wp-content/uploads/2017/05/1660-06-09-Mariage-de-Louis-XIV-01_wp-800x600.jpg 800w, https://lesmarret.marret.co/wp-content/uploads/2017/05/1660-06-09-Mariage-de-Louis-XIV-01_wp-600x450.jpg 600w" sizes="auto, (max-width: 149px) 100vw, 149px" /></a></span></p>
<p><span style="color: #000000; font-family: georgia,palatino,serif;">Un ancêtre Marret qui aurait été enfant de chœur au mariage de Louis&nbsp;XIV… Fait «&nbsp;alternatif&nbsp;» ou réalité historique?</span></p>
<p><span style="font-family: georgia,palatino,serif;"><strong><a href="https://lesmarret.marret.co/index.php/2017/05/10/un-ancetre-marret-au-mariage-de-louis-xiv/"><em><span style="color: #000000;">La vérification»»»</span></em></a></strong></span></p>
<hr>
<p>Vous avez des informations à partager avec la famille, des photos ou des documents sur nos ancêtres? <a href="https://lesmarret.marret.co/index.php/contact-edimestre/" target="_blank" rel="noopener noreferrer">Communiquez avec Jean-Luc Marret</a>, le responsable de ce site.</p>
<blockquote dir="ltr">
<div>&nbsp;</div>
</blockquote>
<p><a href="https://lesmarret.marret.co/wp-content/uploads/2017/04/Armoirie_016_wp.png"><img loading="lazy" decoding="async" class="wp-image-5333 aligncenter" src="https://lesmarret.marret.co/wp-content/uploads/2017/04/Armoirie_016_wp.png" alt="" width="79" height="88" data-wp-pid="5333" srcset="https://lesmarret.marret.co/wp-content/uploads/2017/04/Armoirie_016_wp.png 525w, https://lesmarret.marret.co/wp-content/uploads/2017/04/Armoirie_016_wp-266x300.png 266w" sizes="auto, (max-width: 79px) 100vw, 79px" /></a></p>
<hr>
<p><a href="http://lesgravereaux.marret.co/wp-content/uploads/2017/04/Au-Bon-Marché-Carte-Madame-Gravereaux-r_wp.jpg">&nbsp;</a></p>
<p>&nbsp;</p>
<hr>
<p>&nbsp;</p>
<p>&nbsp;</p>
<p style="text-align: right;"><span style="font-family: book antiqua,palatino,serif; font-size: 10pt;">Pour plus d&rsquo;informations sur le site et les renseignements qui s&rsquo;y trouvent,</span><br />
<span style="font-family: book antiqua,palatino,serif; font-size: 10pt;"><a href="https://lesmarret.marret.co/index.php/contact-edimestre/" target="_blank" rel="noopener">contacter l&rsquo;édimestre</a> responsable de ce site.</span></p>

<p>Né à Tourzel en 1765 et «&nbsp;monté&nbsp;» à Paris juste avant la Révolution, Pierre Marret y a établi la notoriété de la famille dans le domaine de la bijouterie, de la joaillerie et de l’orfèvrerie. Plusieurs de ses descendants ayant &hellip; <a href="https://lesmarret.marret.co/">Continuer la lecture <span class="meta-nav">&rarr;</span></a></p>
