{"id":6626,"date":"2017-05-31T00:14:38","date_gmt":"2017-05-30T23:14:38","guid":{"rendered":"http:\/\/lesmarret.marret.co\/?page_id=6626"},"modified":"2017-06-04T15:09:45","modified_gmt":"2017-06-04T14:09:45","slug":"beaulieu-sur-loire-maison-marret","status":"publish","type":"page","link":"https:\/\/lesmarret.marret.co\/index.php\/des-lieux-de-famille\/beaulieu-sur-loire-maison-marret\/","title":{"rendered":"Beaulieu-sur-Loire &#8211; Maison Marret"},"content":{"rendered":"<p><a href=\"https:\/\/lesmarret.marret.co\/wp-content\/uploads\/2017\/05\/Beaulieu-sur-Loire-Maison-Marret-2011-05_003a_wp.jpg\"><img loading=\"lazy\" decoding=\"async\" width=\"249\" height=\"166\" class=\"wp-image-6630 alignright\" alt=\"\" src=\"https:\/\/lesmarret.marret.co\/wp-content\/uploads\/2017\/05\/Beaulieu-sur-Loire-Maison-Marret-2011-05_003a_wp.jpg\" data-wp-pid=\"6630\" srcset=\"https:\/\/lesmarret.marret.co\/wp-content\/uploads\/2017\/05\/Beaulieu-sur-Loire-Maison-Marret-2011-05_003a_wp.jpg 886w, https:\/\/lesmarret.marret.co\/wp-content\/uploads\/2017\/05\/Beaulieu-sur-Loire-Maison-Marret-2011-05_003a_wp-300x200.jpg 300w, https:\/\/lesmarret.marret.co\/wp-content\/uploads\/2017\/05\/Beaulieu-sur-Loire-Maison-Marret-2011-05_003a_wp-768x512.jpg 768w, https:\/\/lesmarret.marret.co\/wp-content\/uploads\/2017\/05\/Beaulieu-sur-Loire-Maison-Marret-2011-05_003a_wp-800x534.jpg 800w, https:\/\/lesmarret.marret.co\/wp-content\/uploads\/2017\/05\/Beaulieu-sur-Loire-Maison-Marret-2011-05_003a_wp-600x400.jpg 600w\" sizes=\"auto, (max-width: 249px) 100vw, 249px\" \/><\/a>Cette maison bourgeoise &#8211; construite en pierre de taille et couverte d&rsquo;ardoises &#8211; porte la date de sa construction sur le linteau situ\u00e9 au-dessus de sa porte d\u2019entr\u00e9e : 1791. Les ouvertures et l&rsquo;angle des murs sont en pierres de taille. Le b\u00e2timent en forme de \u00ab\u00a0U&rsquo;, inspir\u00e9 de Versailles comme beaucoup \u00e0 l&rsquo;\u00e9poque, donne d&rsquo;un c\u00f4t\u00e9 sur la Place d&rsquo;Armes et, de l&rsquo;autre sur un jardin public qui descend jusqu&rsquo;au canal.<\/p>\n<p><a href=\"https:\/\/lesmarret.marret.co\/wp-content\/uploads\/2017\/05\/Beaulieu-sur-Loire-Maison-Marret-2011-05_002a_wp.jpg\"><img loading=\"lazy\" decoding=\"async\" width=\"350\" height=\"233\" class=\"wp-image-6629 alignleft\" alt=\"\" src=\"https:\/\/lesmarret.marret.co\/wp-content\/uploads\/2017\/05\/Beaulieu-sur-Loire-Maison-Marret-2011-05_002a_wp.jpg\" data-wp-pid=\"6629\" srcset=\"https:\/\/lesmarret.marret.co\/wp-content\/uploads\/2017\/05\/Beaulieu-sur-Loire-Maison-Marret-2011-05_002a_wp.jpg 886w, https:\/\/lesmarret.marret.co\/wp-content\/uploads\/2017\/05\/Beaulieu-sur-Loire-Maison-Marret-2011-05_002a_wp-300x200.jpg 300w, https:\/\/lesmarret.marret.co\/wp-content\/uploads\/2017\/05\/Beaulieu-sur-Loire-Maison-Marret-2011-05_002a_wp-768x512.jpg 768w, https:\/\/lesmarret.marret.co\/wp-content\/uploads\/2017\/05\/Beaulieu-sur-Loire-Maison-Marret-2011-05_002a_wp-800x534.jpg 800w, https:\/\/lesmarret.marret.co\/wp-content\/uploads\/2017\/05\/Beaulieu-sur-Loire-Maison-Marret-2011-05_002a_wp-600x400.jpg 600w\" sizes=\"auto, (max-width: 350px) 100vw, 350px\" \/><\/a>La Maison dite \u00ab Marret \u00bb a \u00e9t\u00e9 construite par Guillaume Despond, notaire royal \u00e0 Beaulieu-sur-Loire et sa famille l&rsquo;a habit\u00e9e pendant 115 ans. Peu apr\u00e8s la guerre, Maurice Marret (1902-1959) en fait l\u2019acquisition. Elle a \u00e9t\u00e9 r\u00e9cemment vendue \u00e0 la commune de Beaulieu-sur-Loire qui en a fait un centre d\u2019exposition et un p\u00f4le socioculturel pour les associations locales.<\/p>\n<p><a href=\"https:\/\/lesmarret.marret.co\/wp-content\/uploads\/2017\/05\/Beaulieu-sur-Loire-Maison-Marret-2011-05_009a_wp.jpg\"><img loading=\"lazy\" decoding=\"async\" width=\"351\" height=\"234\" class=\"wp-image-6631 alignright\" alt=\"\" src=\"https:\/\/lesmarret.marret.co\/wp-content\/uploads\/2017\/05\/Beaulieu-sur-Loire-Maison-Marret-2011-05_009a_wp.jpg\" data-wp-pid=\"6631\" srcset=\"https:\/\/lesmarret.marret.co\/wp-content\/uploads\/2017\/05\/Beaulieu-sur-Loire-Maison-Marret-2011-05_009a_wp.jpg 886w, https:\/\/lesmarret.marret.co\/wp-content\/uploads\/2017\/05\/Beaulieu-sur-Loire-Maison-Marret-2011-05_009a_wp-300x200.jpg 300w, https:\/\/lesmarret.marret.co\/wp-content\/uploads\/2017\/05\/Beaulieu-sur-Loire-Maison-Marret-2011-05_009a_wp-768x512.jpg 768w, https:\/\/lesmarret.marret.co\/wp-content\/uploads\/2017\/05\/Beaulieu-sur-Loire-Maison-Marret-2011-05_009a_wp-800x534.jpg 800w, https:\/\/lesmarret.marret.co\/wp-content\/uploads\/2017\/05\/Beaulieu-sur-Loire-Maison-Marret-2011-05_009a_wp-600x400.jpg 600w\" sizes=\"auto, (max-width: 351px) 100vw, 351px\" \/><\/a><\/p>\n","protected":false},"excerpt":{"rendered":"<p>Cette maison bourgeoise &#8211; construite en pierre de taille et couverte d&rsquo;ardoises &#8211; porte la date de sa construction sur le linteau situ\u00e9 au-dessus de sa porte d\u2019entr\u00e9e : 1791. Les ouvertures et l&rsquo;angle des murs sont en pierres de &hellip; <a href=\"https:\/\/lesmarret.marret.co\/index.php\/des-lieux-de-famille\/beaulieu-sur-loire-maison-marret\/\">Continuer la lecture <span class=\"meta-nav\">&rarr;<\/span><\/a><\/p>\n","protected":false},"author":1,"featured_media":0,"parent":5382,"menu_order":0,"comment_status":"closed","ping_status":"closed","template":"","meta":{"_monsterinsights_skip_tracking":false,"_monsterinsights_sitenote_active":false,"_monsterinsights_sitenote_note":"","_monsterinsights_sitenote_category":0,"ngg_post_thumbnail":0,"footnotes":""},"class_list":["post-6626","page","type-page","status-publish","hentry"],"aioseo_notices":[],"_links":{"self":[{"href":"https:\/\/lesmarret.marret.co\/index.php\/wp-json\/wp\/v2\/pages\/6626","targetHints":{"allow":["GET"]}}],"collection":[{"href":"https:\/\/lesmarret.marret.co\/index.php\/wp-json\/wp\/v2\/pages"}],"about":[{"href":"https:\/\/lesmarret.marret.co\/index.php\/wp-json\/wp\/v2\/types\/page"}],"author":[{"embeddable":true,"href":"https:\/\/lesmarret.marret.co\/index.php\/wp-json\/wp\/v2\/users\/1"}],"replies":[{"embeddable":true,"href":"https:\/\/lesmarret.marret.co\/index.php\/wp-json\/wp\/v2\/comments?post=6626"}],"version-history":[{"count":0,"href":"https:\/\/lesmarret.marret.co\/index.php\/wp-json\/wp\/v2\/pages\/6626\/revisions"}],"up":[{"embeddable":true,"href":"https:\/\/lesmarret.marret.co\/index.php\/wp-json\/wp\/v2\/pages\/5382"}],"wp:attachment":[{"href":"https:\/\/lesmarret.marret.co\/index.php\/wp-json\/wp\/v2\/media?parent=6626"}],"curies":[{"name":"wp","href":"https:\/\/api.w.org\/{rel}","templated":true}]}}