{"id":6644,"date":"2017-06-01T15:07:46","date_gmt":"2017-06-01T14:07:46","guid":{"rendered":"http:\/\/lesmarret.marret.co\/?page_id=6644"},"modified":"2017-06-01T15:07:46","modified_gmt":"2017-06-01T14:07:46","slug":"sevenans-chateau-saglio","status":"publish","type":"page","link":"https:\/\/lesmarret.marret.co\/index.php\/sevenans-chateau-saglio\/","title":{"rendered":"S\u00e9venans &#8211; Ch\u00e2teau Saglio"},"content":{"rendered":"<p><a href=\"https:\/\/lesmarret.marret.co\/wp-content\/uploads\/2017\/06\/Ch\u00e2teau-Sevenans-02_wp.jpg\"><img loading=\"lazy\" decoding=\"async\" width=\"351\" height=\"228\" class=\"wp-image-6668 alignright\" alt=\"\" src=\"https:\/\/lesmarret.marret.co\/wp-content\/uploads\/2017\/06\/Ch\u00e2teau-Sevenans-02_wp.jpg\" data-wp-pid=\"6668\" srcset=\"https:\/\/lesmarret.marret.co\/wp-content\/uploads\/2017\/06\/Ch\u00e2teau-Sevenans-02_wp.jpg 886w, https:\/\/lesmarret.marret.co\/wp-content\/uploads\/2017\/06\/Ch\u00e2teau-Sevenans-02_wp-300x195.jpg 300w, https:\/\/lesmarret.marret.co\/wp-content\/uploads\/2017\/06\/Ch\u00e2teau-Sevenans-02_wp-768x499.jpg 768w, https:\/\/lesmarret.marret.co\/wp-content\/uploads\/2017\/06\/Ch\u00e2teau-Sevenans-02_wp-800x520.jpg 800w, https:\/\/lesmarret.marret.co\/wp-content\/uploads\/2017\/06\/Ch\u00e2teau-Sevenans-02_wp-600x390.jpg 600w\" sizes=\"auto, (max-width: 351px) 100vw, 351px\" \/><\/a><\/p>\n<p>Construit vers 1768, le <strong>ch\u00e2teau de S\u00e9venans<\/strong> (canton de Danjoutin, d\u00e9partement du Territoire de Belfort) a \u00e9t\u00e9 acquis par la famille Saglio \u2013 probablement Florent Saglio (1835-1920) &#8211; au milieu du XIX<sup>e<\/sup> si\u00e8cle. Ce ch\u00e2teau a servi de r\u00e9sidence pour l\u2019\u00c9tat-major allemand, pendant le si\u00e8ge de Belfort en 1870-1871.<\/p>\n<p>Apr\u00e8s le d\u00e9c\u00e8s de son p\u00e8re, H\u00e9l\u00e8ne Saglio (1878-1949), y a habit\u00e9 avec son mari, Joseph Marret (1874-1942).<\/p>\n<p>Le <strong>ch\u00e2teau <em>Saglio<\/em><\/strong> a \u00e9t\u00e9 r\u00e9nov\u00e9 en 2003 et est maintenant occup\u00e9 par la direction de l&rsquo;Universit\u00e9 de technologie de Belfort-Montb\u00e9liard.<\/p>\n<p style=\"text-align: center;\"><a href=\"https:\/\/lesmarret.marret.co\/wp-content\/uploads\/2017\/06\/Ch\u00e2teau-Sevenans-01_wp.jpg\"><img loading=\"lazy\" decoding=\"async\" width=\"310\" height=\"200\" class=\" wp-image-6667\" alt=\"\" src=\"https:\/\/lesmarret.marret.co\/wp-content\/uploads\/2017\/06\/Ch\u00e2teau-Sevenans-01_wp.jpg\" data-wp-pid=\"6667\" srcset=\"https:\/\/lesmarret.marret.co\/wp-content\/uploads\/2017\/06\/Ch\u00e2teau-Sevenans-01_wp.jpg 886w, https:\/\/lesmarret.marret.co\/wp-content\/uploads\/2017\/06\/Ch\u00e2teau-Sevenans-01_wp-300x193.jpg 300w, https:\/\/lesmarret.marret.co\/wp-content\/uploads\/2017\/06\/Ch\u00e2teau-Sevenans-01_wp-768x494.jpg 768w, https:\/\/lesmarret.marret.co\/wp-content\/uploads\/2017\/06\/Ch\u00e2teau-Sevenans-01_wp-800x515.jpg 800w, https:\/\/lesmarret.marret.co\/wp-content\/uploads\/2017\/06\/Ch\u00e2teau-Sevenans-01_wp-600x386.jpg 600w\" sizes=\"auto, (max-width: 310px) 100vw, 310px\" \/><\/a>&nbsp;&nbsp;&nbsp; <img loading=\"lazy\" decoding=\"async\" width=\"310\" height=\"200\" class=\"alignnone  wp-image-6669\" alt=\"\" src=\"https:\/\/lesmarret.marret.co\/wp-content\/uploads\/2017\/06\/Ch\u00e2teau-Saglio-Sevenans-03_wp.jpg\" data-wp-pid=\"6669\" srcset=\"https:\/\/lesmarret.marret.co\/wp-content\/uploads\/2017\/06\/Ch\u00e2teau-Saglio-Sevenans-03_wp.jpg 886w, https:\/\/lesmarret.marret.co\/wp-content\/uploads\/2017\/06\/Ch\u00e2teau-Saglio-Sevenans-03_wp-300x193.jpg 300w, https:\/\/lesmarret.marret.co\/wp-content\/uploads\/2017\/06\/Ch\u00e2teau-Saglio-Sevenans-03_wp-768x495.jpg 768w, https:\/\/lesmarret.marret.co\/wp-content\/uploads\/2017\/06\/Ch\u00e2teau-Saglio-Sevenans-03_wp-800x516.jpg 800w, https:\/\/lesmarret.marret.co\/wp-content\/uploads\/2017\/06\/Ch\u00e2teau-Saglio-Sevenans-03_wp-600x387.jpg 600w\" sizes=\"auto, (max-width: 310px) 100vw, 310px\" \/><\/p>\n","protected":false},"excerpt":{"rendered":"<p>Construit vers 1768, le ch\u00e2teau de S\u00e9venans (canton de Danjoutin, d\u00e9partement du Territoire de Belfort) a \u00e9t\u00e9 acquis par la famille Saglio \u2013 probablement Florent Saglio (1835-1920) &#8211; au milieu du XIXe si\u00e8cle. Ce ch\u00e2teau a servi de r\u00e9sidence pour &hellip; <a href=\"https:\/\/lesmarret.marret.co\/index.php\/sevenans-chateau-saglio\/\">Continuer la lecture <span class=\"meta-nav\">&rarr;<\/span><\/a><\/p>\n","protected":false},"author":1,"featured_media":0,"parent":0,"menu_order":0,"comment_status":"closed","ping_status":"closed","template":"","meta":{"_monsterinsights_skip_tracking":false,"_monsterinsights_sitenote_active":false,"_monsterinsights_sitenote_note":"","_monsterinsights_sitenote_category":0,"ngg_post_thumbnail":0,"footnotes":""},"class_list":["post-6644","page","type-page","status-publish","hentry"],"aioseo_notices":[],"_links":{"self":[{"href":"https:\/\/lesmarret.marret.co\/index.php\/wp-json\/wp\/v2\/pages\/6644","targetHints":{"allow":["GET"]}}],"collection":[{"href":"https:\/\/lesmarret.marret.co\/index.php\/wp-json\/wp\/v2\/pages"}],"about":[{"href":"https:\/\/lesmarret.marret.co\/index.php\/wp-json\/wp\/v2\/types\/page"}],"author":[{"embeddable":true,"href":"https:\/\/lesmarret.marret.co\/index.php\/wp-json\/wp\/v2\/users\/1"}],"replies":[{"embeddable":true,"href":"https:\/\/lesmarret.marret.co\/index.php\/wp-json\/wp\/v2\/comments?post=6644"}],"version-history":[{"count":0,"href":"https:\/\/lesmarret.marret.co\/index.php\/wp-json\/wp\/v2\/pages\/6644\/revisions"}],"wp:attachment":[{"href":"https:\/\/lesmarret.marret.co\/index.php\/wp-json\/wp\/v2\/media?parent=6644"}],"curies":[{"name":"wp","href":"https:\/\/api.w.org\/{rel}","templated":true}]}}

Sévenans &#8211; Château Saglio

<p><a href="https://lesmarret.marret.co/wp-content/uploads/2017/06/Château-Sevenans-02_wp.jpg"><img loading="lazy" decoding="async" width="351" height="228" class="wp-image-6668 alignright" alt="" src="https://lesmarret.marret.co/wp-content/uploads/2017/06/Château-Sevenans-02_wp.jpg" data-wp-pid="6668" srcset="https://lesmarret.marret.co/wp-content/uploads/2017/06/Château-Sevenans-02_wp.jpg 886w, https://lesmarret.marret.co/wp-content/uploads/2017/06/Château-Sevenans-02_wp-300x195.jpg 300w, https://lesmarret.marret.co/wp-content/uploads/2017/06/Château-Sevenans-02_wp-768x499.jpg 768w, https://lesmarret.marret.co/wp-content/uploads/2017/06/Château-Sevenans-02_wp-800x520.jpg 800w, https://lesmarret.marret.co/wp-content/uploads/2017/06/Château-Sevenans-02_wp-600x390.jpg 600w" sizes="auto, (max-width: 351px) 100vw, 351px" /></a></p>
<p>Construit vers 1768, le <strong>château de Sévenans</strong> (canton de Danjoutin, département du Territoire de Belfort) a été acquis par la famille Saglio – probablement Florent Saglio (1835-1920) &#8211; au milieu du XIX<sup>e</sup> siècle. Ce château a servi de résidence pour l’État-major allemand, pendant le siège de Belfort en 1870-1871.</p>
<p>Après le décès de son père, Hélène Saglio (1878-1949), y a habité avec son mari, Joseph Marret (1874-1942).</p>
<p>Le <strong>château <em>Saglio</em></strong> a été rénové en 2003 et est maintenant occupé par la direction de l&rsquo;Université de technologie de Belfort-Montbéliard.</p>
<p style="text-align: center;"><a href="https://lesmarret.marret.co/wp-content/uploads/2017/06/Château-Sevenans-01_wp.jpg"><img loading="lazy" decoding="async" width="310" height="200" class=" wp-image-6667" alt="" src="https://lesmarret.marret.co/wp-content/uploads/2017/06/Château-Sevenans-01_wp.jpg" data-wp-pid="6667" srcset="https://lesmarret.marret.co/wp-content/uploads/2017/06/Château-Sevenans-01_wp.jpg 886w, https://lesmarret.marret.co/wp-content/uploads/2017/06/Château-Sevenans-01_wp-300x193.jpg 300w, https://lesmarret.marret.co/wp-content/uploads/2017/06/Château-Sevenans-01_wp-768x494.jpg 768w, https://lesmarret.marret.co/wp-content/uploads/2017/06/Château-Sevenans-01_wp-800x515.jpg 800w, https://lesmarret.marret.co/wp-content/uploads/2017/06/Château-Sevenans-01_wp-600x386.jpg 600w" sizes="auto, (max-width: 310px) 100vw, 310px" /></a>&nbsp;&nbsp;&nbsp; <img loading="lazy" decoding="async" width="310" height="200" class="alignnone  wp-image-6669" alt="" src="https://lesmarret.marret.co/wp-content/uploads/2017/06/Château-Saglio-Sevenans-03_wp.jpg" data-wp-pid="6669" srcset="https://lesmarret.marret.co/wp-content/uploads/2017/06/Château-Saglio-Sevenans-03_wp.jpg 886w, https://lesmarret.marret.co/wp-content/uploads/2017/06/Château-Saglio-Sevenans-03_wp-300x193.jpg 300w, https://lesmarret.marret.co/wp-content/uploads/2017/06/Château-Saglio-Sevenans-03_wp-768x495.jpg 768w, https://lesmarret.marret.co/wp-content/uploads/2017/06/Château-Saglio-Sevenans-03_wp-800x516.jpg 800w, https://lesmarret.marret.co/wp-content/uploads/2017/06/Château-Saglio-Sevenans-03_wp-600x387.jpg 600w" sizes="auto, (max-width: 310px) 100vw, 310px" /></p>

<p>Construit vers 1768, le château de Sévenans (canton de Danjoutin, département du Territoire de Belfort) a été acquis par la famille Saglio – probablement Florent Saglio (1835-1920) &#8211; au milieu du XIXe siècle. Ce château a servi de résidence pour &hellip; <a href="https://lesmarret.marret.co/index.php/sevenans-chateau-saglio/">Continuer la lecture <span class="meta-nav">&rarr;</span></a></p>
