{"id":7248,"date":"2017-07-26T00:39:15","date_gmt":"2017-07-25T23:39:15","guid":{"rendered":"http:\/\/lesmarret.marret.co\/?page_id=7248"},"modified":"2017-07-26T00:39:15","modified_gmt":"2017-07-25T23:39:15","slug":"robert-linzeler-renaissance-de-lart-francais-mai-1923","status":"publish","type":"page","link":"https:\/\/lesmarret.marret.co\/index.php\/les-marret-bijoutiers\/les-linzeler\/robert-linzeler\/robert-linzeler-renaissance-de-lart-francais-mai-1923\/","title":{"rendered":"Robert Linzeler (Renaissance de l&rsquo;art fran\u00e7ais, mai 1923)"},"content":{"rendered":"<p>Robert LINZELER est un nouveau venu dans la rue de la Paix, <a href=\"https:\/\/lesmarret.marret.co\/wp-content\/uploads\/2017\/07\/1923-05-La_Renaissance_de_lart_fran\u00e7ais-p352-1a_wp.jpg\"><img loading=\"lazy\" decoding=\"async\" width=\"435\" height=\"654\" class=\"wp-image-7232 alignright\" alt=\"\" src=\"https:\/\/lesmarret.marret.co\/wp-content\/uploads\/2017\/07\/1923-05-La_Renaissance_de_lart_fran\u00e7ais-p352-1a_wp-681x1024.jpg\" data-wp-pid=\"7232\" srcset=\"https:\/\/lesmarret.marret.co\/wp-content\/uploads\/2017\/07\/1923-05-La_Renaissance_de_lart_fran\u00e7ais-p352-1a_wp-681x1024.jpg 681w, https:\/\/lesmarret.marret.co\/wp-content\/uploads\/2017\/07\/1923-05-La_Renaissance_de_lart_fran\u00e7ais-p352-1a_wp-199x300.jpg 199w, https:\/\/lesmarret.marret.co\/wp-content\/uploads\/2017\/07\/1923-05-La_Renaissance_de_lart_fran\u00e7ais-p352-1a_wp-768x1155.jpg 768w, https:\/\/lesmarret.marret.co\/wp-content\/uploads\/2017\/07\/1923-05-La_Renaissance_de_lart_fran\u00e7ais-p352-1a_wp-399x600.jpg 399w, https:\/\/lesmarret.marret.co\/wp-content\/uploads\/2017\/07\/1923-05-La_Renaissance_de_lart_fran\u00e7ais-p352-1a_wp.jpg 785w\" sizes=\"auto, (max-width: 435px) 100vw, 435px\" \/><\/a>mais ses \u00e9tats de service sont d\u00e9j\u00e0 anciens dans la corporation. Il y avait vingt-quatre ans qu&rsquo;il avait achet\u00e9 au Marais la maison d&rsquo;orf\u00e8vrerie Jules Piot et treize ans qu&rsquo;il avait install\u00e9 ses ateliers, rue d&rsquo;Argenson, lorsqu&rsquo;il vint s&rsquo;installer \u00e0 ce magasin du 4 de la rue de la Paix, dont Louis S\u00fce et Andr\u00e9 Mare ont fait un mod\u00e8le d&rsquo;installation moderne.<\/p>\n<p>Le damas de soie au bleu discret s&rsquo;y harmonise au ton sombre des meubles en loupe de noyer, o\u00f9 s&rsquo;abritent les parures et les bijoux. Des arcades engag\u00e9es dans les murs forment vitrines. Tables et si\u00e8ges ob\u00e9issent \u00e0 des lignes d&rsquo;une originalit\u00e9 de bon aloi. C&rsquo;est le cadre qui convenait \u00e0 une des firmes qui s&rsquo;est engag\u00e9e le plus heureusement dans la voie du renouvellement des mat\u00e9riaux et des mod\u00e8les, aussi bien dans l&rsquo;orf\u00e8vrerie que dans la bijouterie.<\/p>\n<p><a href=\"https:\/\/lesmarret.marret.co\/wp-content\/uploads\/2017\/07\/1923-05-La_Renaissance_de_lart_fran\u00e7ais-p352-2a_wp.jpg\"><img loading=\"lazy\" decoding=\"async\" width=\"886\" height=\"392\" class=\"alignnone size-full wp-image-7233\" alt=\"\" src=\"https:\/\/lesmarret.marret.co\/wp-content\/uploads\/2017\/07\/1923-05-La_Renaissance_de_lart_fran\u00e7ais-p352-2a_wp.jpg\" data-wp-pid=\"7233\" srcset=\"https:\/\/lesmarret.marret.co\/wp-content\/uploads\/2017\/07\/1923-05-La_Renaissance_de_lart_fran\u00e7ais-p352-2a_wp.jpg 886w, https:\/\/lesmarret.marret.co\/wp-content\/uploads\/2017\/07\/1923-05-La_Renaissance_de_lart_fran\u00e7ais-p352-2a_wp-300x133.jpg 300w, https:\/\/lesmarret.marret.co\/wp-content\/uploads\/2017\/07\/1923-05-La_Renaissance_de_lart_fran\u00e7ais-p352-2a_wp-768x340.jpg 768w, https:\/\/lesmarret.marret.co\/wp-content\/uploads\/2017\/07\/1923-05-La_Renaissance_de_lart_fran\u00e7ais-p352-2a_wp-800x354.jpg 800w, https:\/\/lesmarret.marret.co\/wp-content\/uploads\/2017\/07\/1923-05-La_Renaissance_de_lart_fran\u00e7ais-p352-2a_wp-600x265.jpg 600w\" sizes=\"auto, (max-width: 886px) 100vw, 886px\" \/><\/a><\/p>\n<p><a href=\"https:\/\/lesmarret.marret.co\/wp-content\/uploads\/2017\/07\/1923-05-La_Renaissance_de_lart_fran\u00e7ais-p353a-1_wp.jpg\"><img loading=\"lazy\" decoding=\"async\" width=\"500\" height=\"601\" class=\"wp-image-7235 alignright\" alt=\"\" src=\"https:\/\/lesmarret.marret.co\/wp-content\/uploads\/2017\/07\/1923-05-La_Renaissance_de_lart_fran\u00e7ais-p353a-1_wp-852x1024.jpg\" data-wp-pid=\"7235\" srcset=\"https:\/\/lesmarret.marret.co\/wp-content\/uploads\/2017\/07\/1923-05-La_Renaissance_de_lart_fran\u00e7ais-p353a-1_wp-852x1024.jpg 852w, https:\/\/lesmarret.marret.co\/wp-content\/uploads\/2017\/07\/1923-05-La_Renaissance_de_lart_fran\u00e7ais-p353a-1_wp-250x300.jpg 250w, https:\/\/lesmarret.marret.co\/wp-content\/uploads\/2017\/07\/1923-05-La_Renaissance_de_lart_fran\u00e7ais-p353a-1_wp-768x923.jpg 768w, https:\/\/lesmarret.marret.co\/wp-content\/uploads\/2017\/07\/1923-05-La_Renaissance_de_lart_fran\u00e7ais-p353a-1_wp-800x961.jpg 800w, https:\/\/lesmarret.marret.co\/wp-content\/uploads\/2017\/07\/1923-05-La_Renaissance_de_lart_fran\u00e7ais-p353a-1_wp-499x600.jpg 499w, https:\/\/lesmarret.marret.co\/wp-content\/uploads\/2017\/07\/1923-05-La_Renaissance_de_lart_fran\u00e7ais-p353a-1_wp.jpg 983w\" sizes=\"auto, (max-width: 500px) 100vw, 500px\" \/><\/a>Elles sont rares les maisons qui, dans ces vingt derni\u00e8res ann\u00e9es ont eu le courage, \u2014 certains diraient la t\u00e9m\u00e9rit\u00e9 \u2014 de faire violence aux pr\u00e9f\u00e9rences du public, depuis si longtemps attach\u00e9 aux formes du pass\u00e9. On peut les compter sur les doigts de la main Robert Linzeler a apport\u00e9, dans cette t\u00e2che si difficile de r\u00e9novation, un go\u00fbt tr\u00e8s s\u00fbr, une parfaite connaissance du m\u00e9tier, un esprit de recherche qui lui fait adopter sans cesse de nouveaux mat\u00e9riaux pour rajeunir l&rsquo;\u00e9crin du joaillier et donner \u00e0 ces mille bibelots pr\u00e9cieux, o\u00f9 triomphe le go\u00fbt parisien, un cachet d&rsquo;originalit\u00e9 et de pr\u00e9ciosit\u00e9.<\/p>\n<p><a href=\"https:\/\/lesmarret.marret.co\/wp-content\/uploads\/2017\/07\/1923-05-La_Renaissance_de_lart_fran\u00e7ais-p353-2a_wp.jpg\"><img loading=\"lazy\" decoding=\"async\" width=\"221\" height=\"191\" class=\"wp-image-7234 alignleft\" alt=\"\" src=\"https:\/\/lesmarret.marret.co\/wp-content\/uploads\/2017\/07\/1923-05-La_Renaissance_de_lart_fran\u00e7ais-p353-2a_wp.jpg\" data-wp-pid=\"7234\" srcset=\"https:\/\/lesmarret.marret.co\/wp-content\/uploads\/2017\/07\/1923-05-La_Renaissance_de_lart_fran\u00e7ais-p353-2a_wp.jpg 886w, https:\/\/lesmarret.marret.co\/wp-content\/uploads\/2017\/07\/1923-05-La_Renaissance_de_lart_fran\u00e7ais-p353-2a_wp-300x260.jpg 300w, https:\/\/lesmarret.marret.co\/wp-content\/uploads\/2017\/07\/1923-05-La_Renaissance_de_lart_fran\u00e7ais-p353-2a_wp-768x666.jpg 768w, https:\/\/lesmarret.marret.co\/wp-content\/uploads\/2017\/07\/1923-05-La_Renaissance_de_lart_fran\u00e7ais-p353-2a_wp-800x693.jpg 800w, https:\/\/lesmarret.marret.co\/wp-content\/uploads\/2017\/07\/1923-05-La_Renaissance_de_lart_fran\u00e7ais-p353-2a_wp-600x520.jpg 600w\" sizes=\"auto, (max-width: 221px) 100vw, 221px\" \/><\/a>Le nom de Linzeler est d&rsquo;ailleurs estim\u00e9 depuis longtemps dans la corporation. Il remonte dans <em>l&rsquo;Azur<\/em> \u00e0 1833, et la maison du boulevard de la Madeleine fond\u00e9e par Eug\u00e8ne Linzeler, grand-p\u00e8re de Robert porte encore la firme familiale. C&rsquo;est une belle conception du devoir que de rester fid\u00e8le aux traditions de ses p\u00e8res et tout en leur rendant pleine justice, de faire autrement qu&rsquo;\u00e0 leur \u00e9poque.<\/p>\n<p><a href=\"https:\/\/lesmarret.marret.co\/wp-content\/uploads\/2017\/07\/1923-05-La_Renaissance_de_lart_fran\u00e7ais-p352b.jpg\"><img loading=\"lazy\" decoding=\"async\" width=\"133\" height=\"54\" class=\"wp-image-7250 aligncenter\" alt=\"\" src=\"https:\/\/lesmarret.marret.co\/wp-content\/uploads\/2017\/07\/1923-05-La_Renaissance_de_lart_fran\u00e7ais-p352b.jpg\" data-wp-pid=\"7250\"><\/a><\/p>\n","protected":false},"excerpt":{"rendered":"<p>Robert LINZELER est un nouveau venu dans la rue de la Paix, mais ses \u00e9tats de service sont d\u00e9j\u00e0 anciens dans la corporation. Il y avait vingt-quatre ans qu&rsquo;il avait achet\u00e9 au Marais la maison d&rsquo;orf\u00e8vrerie Jules Piot et treize &hellip; <a href=\"https:\/\/lesmarret.marret.co\/index.php\/les-marret-bijoutiers\/les-linzeler\/robert-linzeler\/robert-linzeler-renaissance-de-lart-francais-mai-1923\/\">Continuer la lecture <span class=\"meta-nav\">&rarr;<\/span><\/a><\/p>\n","protected":false},"author":1,"featured_media":0,"parent":7257,"menu_order":0,"comment_status":"closed","ping_status":"closed","template":"","meta":{"_monsterinsights_skip_tracking":false,"_monsterinsights_sitenote_active":false,"_monsterinsights_sitenote_note":"","_monsterinsights_sitenote_category":0,"ngg_post_thumbnail":0,"footnotes":""},"class_list":["post-7248","page","type-page","status-publish","hentry"],"aioseo_notices":[],"_links":{"self":[{"href":"https:\/\/lesmarret.marret.co\/index.php\/wp-json\/wp\/v2\/pages\/7248","targetHints":{"allow":["GET"]}}],"collection":[{"href":"https:\/\/lesmarret.marret.co\/index.php\/wp-json\/wp\/v2\/pages"}],"about":[{"href":"https:\/\/lesmarret.marret.co\/index.php\/wp-json\/wp\/v2\/types\/page"}],"author":[{"embeddable":true,"href":"https:\/\/lesmarret.marret.co\/index.php\/wp-json\/wp\/v2\/users\/1"}],"replies":[{"embeddable":true,"href":"https:\/\/lesmarret.marret.co\/index.php\/wp-json\/wp\/v2\/comments?post=7248"}],"version-history":[{"count":0,"href":"https:\/\/lesmarret.marret.co\/index.php\/wp-json\/wp\/v2\/pages\/7248\/revisions"}],"up":[{"embeddable":true,"href":"https:\/\/lesmarret.marret.co\/index.php\/wp-json\/wp\/v2\/pages\/7257"}],"wp:attachment":[{"href":"https:\/\/lesmarret.marret.co\/index.php\/wp-json\/wp\/v2\/media?parent=7248"}],"curies":[{"name":"wp","href":"https:\/\/api.w.org\/{rel}","templated":true}]}}

Robert Linzeler (Renaissance de l&rsquo;art français, mai 1923)

<p>Robert LINZELER est un nouveau venu dans la rue de la Paix, <a href="https://lesmarret.marret.co/wp-content/uploads/2017/07/1923-05-La_Renaissance_de_lart_français-p352-1a_wp.jpg"><img loading="lazy" decoding="async" width="435" height="654" class="wp-image-7232 alignright" alt="" src="https://lesmarret.marret.co/wp-content/uploads/2017/07/1923-05-La_Renaissance_de_lart_français-p352-1a_wp-681x1024.jpg" data-wp-pid="7232" srcset="https://lesmarret.marret.co/wp-content/uploads/2017/07/1923-05-La_Renaissance_de_lart_français-p352-1a_wp-681x1024.jpg 681w, https://lesmarret.marret.co/wp-content/uploads/2017/07/1923-05-La_Renaissance_de_lart_français-p352-1a_wp-199x300.jpg 199w, https://lesmarret.marret.co/wp-content/uploads/2017/07/1923-05-La_Renaissance_de_lart_français-p352-1a_wp-768x1155.jpg 768w, https://lesmarret.marret.co/wp-content/uploads/2017/07/1923-05-La_Renaissance_de_lart_français-p352-1a_wp-399x600.jpg 399w, https://lesmarret.marret.co/wp-content/uploads/2017/07/1923-05-La_Renaissance_de_lart_français-p352-1a_wp.jpg 785w" sizes="auto, (max-width: 435px) 100vw, 435px" /></a>mais ses états de service sont déjà anciens dans la corporation. Il y avait vingt-quatre ans qu&rsquo;il avait acheté au Marais la maison d&rsquo;orfèvrerie Jules Piot et treize ans qu&rsquo;il avait installé ses ateliers, rue d&rsquo;Argenson, lorsqu&rsquo;il vint s&rsquo;installer à ce magasin du 4 de la rue de la Paix, dont Louis Süe et André Mare ont fait un modèle d&rsquo;installation moderne.</p>
<p>Le damas de soie au bleu discret s&rsquo;y harmonise au ton sombre des meubles en loupe de noyer, où s&rsquo;abritent les parures et les bijoux. Des arcades engagées dans les murs forment vitrines. Tables et sièges obéissent à des lignes d&rsquo;une originalité de bon aloi. C&rsquo;est le cadre qui convenait à une des firmes qui s&rsquo;est engagée le plus heureusement dans la voie du renouvellement des matériaux et des modèles, aussi bien dans l&rsquo;orfèvrerie que dans la bijouterie.</p>
<p><a href="https://lesmarret.marret.co/wp-content/uploads/2017/07/1923-05-La_Renaissance_de_lart_français-p352-2a_wp.jpg"><img loading="lazy" decoding="async" width="886" height="392" class="alignnone size-full wp-image-7233" alt="" src="https://lesmarret.marret.co/wp-content/uploads/2017/07/1923-05-La_Renaissance_de_lart_français-p352-2a_wp.jpg" data-wp-pid="7233" srcset="https://lesmarret.marret.co/wp-content/uploads/2017/07/1923-05-La_Renaissance_de_lart_français-p352-2a_wp.jpg 886w, https://lesmarret.marret.co/wp-content/uploads/2017/07/1923-05-La_Renaissance_de_lart_français-p352-2a_wp-300x133.jpg 300w, https://lesmarret.marret.co/wp-content/uploads/2017/07/1923-05-La_Renaissance_de_lart_français-p352-2a_wp-768x340.jpg 768w, https://lesmarret.marret.co/wp-content/uploads/2017/07/1923-05-La_Renaissance_de_lart_français-p352-2a_wp-800x354.jpg 800w, https://lesmarret.marret.co/wp-content/uploads/2017/07/1923-05-La_Renaissance_de_lart_français-p352-2a_wp-600x265.jpg 600w" sizes="auto, (max-width: 886px) 100vw, 886px" /></a></p>
<p><a href="https://lesmarret.marret.co/wp-content/uploads/2017/07/1923-05-La_Renaissance_de_lart_français-p353a-1_wp.jpg"><img loading="lazy" decoding="async" width="500" height="601" class="wp-image-7235 alignright" alt="" src="https://lesmarret.marret.co/wp-content/uploads/2017/07/1923-05-La_Renaissance_de_lart_français-p353a-1_wp-852x1024.jpg" data-wp-pid="7235" srcset="https://lesmarret.marret.co/wp-content/uploads/2017/07/1923-05-La_Renaissance_de_lart_français-p353a-1_wp-852x1024.jpg 852w, https://lesmarret.marret.co/wp-content/uploads/2017/07/1923-05-La_Renaissance_de_lart_français-p353a-1_wp-250x300.jpg 250w, https://lesmarret.marret.co/wp-content/uploads/2017/07/1923-05-La_Renaissance_de_lart_français-p353a-1_wp-768x923.jpg 768w, https://lesmarret.marret.co/wp-content/uploads/2017/07/1923-05-La_Renaissance_de_lart_français-p353a-1_wp-800x961.jpg 800w, https://lesmarret.marret.co/wp-content/uploads/2017/07/1923-05-La_Renaissance_de_lart_français-p353a-1_wp-499x600.jpg 499w, https://lesmarret.marret.co/wp-content/uploads/2017/07/1923-05-La_Renaissance_de_lart_français-p353a-1_wp.jpg 983w" sizes="auto, (max-width: 500px) 100vw, 500px" /></a>Elles sont rares les maisons qui, dans ces vingt dernières années ont eu le courage, — certains diraient la témérité — de faire violence aux préférences du public, depuis si longtemps attaché aux formes du passé. On peut les compter sur les doigts de la main Robert Linzeler a apporté, dans cette tâche si difficile de rénovation, un goût très sûr, une parfaite connaissance du métier, un esprit de recherche qui lui fait adopter sans cesse de nouveaux matériaux pour rajeunir l&rsquo;écrin du joaillier et donner à ces mille bibelots précieux, où triomphe le goût parisien, un cachet d&rsquo;originalité et de préciosité.</p>
<p><a href="https://lesmarret.marret.co/wp-content/uploads/2017/07/1923-05-La_Renaissance_de_lart_français-p353-2a_wp.jpg"><img loading="lazy" decoding="async" width="221" height="191" class="wp-image-7234 alignleft" alt="" src="https://lesmarret.marret.co/wp-content/uploads/2017/07/1923-05-La_Renaissance_de_lart_français-p353-2a_wp.jpg" data-wp-pid="7234" srcset="https://lesmarret.marret.co/wp-content/uploads/2017/07/1923-05-La_Renaissance_de_lart_français-p353-2a_wp.jpg 886w, https://lesmarret.marret.co/wp-content/uploads/2017/07/1923-05-La_Renaissance_de_lart_français-p353-2a_wp-300x260.jpg 300w, https://lesmarret.marret.co/wp-content/uploads/2017/07/1923-05-La_Renaissance_de_lart_français-p353-2a_wp-768x666.jpg 768w, https://lesmarret.marret.co/wp-content/uploads/2017/07/1923-05-La_Renaissance_de_lart_français-p353-2a_wp-800x693.jpg 800w, https://lesmarret.marret.co/wp-content/uploads/2017/07/1923-05-La_Renaissance_de_lart_français-p353-2a_wp-600x520.jpg 600w" sizes="auto, (max-width: 221px) 100vw, 221px" /></a>Le nom de Linzeler est d&rsquo;ailleurs estimé depuis longtemps dans la corporation. Il remonte dans <em>l&rsquo;Azur</em> à 1833, et la maison du boulevard de la Madeleine fondée par Eugène Linzeler, grand-père de Robert porte encore la firme familiale. C&rsquo;est une belle conception du devoir que de rester fidèle aux traditions de ses pères et tout en leur rendant pleine justice, de faire autrement qu&rsquo;à leur époque.</p>
<p><a href="https://lesmarret.marret.co/wp-content/uploads/2017/07/1923-05-La_Renaissance_de_lart_français-p352b.jpg"><img loading="lazy" decoding="async" width="133" height="54" class="wp-image-7250 aligncenter" alt="" src="https://lesmarret.marret.co/wp-content/uploads/2017/07/1923-05-La_Renaissance_de_lart_français-p352b.jpg" data-wp-pid="7250"></a></p>

<p>Robert LINZELER est un nouveau venu dans la rue de la Paix, mais ses états de service sont déjà anciens dans la corporation. Il y avait vingt-quatre ans qu&rsquo;il avait acheté au Marais la maison d&rsquo;orfèvrerie Jules Piot et treize &hellip; <a href="https://lesmarret.marret.co/index.php/les-marret-bijoutiers/les-linzeler/robert-linzeler/robert-linzeler-renaissance-de-lart-francais-mai-1923/">Continuer la lecture <span class="meta-nav">&rarr;</span></a></p>
